{"id":989,"date":"2023-05-09T10:40:52","date_gmt":"2023-05-09T08:40:52","guid":{"rendered":"https:\/\/berninabrussels.be\/?post_type=product&#038;p=989"},"modified":"2023-05-09T10:43:11","modified_gmt":"2023-05-09T08:43:11","slug":"pied-chainette-transparent","status":"publish","type":"product","link":"https:\/\/berninabrussels.be\/?product=pied-chainette-transparent","title":{"rendered":"Pied cha\u00eenette transparent"},"content":{"rendered":"<h3>Pied cha\u00eenette transparent<\/h3>\n<div>Le pied pour points de cha\u00eenette permet de coudre des morceaux de tissus individuellement en utilisant un point de cha\u00eenette tr\u00e8s raffin\u00e9. L&rsquo;aiguille pique pour cela \u00e0 droite et \u00e0 gauche de la ligne pr\u00e9vue en formant une boucle. Une fois achev\u00e9e, la couture ressemble \u00e0 une cha\u00eene.<\/div>\n<div><\/div>\n<div>Le pied-de-biche glisse avec pr\u00e9caution sur la couture obtenue et offre ainsi une visibilit\u00e9 optimale sur la zone de travail. Le tissu peut \u00eatre orient\u00e9 avec pr\u00e9cision et son avancement n&rsquo;est pas entrav\u00e9. C&rsquo;est tellement simple que travailler ainsi est un vrai plaisir ! Le point de cha\u00eenette n&rsquo;a pas uniquement un effet tr\u00e8s d\u00e9coratif, il est aussi particuli\u00e8rement \u00e9lastique, garantissant une longue dur\u00e9e de vie \u00e0 la couture.<\/div>\n<div><\/div>\n<div>C&rsquo;est aussi un magnifique \u00e9l\u00e9ment d\u00e9coratif qui ne manquera pas d&rsquo;attirer l&rsquo;\u0153il! Profitez vous aussi des atouts de ce pied pour points de cha\u00eenette tr\u00e8s pratique, et d\u00e9corez vos dessus de lit et vos housses de coussin de magnifiques ornements!<\/div>\n<div><\/div>\n<div>Utilisez le pied transparent pour une meilleure visibilit\u00e9 lors de la fixation des rubans et des dentelles, ou pour guider lors de coutures d\u00e9coratives.<\/div>\n<div><\/div>\n<div>Ce pied permet tous les points que vous faites avec le pied standard.<\/div>\n<div><\/div>\n<div>Avec le pied transparent pour point de recouvrement, vous pouvez voir votre tissu et la ligne trac\u00e9e sous le pied pendant que vous cousez.<\/div>\n","protected":false},"excerpt":{"rendered":"<p>Pied cha\u00eenette transparent Le pied pour points de cha\u00eenette permet de coudre des morceaux de tissus individuellement en utilisant un point de cha\u00eenette tr\u00e8s raffin\u00e9. L&rsquo;aiguille pique pour cela \u00e0 droite et \u00e0 gauche de la ligne pr\u00e9vue en formant une boucle. Une fois achev\u00e9e, la couture ressemble \u00e0 une cha\u00eene. Le pied-de-biche glisse avec&hellip;<\/p>\n","protected":false},"featured_media":990,"comment_status":"open","ping_status":"closed","template":"","meta":{"om_disable_all_campaigns":false,"_monsterinsights_skip_tracking":false,"_monsterinsights_sitenote_active":false,"_monsterinsights_sitenote_note":"","_monsterinsights_sitenote_category":0,"_uf_show_specific_survey":0,"_uf_disable_surveys":false},"product_brand":[],"product_cat":[42,44,240,192],"product_tag":[124],"giftcard-category":[],"class_list":{"0":"post-989","1":"product","2":"type-product","3":"status-publish","4":"has-post-thumbnail","6":"product_cat-accesoires","7":"product_cat-machine-a-coudre","8":"product_cat-pieds-presseurs","9":"product_cat-autres","10":"product_tag-bernette","12":"first","13":"instock","14":"sale","15":"shipping-taxable","16":"purchasable","17":"product-type-simple"},"aioseo_notices":[],"jetpack_sharing_enabled":true,"_links":{"self":[{"href":"https:\/\/berninabrussels.be\/index.php?rest_route=\/wp\/v2\/product\/989","targetHints":{"allow":["GET"]}}],"collection":[{"href":"https:\/\/berninabrussels.be\/index.php?rest_route=\/wp\/v2\/product"}],"about":[{"href":"https:\/\/berninabrussels.be\/index.php?rest_route=\/wp\/v2\/types\/product"}],"replies":[{"embeddable":true,"href":"https:\/\/berninabrussels.be\/index.php?rest_route=%2Fwp%2Fv2%2Fcomments&post=989"}],"wp:featuredmedia":[{"embeddable":true,"href":"https:\/\/berninabrussels.be\/index.php?rest_route=\/wp\/v2\/media\/990"}],"wp:attachment":[{"href":"https:\/\/berninabrussels.be\/index.php?rest_route=%2Fwp%2Fv2%2Fmedia&parent=989"}],"wp:term":[{"taxonomy":"product_brand","embeddable":true,"href":"https:\/\/berninabrussels.be\/index.php?rest_route=%2Fwp%2Fv2%2Fproduct_brand&post=989"},{"taxonomy":"product_cat","embeddable":true,"href":"https:\/\/berninabrussels.be\/index.php?rest_route=%2Fwp%2Fv2%2Fproduct_cat&post=989"},{"taxonomy":"product_tag","embeddable":true,"href":"https:\/\/berninabrussels.be\/index.php?rest_route=%2Fwp%2Fv2%2Fproduct_tag&post=989"},{"taxonomy":"giftcard-category","embeddable":true,"href":"https:\/\/berninabrussels.be\/index.php?rest_route=%2Fwp%2Fv2%2Fgiftcard-category&post=989"}],"curies":[{"name":"wp","href":"https:\/\/api.w.org\/{rel}","templated":true}]}}