{"id":976,"date":"2023-05-09T10:26:27","date_gmt":"2023-05-09T08:26:27","guid":{"rendered":"https:\/\/berninabrussels.be\/?post_type=product&#038;p=976"},"modified":"2023-05-09T10:28:22","modified_gmt":"2023-05-09T08:28:22","slug":"pied-pose-dentelle-ruban","status":"publish","type":"product","link":"https:\/\/berninabrussels.be\/?product=pied-pose-dentelle-ruban","title":{"rendered":"Pied pose dentelle, ruban"},"content":{"rendered":"<h3>Pied\u00a0pose dentelle,\u00a0ruban<\/h3>\n<div>Ce pied est la solution id\u00e9ale pour coudre la dentelle et des galons sur le bord du tissu en toute simplicit\u00e9. Une autre possibilit\u00e9 consiste \u00e0 plier le tissu vers le bas et \u00e0 y coudre la dentelle \u00e0 l&rsquo;aide d&rsquo;un point de recouvrement (pour les mod\u00e8les evolution, evolve, desire)<\/div>\n<div>Ce pied est utilis\u00e9 pour poser la dentelle ou les bordures ensemble ou sur un ouvrage.<\/div>\n<div><\/div>\n","protected":false},"excerpt":{"rendered":"<p>Pied\u00a0pose dentelle,\u00a0ruban Ce pied est la solution id\u00e9ale pour coudre la dentelle et des galons sur le bord du tissu en toute simplicit\u00e9. Une autre possibilit\u00e9 consiste \u00e0 plier le tissu vers le bas et \u00e0 y coudre la dentelle \u00e0 l&rsquo;aide d&rsquo;un point de recouvrement (pour les mod\u00e8les evolution, evolve, desire) Ce pied est&hellip;<\/p>\n","protected":false},"featured_media":978,"comment_status":"open","ping_status":"closed","template":"","meta":{"om_disable_all_campaigns":false,"_monsterinsights_skip_tracking":false,"_monsterinsights_sitenote_active":false,"_monsterinsights_sitenote_note":"","_monsterinsights_sitenote_category":0,"_uf_show_specific_survey":0,"_uf_disable_surveys":false},"product_brand":[],"product_cat":[42,44,240,192],"product_tag":[124],"giftcard-category":[],"class_list":{"0":"post-976","1":"product","2":"type-product","3":"status-publish","4":"has-post-thumbnail","6":"product_cat-accesoires","7":"product_cat-machine-a-coudre","8":"product_cat-pieds-presseurs","9":"product_cat-autres","10":"product_tag-bernette","12":"first","13":"instock","14":"sale","15":"shipping-taxable","16":"purchasable","17":"product-type-simple"},"aioseo_notices":[],"jetpack_sharing_enabled":true,"_links":{"self":[{"href":"https:\/\/berninabrussels.be\/index.php?rest_route=\/wp\/v2\/product\/976","targetHints":{"allow":["GET"]}}],"collection":[{"href":"https:\/\/berninabrussels.be\/index.php?rest_route=\/wp\/v2\/product"}],"about":[{"href":"https:\/\/berninabrussels.be\/index.php?rest_route=\/wp\/v2\/types\/product"}],"replies":[{"embeddable":true,"href":"https:\/\/berninabrussels.be\/index.php?rest_route=%2Fwp%2Fv2%2Fcomments&post=976"}],"wp:featuredmedia":[{"embeddable":true,"href":"https:\/\/berninabrussels.be\/index.php?rest_route=\/wp\/v2\/media\/978"}],"wp:attachment":[{"href":"https:\/\/berninabrussels.be\/index.php?rest_route=%2Fwp%2Fv2%2Fmedia&parent=976"}],"wp:term":[{"taxonomy":"product_brand","embeddable":true,"href":"https:\/\/berninabrussels.be\/index.php?rest_route=%2Fwp%2Fv2%2Fproduct_brand&post=976"},{"taxonomy":"product_cat","embeddable":true,"href":"https:\/\/berninabrussels.be\/index.php?rest_route=%2Fwp%2Fv2%2Fproduct_cat&post=976"},{"taxonomy":"product_tag","embeddable":true,"href":"https:\/\/berninabrussels.be\/index.php?rest_route=%2Fwp%2Fv2%2Fproduct_tag&post=976"},{"taxonomy":"giftcard-category","embeddable":true,"href":"https:\/\/berninabrussels.be\/index.php?rest_route=%2Fwp%2Fv2%2Fgiftcard-category&post=976"}],"curies":[{"name":"wp","href":"https:\/\/api.w.org\/{rel}","templated":true}]}}