{"id":967,"date":"2023-05-09T10:15:17","date_gmt":"2023-05-09T08:15:17","guid":{"rendered":"https:\/\/berninabrussels.be\/?post_type=product&#038;p=967"},"modified":"2023-05-09T10:17:19","modified_gmt":"2023-05-09T08:17:19","slug":"pied-elastique","status":"publish","type":"product","link":"https:\/\/berninabrussels.be\/?product=pied-elastique","title":{"rendered":"Pied \u00e9lastique"},"content":{"rendered":"<p>Pied \u00e9lastique<\/p>\n<p>Le pied pour \u00e9lastique permet de coudre des bandes \u00e9lastiques de diff\u00e9rentes largeurs et avec une extension homog\u00e8ne. De plus, ce pied dispose d&rsquo;une entr\u00e9e sp\u00e9ciale, \u00e0 l&rsquo;aide de laquelle on peut travailler sans probl\u00e8me un serger crois\u00e9 ou un fil de p\u00eache comme stabilisateur de couture.<\/p>\n<div>Le pied pour la couture d&rsquo;\u00e9lastique est un outil pratique pour r\u00e9aliser des ouvrages de couture int\u00e9grant des \u00e9lastiques. Vous pouvez utiliser des \u00e9lastiques d&rsquo;une largeur de 5 \u00e0 12 mm. La roulette sp\u00e9ciale du pied pour la couture d&rsquo;\u00e9lastique permet d&rsquo;\u00e9tirer l&rsquo;\u00e9lastique de fa\u00e7on homog\u00e8ne.<\/div>\n<div><\/div>\n<div>Une fois \u00e9tir\u00e9, l&rsquo;\u00e9lastique est cousu tel quel. La vis de r\u00e9glage int\u00e9gr\u00e9e permet de r\u00e9gler l&rsquo;intensit\u00e9 de l&rsquo;\u00e9tirement en continu. Le guide incorpor\u00e9 garantit un avancement du tissu pr\u00e9cis, sans que le tissu ne fronce. Vous pourrez ainsi piquer avec pr\u00e9cision les \u00e9lastiques sur vos textiles d&rsquo;int\u00e9rieur, vos v\u00eatements de bain ou de sport. Le pied pour la couture d&rsquo;\u00e9lastique est aussi l&rsquo;outil id\u00e9al pour coudre de la lingerie avec un r\u00e9sultat professionnel.<\/div>\n","protected":false},"excerpt":{"rendered":"<p>Pied \u00e9lastique Le pied pour \u00e9lastique permet de coudre des bandes \u00e9lastiques de diff\u00e9rentes largeurs et avec une extension homog\u00e8ne. De plus, ce pied dispose d&rsquo;une entr\u00e9e sp\u00e9ciale, \u00e0 l&rsquo;aide de laquelle on peut travailler sans probl\u00e8me un serger crois\u00e9 ou un fil de p\u00eache comme stabilisateur de couture. Le pied pour la couture d&rsquo;\u00e9lastique&hellip;<\/p>\n","protected":false},"featured_media":968,"comment_status":"open","ping_status":"closed","template":"","meta":{"om_disable_all_campaigns":false,"_monsterinsights_skip_tracking":false,"_monsterinsights_sitenote_active":false,"_monsterinsights_sitenote_note":"","_monsterinsights_sitenote_category":0,"_uf_show_specific_survey":0,"_uf_disable_surveys":false},"product_brand":[],"product_cat":[42,44,240,192],"product_tag":[124],"giftcard-category":[],"class_list":{"0":"post-967","1":"product","2":"type-product","3":"status-publish","4":"has-post-thumbnail","6":"product_cat-accesoires","7":"product_cat-machine-a-coudre","8":"product_cat-pieds-presseurs","9":"product_cat-autres","10":"product_tag-bernette","12":"first","13":"instock","14":"sale","15":"shipping-taxable","16":"purchasable","17":"product-type-simple"},"aioseo_notices":[],"jetpack_sharing_enabled":true,"_links":{"self":[{"href":"https:\/\/berninabrussels.be\/index.php?rest_route=\/wp\/v2\/product\/967","targetHints":{"allow":["GET"]}}],"collection":[{"href":"https:\/\/berninabrussels.be\/index.php?rest_route=\/wp\/v2\/product"}],"about":[{"href":"https:\/\/berninabrussels.be\/index.php?rest_route=\/wp\/v2\/types\/product"}],"replies":[{"embeddable":true,"href":"https:\/\/berninabrussels.be\/index.php?rest_route=%2Fwp%2Fv2%2Fcomments&post=967"}],"wp:featuredmedia":[{"embeddable":true,"href":"https:\/\/berninabrussels.be\/index.php?rest_route=\/wp\/v2\/media\/968"}],"wp:attachment":[{"href":"https:\/\/berninabrussels.be\/index.php?rest_route=%2Fwp%2Fv2%2Fmedia&parent=967"}],"wp:term":[{"taxonomy":"product_brand","embeddable":true,"href":"https:\/\/berninabrussels.be\/index.php?rest_route=%2Fwp%2Fv2%2Fproduct_brand&post=967"},{"taxonomy":"product_cat","embeddable":true,"href":"https:\/\/berninabrussels.be\/index.php?rest_route=%2Fwp%2Fv2%2Fproduct_cat&post=967"},{"taxonomy":"product_tag","embeddable":true,"href":"https:\/\/berninabrussels.be\/index.php?rest_route=%2Fwp%2Fv2%2Fproduct_tag&post=967"},{"taxonomy":"giftcard-category","embeddable":true,"href":"https:\/\/berninabrussels.be\/index.php?rest_route=%2Fwp%2Fv2%2Fgiftcard-category&post=967"}],"curies":[{"name":"wp","href":"https:\/\/api.w.org\/{rel}","templated":true}]}}