{"id":859,"date":"2023-05-08T18:55:50","date_gmt":"2023-05-08T16:55:50","guid":{"rendered":"https:\/\/berninabrussels.be\/?post_type=product&#038;p=859"},"modified":"2025-05-26T10:11:36","modified_gmt":"2025-05-26T08:11:36","slug":"machine-a-coudre-jack-h2-double-entrainement","status":"publish","type":"product","link":"https:\/\/berninabrussels.be\/?product=machine-a-coudre-jack-h2-double-entrainement","title":{"rendered":"MACHINE A COUDRE JACK H2 &#8211; Double entrainement"},"content":{"rendered":"<p>Machine \u00e0 coudre double entra\u00eenement \u00e0 point nou\u00e9 \u00e0 1 aiguille pour les travaux de couture lourds tels que les sacs, les gants, les tissus d&rsquo;ameublement, etc.<br \/>\nMoteur int\u00e9gr\u00e9 \u00e0 \u00e9conomie d&rsquo;\u00e9nergie de 750W (entra\u00eenement direct) pour un fonctionnement silencieux et sans \u00e0-coups. Tous les param\u00e8tres de couture peuvent \u00eatre programm\u00e9s clairement sur le panneau de commande.<\/p>\n","protected":false},"excerpt":{"rendered":"<p>Machine \u00e0 coudre double entra\u00eenement \u00e0 point nou\u00e9 \u00e0 1 aiguille pour les travaux de couture lourds tels que les sacs, les gants, les tissus d&rsquo;ameublement, etc. Moteur int\u00e9gr\u00e9 \u00e0 \u00e9conomie d&rsquo;\u00e9nergie de 750W (entra\u00eenement direct) pour un fonctionnement silencieux et sans \u00e0-coups. Tous les param\u00e8tres de couture peuvent \u00eatre programm\u00e9s clairement sur le panneau&hellip;<\/p>\n","protected":false},"featured_media":874,"comment_status":"open","ping_status":"closed","template":"","meta":{"om_disable_all_campaigns":false,"_monsterinsights_skip_tracking":false,"_monsterinsights_sitenote_active":false,"_monsterinsights_sitenote_note":"","_monsterinsights_sitenote_category":0,"_uf_show_specific_survey":0,"_uf_disable_surveys":false},"product_brand":[],"product_cat":[29,32,67],"product_tag":[],"giftcard-category":[],"class_list":{"0":"post-859","1":"product","2":"type-product","3":"status-publish","4":"has-post-thumbnail","6":"product_cat-machines","7":"product_cat-machines-professionnelles","8":"product_cat-piqueuse-industrielle","10":"first","11":"instock","12":"shipping-taxable","13":"purchasable","14":"product-type-simple"},"aioseo_notices":[],"jetpack_sharing_enabled":true,"_links":{"self":[{"href":"https:\/\/berninabrussels.be\/index.php?rest_route=\/wp\/v2\/product\/859","targetHints":{"allow":["GET"]}}],"collection":[{"href":"https:\/\/berninabrussels.be\/index.php?rest_route=\/wp\/v2\/product"}],"about":[{"href":"https:\/\/berninabrussels.be\/index.php?rest_route=\/wp\/v2\/types\/product"}],"replies":[{"embeddable":true,"href":"https:\/\/berninabrussels.be\/index.php?rest_route=%2Fwp%2Fv2%2Fcomments&post=859"}],"wp:featuredmedia":[{"embeddable":true,"href":"https:\/\/berninabrussels.be\/index.php?rest_route=\/wp\/v2\/media\/874"}],"wp:attachment":[{"href":"https:\/\/berninabrussels.be\/index.php?rest_route=%2Fwp%2Fv2%2Fmedia&parent=859"}],"wp:term":[{"taxonomy":"product_brand","embeddable":true,"href":"https:\/\/berninabrussels.be\/index.php?rest_route=%2Fwp%2Fv2%2Fproduct_brand&post=859"},{"taxonomy":"product_cat","embeddable":true,"href":"https:\/\/berninabrussels.be\/index.php?rest_route=%2Fwp%2Fv2%2Fproduct_cat&post=859"},{"taxonomy":"product_tag","embeddable":true,"href":"https:\/\/berninabrussels.be\/index.php?rest_route=%2Fwp%2Fv2%2Fproduct_tag&post=859"},{"taxonomy":"giftcard-category","embeddable":true,"href":"https:\/\/berninabrussels.be\/index.php?rest_route=%2Fwp%2Fv2%2Fgiftcard-category&post=859"}],"curies":[{"name":"wp","href":"https:\/\/api.w.org\/{rel}","templated":true}]}}