{"id":649,"date":"2023-05-08T11:45:59","date_gmt":"2023-05-08T09:45:59","guid":{"rendered":"https:\/\/berninabrussels.be\/?post_type=product&#038;p=649"},"modified":"2023-05-08T11:47:15","modified_gmt":"2023-05-08T09:47:15","slug":"cup-clip-pour-pied-ruler-96","status":"publish","type":"product","link":"https:\/\/berninabrussels.be\/?product=cup-clip-pour-pied-ruler-96","title":{"rendered":"Cup Clip pour pied Ruler 96"},"content":{"rendered":"<h3>Cup Clip Bernina<\/h3>\n<h4>Pour faciliter le quilt \u00e0 bras long<\/h4>\n<ul>\n<li><i class=\"fa fa-check fa-fw text-success\"><\/i>\u00a0Pour faciliter le quilt sur des surfaces irr\u00e9guli\u00e8res<\/li>\n<li><i class=\"fa fa-check fa-fw text-success\"><\/i>\u00a0Pour quilter sur des motifs brod\u00e9s et des appliqu\u00e9s<\/li>\n<li><i class=\"fa fa-check fa-fw text-success\"><\/i>\u00a0Id\u00e9al pour le Pantograph et le Q-matic<\/li>\n<li><i class=\"fa fa-check fa-fw text-success\"><\/i>\u00a0Compatible uniquement avec le pied Ruler #96<\/li>\n<\/ul>\n<div class=\"container\">\n<div class=\"row irow-xs cards\">\n<div class=\"col-sm-6\"><\/div>\n<div class=\"col-sm-6\">\n<p>Le Cup Clip est l&rsquo;accessoire id\u00e9al avec le pied Ruler #96 pour les ouvrages de quilt pantographe (\u00e0 mains libres ou automatique), Q-matic ou le quilting d&rsquo;appliqu\u00e9 sur la face sup\u00e9rieure d&rsquo;un quilt. Pour quilter facilement et confortablement sur des surfaces \u00e9paisses et irr\u00e9guli\u00e8res.<\/p>\n<p>Fini le risque d&rsquo;accrochage ! Le Cup Clip glisse facilement sur les morceaux de tissu suivants :<\/p>\n<ul class=\"list-marker list-dash\">\n<li>Pi\u00e8ces lat\u00e9rales b\u00e2ties sur un quilt<\/li>\n<li>Toutes les pi\u00e8ces faufil\u00e9es sur un quilt<\/li>\n<li>Coutures ouvertes<\/li>\n<li>Pi\u00e8ces appliqu\u00e9es<\/li>\n<\/ul>\n<\/div>\n<\/div>\n<\/div>\n","protected":false},"excerpt":{"rendered":"<p>Cup Clip Bernina Pour faciliter le quilt \u00e0 bras long \u00a0Pour faciliter le quilt sur des surfaces irr\u00e9guli\u00e8res \u00a0Pour quilter sur des motifs brod\u00e9s et des appliqu\u00e9s \u00a0Id\u00e9al pour le Pantograph et le Q-matic \u00a0Compatible uniquement avec le pied Ruler #96 Le Cup Clip est l&rsquo;accessoire id\u00e9al avec le pied Ruler #96 pour les ouvrages&hellip;<\/p>\n","protected":false},"featured_media":650,"comment_status":"open","ping_status":"closed","template":"","meta":{"om_disable_all_campaigns":false,"_monsterinsights_skip_tracking":false,"_monsterinsights_sitenote_active":false,"_monsterinsights_sitenote_note":"","_monsterinsights_sitenote_category":0,"_uf_show_specific_survey":0,"_uf_disable_surveys":false},"product_brand":[],"product_cat":[42,44,240,192],"product_tag":[125],"giftcard-category":[],"class_list":{"0":"post-649","1":"product","2":"type-product","3":"status-publish","4":"has-post-thumbnail","6":"product_cat-accesoires","7":"product_cat-machine-a-coudre","8":"product_cat-pieds-presseurs","9":"product_cat-autres","10":"product_tag-bernina","12":"first","13":"instock","14":"sale","15":"shipping-taxable","16":"purchasable","17":"product-type-simple"},"aioseo_notices":[],"jetpack_sharing_enabled":true,"_links":{"self":[{"href":"https:\/\/berninabrussels.be\/index.php?rest_route=\/wp\/v2\/product\/649","targetHints":{"allow":["GET"]}}],"collection":[{"href":"https:\/\/berninabrussels.be\/index.php?rest_route=\/wp\/v2\/product"}],"about":[{"href":"https:\/\/berninabrussels.be\/index.php?rest_route=\/wp\/v2\/types\/product"}],"replies":[{"embeddable":true,"href":"https:\/\/berninabrussels.be\/index.php?rest_route=%2Fwp%2Fv2%2Fcomments&post=649"}],"wp:featuredmedia":[{"embeddable":true,"href":"https:\/\/berninabrussels.be\/index.php?rest_route=\/wp\/v2\/media\/650"}],"wp:attachment":[{"href":"https:\/\/berninabrussels.be\/index.php?rest_route=%2Fwp%2Fv2%2Fmedia&parent=649"}],"wp:term":[{"taxonomy":"product_brand","embeddable":true,"href":"https:\/\/berninabrussels.be\/index.php?rest_route=%2Fwp%2Fv2%2Fproduct_brand&post=649"},{"taxonomy":"product_cat","embeddable":true,"href":"https:\/\/berninabrussels.be\/index.php?rest_route=%2Fwp%2Fv2%2Fproduct_cat&post=649"},{"taxonomy":"product_tag","embeddable":true,"href":"https:\/\/berninabrussels.be\/index.php?rest_route=%2Fwp%2Fv2%2Fproduct_tag&post=649"},{"taxonomy":"giftcard-category","embeddable":true,"href":"https:\/\/berninabrussels.be\/index.php?rest_route=%2Fwp%2Fv2%2Fgiftcard-category&post=649"}],"curies":[{"name":"wp","href":"https:\/\/api.w.org\/{rel}","templated":true}]}}