{"id":635,"date":"2023-05-08T11:20:59","date_gmt":"2023-05-08T09:20:59","guid":{"rendered":"https:\/\/berninabrussels.be\/?post_type=product&#038;p=635"},"modified":"2023-05-08T11:22:28","modified_gmt":"2023-05-08T09:22:28","slug":"pied-pour-cordon-c17","status":"publish","type":"product","link":"https:\/\/berninabrussels.be\/?product=pied-pour-cordon-c17","title":{"rendered":"Pied pour cordon C17"},"content":{"rendered":"<h3>Pied pour cordon C17 BERNINA<\/h3>\n<h4>Pour les ourlets et les coutures avec des cordons<\/h4>\n<div class=\"row irow-xs\">\n<div class=\"col-sm-6\">\n<ul>\n<li><i class=\"fa fa-check fa-fw text-success\"><\/i>\u00a0Pour piquer des cordons d&rsquo;un diam\u00e8tre maximal de 2 mm<\/li>\n<li><i class=\"fa fa-check fa-fw text-success\"><\/i>\u00a0Pour piquer des cordons, c\u00e2bles et fils fins<\/li>\n<li><i class=\"fa fa-check fa-fw text-success\"><\/i>\u00a0Les rep\u00e8res servent de guide pratique<\/li>\n<li><i class=\"fa fa-check fa-fw text-success\"><\/i>\u00a0Compatible avec la surjeteuse L 890<\/li>\n<\/ul>\n<\/div>\n<div class=\"col-sm-6\"><\/div>\n<\/div>\n","protected":false},"excerpt":{"rendered":"<p>Le pied pour cordon s&rsquo;utilise pour coudre par exemple les cordons fins, les fils m\u00e9talliques, les fils de p\u00eache, les fils perl\u00e9s ou fins dans un ourlet roul\u00e9. Id\u00e9al pour les bords renforc\u00e9s, les fronces d\u00e9coratives et les n\u0153uds pouvant \u00eatre mis en forme.<\/p>\n","protected":false},"featured_media":636,"comment_status":"open","ping_status":"closed","template":"","meta":{"om_disable_all_campaigns":false,"_monsterinsights_skip_tracking":false,"_monsterinsights_sitenote_active":false,"_monsterinsights_sitenote_note":"","_monsterinsights_sitenote_category":0,"_uf_show_specific_survey":0,"_uf_disable_surveys":false},"product_brand":[],"product_cat":[207],"product_tag":[125],"giftcard-category":[],"class_list":{"0":"post-635","1":"product","2":"type-product","3":"status-publish","4":"has-post-thumbnail","6":"product_cat-pied-cordon-cordonnet","7":"product_tag-bernina","9":"first","10":"instock","11":"sale","12":"shipping-taxable","13":"purchasable","14":"product-type-simple"},"aioseo_notices":[],"jetpack_sharing_enabled":true,"_links":{"self":[{"href":"https:\/\/berninabrussels.be\/index.php?rest_route=\/wp\/v2\/product\/635","targetHints":{"allow":["GET"]}}],"collection":[{"href":"https:\/\/berninabrussels.be\/index.php?rest_route=\/wp\/v2\/product"}],"about":[{"href":"https:\/\/berninabrussels.be\/index.php?rest_route=\/wp\/v2\/types\/product"}],"replies":[{"embeddable":true,"href":"https:\/\/berninabrussels.be\/index.php?rest_route=%2Fwp%2Fv2%2Fcomments&post=635"}],"wp:featuredmedia":[{"embeddable":true,"href":"https:\/\/berninabrussels.be\/index.php?rest_route=\/wp\/v2\/media\/636"}],"wp:attachment":[{"href":"https:\/\/berninabrussels.be\/index.php?rest_route=%2Fwp%2Fv2%2Fmedia&parent=635"}],"wp:term":[{"taxonomy":"product_brand","embeddable":true,"href":"https:\/\/berninabrussels.be\/index.php?rest_route=%2Fwp%2Fv2%2Fproduct_brand&post=635"},{"taxonomy":"product_cat","embeddable":true,"href":"https:\/\/berninabrussels.be\/index.php?rest_route=%2Fwp%2Fv2%2Fproduct_cat&post=635"},{"taxonomy":"product_tag","embeddable":true,"href":"https:\/\/berninabrussels.be\/index.php?rest_route=%2Fwp%2Fv2%2Fproduct_tag&post=635"},{"taxonomy":"giftcard-category","embeddable":true,"href":"https:\/\/berninabrussels.be\/index.php?rest_route=%2Fwp%2Fv2%2Fgiftcard-category&post=635"}],"curies":[{"name":"wp","href":"https:\/\/api.w.org\/{rel}","templated":true}]}}