{"id":496,"date":"2023-05-07T18:03:20","date_gmt":"2023-05-07T16:03:20","guid":{"rendered":"https:\/\/berninabrussels.be\/?post_type=product&#038;p=496"},"modified":"2023-05-07T18:06:03","modified_gmt":"2023-05-07T16:06:03","slug":"pied-bsr-regulateur-de-points","status":"publish","type":"product","link":"https:\/\/berninabrussels.be\/?product=pied-bsr-regulateur-de-points","title":{"rendered":"Pied BSR r\u00e9gulateur de points"},"content":{"rendered":"<p><span style=\"font-size: 1.618em;\">Pied \/ R\u00e9gulateur de points BSR BERNINA<\/span><\/p>\n<div align=\"left\">Le r\u00e9gulateur de points BERNINA (BSR) est capable, lors de la couture \u00e0 bras libre, de maintenir une r\u00e9gularit\u00e9 et une longueur de points parfaitement identiques. Lorsque vous ex\u00e9cutez des ouvrages de quilt \u00e0 bras libre avec les griffes d&rsquo;entra\u00eenement escamot\u00e9es, il s&rsquo;adapte aux mouvements du tissu et \u00e0 la vitesse utilis\u00e9e.<\/div>\n<div><\/div>\n<div align=\"left\">Le r\u00e9gulateur de points BERNINA (BSR) peut tout aussi bien fonctionner avec des points droits que des points zigzags. Il est parfaitement adapt\u00e9 aux travaux de couture professionnels ainsi qu&rsquo;aux projets ambitieux comme le quilt \u00e0 mains libres r\u00e9alis\u00e9 avec tous les types de tissus<\/div>\n<p>&nbsp;<\/p>\n","protected":false},"excerpt":{"rendered":"<p>Pied \/ R\u00e9gulateur de points BSR BERNINA Le r\u00e9gulateur de points BERNINA (BSR) est capable, lors de la couture \u00e0 bras libre, de maintenir une r\u00e9gularit\u00e9 et une longueur de points parfaitement identiques. Lorsque vous ex\u00e9cutez des ouvrages de quilt \u00e0 bras libre avec les griffes d&rsquo;entra\u00eenement escamot\u00e9es, il s&rsquo;adapte aux mouvements du tissu et&hellip;<\/p>\n","protected":false},"featured_media":497,"comment_status":"open","ping_status":"closed","template":"","meta":{"om_disable_all_campaigns":false,"_monsterinsights_skip_tracking":false,"_monsterinsights_sitenote_active":false,"_monsterinsights_sitenote_note":"","_monsterinsights_sitenote_category":0,"_uf_show_specific_survey":0,"_uf_disable_surveys":false},"product_brand":[],"product_cat":[200],"product_tag":[125],"giftcard-category":[],"class_list":{"0":"post-496","1":"product","2":"type-product","3":"status-publish","4":"has-post-thumbnail","6":"product_cat-pied-quilt","7":"product_tag-bernina","9":"first","10":"instock","11":"sale","12":"shipping-taxable","13":"purchasable","14":"product-type-simple"},"aioseo_notices":[],"jetpack_sharing_enabled":true,"_links":{"self":[{"href":"https:\/\/berninabrussels.be\/index.php?rest_route=\/wp\/v2\/product\/496","targetHints":{"allow":["GET"]}}],"collection":[{"href":"https:\/\/berninabrussels.be\/index.php?rest_route=\/wp\/v2\/product"}],"about":[{"href":"https:\/\/berninabrussels.be\/index.php?rest_route=\/wp\/v2\/types\/product"}],"replies":[{"embeddable":true,"href":"https:\/\/berninabrussels.be\/index.php?rest_route=%2Fwp%2Fv2%2Fcomments&post=496"}],"wp:featuredmedia":[{"embeddable":true,"href":"https:\/\/berninabrussels.be\/index.php?rest_route=\/wp\/v2\/media\/497"}],"wp:attachment":[{"href":"https:\/\/berninabrussels.be\/index.php?rest_route=%2Fwp%2Fv2%2Fmedia&parent=496"}],"wp:term":[{"taxonomy":"product_brand","embeddable":true,"href":"https:\/\/berninabrussels.be\/index.php?rest_route=%2Fwp%2Fv2%2Fproduct_brand&post=496"},{"taxonomy":"product_cat","embeddable":true,"href":"https:\/\/berninabrussels.be\/index.php?rest_route=%2Fwp%2Fv2%2Fproduct_cat&post=496"},{"taxonomy":"product_tag","embeddable":true,"href":"https:\/\/berninabrussels.be\/index.php?rest_route=%2Fwp%2Fv2%2Fproduct_tag&post=496"},{"taxonomy":"giftcard-category","embeddable":true,"href":"https:\/\/berninabrussels.be\/index.php?rest_route=%2Fwp%2Fv2%2Fgiftcard-category&post=496"}],"curies":[{"name":"wp","href":"https:\/\/api.w.org\/{rel}","templated":true}]}}