{"id":489,"date":"2023-05-07T17:55:43","date_gmt":"2023-05-07T15:55:43","guid":{"rendered":"https:\/\/berninabrussels.be\/?post_type=product&#038;p=489"},"modified":"2025-05-26T04:53:57","modified_gmt":"2025-05-26T02:53:57","slug":"support-pied-de-biche","status":"publish","type":"product","link":"https:\/\/berninabrussels.be\/?product=support-pied-de-biche","title":{"rendered":"Support pied de biche"},"content":{"rendered":"<h3>Support pied de biche BERNINA<\/h3>\n<p>La tige Snap on BERNINA est n\u00e9cessaire pour fixer les semelles du m\u00eame nom. Contrairement aux m\u00e9canismes de fixation courants avec des semelles pr\u00e9fix\u00e9es, les semelles \u00e9quip\u00e9es du syst\u00e8me Snap on sont faciles \u00e0 installer sur la tige gr\u00e2ce au crochet de fixation.<\/p>\n<p>Ce m\u00e9canisme de fixation facilite le changement de semelles Snap on entre elles et fait gagner du temps. La tige Snap on peut \u00eatre utilis\u00e9e avec toute la gamme de semelles du m\u00eame nom. La vaste gamme de semelles Snap on, compatibles avec la tige du m\u00eame nom, facilite encore plus la couture.<\/p>\n","protected":false},"excerpt":{"rendered":"<p>Support pied de biche BERNINA La tige Snap on BERNINA est n\u00e9cessaire pour fixer les semelles du m\u00eame nom. Contrairement aux m\u00e9canismes de fixation courants avec des semelles pr\u00e9fix\u00e9es, les semelles \u00e9quip\u00e9es du syst\u00e8me Snap on sont faciles \u00e0 installer sur la tige gr\u00e2ce au crochet de fixation. Ce m\u00e9canisme de fixation facilite le changement&hellip;<\/p>\n","protected":false},"featured_media":490,"comment_status":"open","ping_status":"closed","template":"","meta":{"om_disable_all_campaigns":false,"_monsterinsights_skip_tracking":false,"_monsterinsights_sitenote_active":false,"_monsterinsights_sitenote_note":"","_monsterinsights_sitenote_category":0,"_uf_show_specific_survey":0,"_uf_disable_surveys":false},"product_brand":[],"product_cat":[196],"product_tag":[125],"giftcard-category":[],"class_list":{"0":"post-489","1":"product","2":"type-product","3":"status-publish","4":"has-post-thumbnail","6":"product_cat-support-de-pied","7":"product_tag-bernina","9":"first","10":"instock","11":"sale","12":"shipping-taxable","13":"purchasable","14":"product-type-simple"},"aioseo_notices":[],"jetpack_sharing_enabled":true,"_links":{"self":[{"href":"https:\/\/berninabrussels.be\/index.php?rest_route=\/wp\/v2\/product\/489","targetHints":{"allow":["GET"]}}],"collection":[{"href":"https:\/\/berninabrussels.be\/index.php?rest_route=\/wp\/v2\/product"}],"about":[{"href":"https:\/\/berninabrussels.be\/index.php?rest_route=\/wp\/v2\/types\/product"}],"replies":[{"embeddable":true,"href":"https:\/\/berninabrussels.be\/index.php?rest_route=%2Fwp%2Fv2%2Fcomments&post=489"}],"wp:featuredmedia":[{"embeddable":true,"href":"https:\/\/berninabrussels.be\/index.php?rest_route=\/wp\/v2\/media\/490"}],"wp:attachment":[{"href":"https:\/\/berninabrussels.be\/index.php?rest_route=%2Fwp%2Fv2%2Fmedia&parent=489"}],"wp:term":[{"taxonomy":"product_brand","embeddable":true,"href":"https:\/\/berninabrussels.be\/index.php?rest_route=%2Fwp%2Fv2%2Fproduct_brand&post=489"},{"taxonomy":"product_cat","embeddable":true,"href":"https:\/\/berninabrussels.be\/index.php?rest_route=%2Fwp%2Fv2%2Fproduct_cat&post=489"},{"taxonomy":"product_tag","embeddable":true,"href":"https:\/\/berninabrussels.be\/index.php?rest_route=%2Fwp%2Fv2%2Fproduct_tag&post=489"},{"taxonomy":"giftcard-category","embeddable":true,"href":"https:\/\/berninabrussels.be\/index.php?rest_route=%2Fwp%2Fv2%2Fgiftcard-category&post=489"}],"curies":[{"name":"wp","href":"https:\/\/api.w.org\/{rel}","templated":true}]}}