{"id":47,"date":"2023-05-05T14:32:58","date_gmt":"2023-05-05T12:32:58","guid":{"rendered":"https:\/\/berninabrussels.be\/?post_type=product&#038;p=47"},"modified":"2026-04-25T19:54:04","modified_gmt":"2026-04-25T17:54:04","slug":"machine-a-coudre-bernina-serie-4-435","status":"publish","type":"product","link":"https:\/\/berninabrussels.be\/?product=machine-a-coudre-bernina-serie-4-435","title":{"rendered":"Machine \u00e0 coudre BERNINA 435 +pied tirette invisible (49euros)+ Cours de prise en main offert (sur rdv)"},"content":{"rendered":"","protected":false},"excerpt":{"rendered":"<h2>Une exp\u00e9rience de couture haute qualit\u00e9<\/h2>\n<p>La Bernina 435, premi\u00e8re de la s\u00e9rie 4, est con\u00e7ue pour offrir une exp\u00e9rience de couture in\u00e9gal\u00e9e. Avec son espace de travail plus grand que celui de la s\u00e9rie 3, elle r\u00e9pond aux besoins des couturiers les plus exigeants. Que vous soyez d\u00e9butant ou passionn\u00e9, cette machine est un petit bijou d&rsquo;innovation et de simplicit\u00e9, parfait pour exprimer votre cr\u00e9ativit\u00e9.<\/p>\n<h2>Syst\u00e8me de crochet B9 et \u00e9cran tactile intuitif<\/h2>\n<p>La Bernina 435 est \u00e9quip\u00e9e du syst\u00e8me de crochet r\u00e9volutionnaire B9, qui assure une capacit\u00e9 accrue de fil dans la canette, r\u00e9duisant ainsi le besoin de recharges fr\u00e9quentes. Ce syst\u00e8me garantit \u00e9galement une pr\u00e9cision exceptionnelle dans vos points de couture. De plus, son \u00e9cran tactile hyper intuitif vous permet de naviguer facilement \u00e0 travers les r\u00e9glages et les options de la machine, simplifiant votre exp\u00e9rience de couture \u00e0 chaque \u00e9tape.<\/p>\n<h2>Un ensemble de valeur ajout\u00e9 pour votre projet<\/h2>\n<p>Chez Bernina Bruxelles, Olivier Bruynincx vous recommande cette machine perfectionn\u00e9e, id\u00e9ale pour tous les passionn\u00e9s de couture. En plus de b\u00e9n\u00e9ficier d&rsquo;une garantie de 5 ans sur les pi\u00e8ces, profitez \u00e9galement d&rsquo;offres exceptionnelles : le pied tirette invisible d&rsquo;une valeur de 49 euros est offert, ainsi qu&rsquo;un cours personnalis\u00e9 de prise en main en magasin. R\u00e9servez votre rendez-vous priv\u00e9 pour une initiation compl\u00e8te et d\u00e9marrez vos projets cr\u00e9atifs en toute confiance.<\/p>\n<h2>Opportunit\u00e9 promotionnelle \u00e0 ne pas manquer<\/h2>\n<p>Offrez-vous la Bernina 435 \u00e0 un prix promotionnel attractif. Cette machine sophistiqu\u00e9e allie durabilit\u00e9, facilit\u00e9 d&rsquo;utilisation et innovation technique, faisant d&rsquo;elle un excellent investissement pour votre passion. Ne manquez pas cette opportunit\u00e9 exceptionnelle de compl\u00e9ter votre atelier avec une machine \u00e0 coudre qui d\u00e9passe vos attentes.<\/p>\n<p>&nbsp;<\/p>\n","protected":false},"featured_media":2343,"comment_status":"open","ping_status":"closed","template":"","meta":{"om_disable_all_campaigns":false,"_monsterinsights_skip_tracking":false,"_monsterinsights_sitenote_active":false,"_monsterinsights_sitenote_note":"","_monsterinsights_sitenote_category":0,"_uf_show_specific_survey":0,"_uf_disable_surveys":false},"product_brand":[],"product_cat":[40,29,16],"product_tag":[],"giftcard-category":[],"class_list":{"0":"post-47","1":"product","2":"type-product","3":"status-publish","4":"has-post-thumbnail","6":"product_cat-electronique","7":"product_cat-machines","8":"product_cat-machines-menageres","10":"first","11":"instock","12":"shipping-taxable","13":"purchasable","14":"product-type-simple"},"aioseo_notices":[],"jetpack_sharing_enabled":true,"_links":{"self":[{"href":"https:\/\/berninabrussels.be\/index.php?rest_route=\/wp\/v2\/product\/47","targetHints":{"allow":["GET"]}}],"collection":[{"href":"https:\/\/berninabrussels.be\/index.php?rest_route=\/wp\/v2\/product"}],"about":[{"href":"https:\/\/berninabrussels.be\/index.php?rest_route=\/wp\/v2\/types\/product"}],"replies":[{"embeddable":true,"href":"https:\/\/berninabrussels.be\/index.php?rest_route=%2Fwp%2Fv2%2Fcomments&post=47"}],"wp:featuredmedia":[{"embeddable":true,"href":"https:\/\/berninabrussels.be\/index.php?rest_route=\/wp\/v2\/media\/2343"}],"wp:attachment":[{"href":"https:\/\/berninabrussels.be\/index.php?rest_route=%2Fwp%2Fv2%2Fmedia&parent=47"}],"wp:term":[{"taxonomy":"product_brand","embeddable":true,"href":"https:\/\/berninabrussels.be\/index.php?rest_route=%2Fwp%2Fv2%2Fproduct_brand&post=47"},{"taxonomy":"product_cat","embeddable":true,"href":"https:\/\/berninabrussels.be\/index.php?rest_route=%2Fwp%2Fv2%2Fproduct_cat&post=47"},{"taxonomy":"product_tag","embeddable":true,"href":"https:\/\/berninabrussels.be\/index.php?rest_route=%2Fwp%2Fv2%2Fproduct_tag&post=47"},{"taxonomy":"giftcard-category","embeddable":true,"href":"https:\/\/berninabrussels.be\/index.php?rest_route=%2Fwp%2Fv2%2Fgiftcard-category&post=47"}],"curies":[{"name":"wp","href":"https:\/\/api.w.org\/{rel}","templated":true}]}}