{"id":384,"date":"2023-05-07T14:04:54","date_gmt":"2023-05-07T12:04:54","guid":{"rendered":"http:\/\/10.0.0.76\/?post_type=product&#038;p=384"},"modified":"2025-05-26T06:48:18","modified_gmt":"2025-05-26T04:48:18","slug":"pied-fermeture-invisible-35","status":"publish","type":"product","link":"https:\/\/berninabrussels.be\/?product=pied-fermeture-invisible-35","title":{"rendered":"Pied fermeture invisible 35"},"content":{"rendered":"<h3>Pied 35 fermeture invisible\u00a0BERNINA<\/h3>\n<p align=\"left\">Le pied pour fermeture \u00e0 glissi\u00e8re est parfait pour poser des fermetures \u00e0 glissi\u00e8re invisibles sur les v\u00eatements.<\/p>\n<p align=\"left\">Deux rainures obliques op\u00e8rent comme des pattes de guidage et, compar\u00e9es \u00e0 d&rsquo;autres m\u00e9thodes de pose traditionnelles, facilitent grandement la t\u00e2che.<\/p>\n","protected":false},"excerpt":{"rendered":"<p>Pied 35 fermeture invisible\u00a0BERNINA Le pied pour fermeture \u00e0 glissi\u00e8re est parfait pour poser des fermetures \u00e0 glissi\u00e8re invisibles sur les v\u00eatements. Deux rainures obliques op\u00e8rent comme des pattes de guidage et, compar\u00e9es \u00e0 d&rsquo;autres m\u00e9thodes de pose traditionnelles, facilitent grandement la t\u00e2che.<\/p>\n","protected":false},"featured_media":385,"comment_status":"open","ping_status":"closed","template":"","meta":{"om_disable_all_campaigns":false,"_monsterinsights_skip_tracking":false,"_monsterinsights_sitenote_active":false,"_monsterinsights_sitenote_note":"","_monsterinsights_sitenote_category":0,"_uf_show_specific_survey":0,"_uf_disable_surveys":false},"product_brand":[],"product_cat":[42,44,240,191],"product_tag":[125],"giftcard-category":[],"class_list":{"0":"post-384","1":"product","2":"type-product","3":"status-publish","4":"has-post-thumbnail","6":"product_cat-accesoires","7":"product_cat-machine-a-coudre","8":"product_cat-pieds-presseurs","9":"product_cat-pied-fermeture-a-glissiere","10":"product_tag-bernina","12":"first","13":"instock","14":"shipping-taxable","15":"purchasable","16":"product-type-simple"},"aioseo_notices":[],"jetpack_sharing_enabled":true,"_links":{"self":[{"href":"https:\/\/berninabrussels.be\/index.php?rest_route=\/wp\/v2\/product\/384","targetHints":{"allow":["GET"]}}],"collection":[{"href":"https:\/\/berninabrussels.be\/index.php?rest_route=\/wp\/v2\/product"}],"about":[{"href":"https:\/\/berninabrussels.be\/index.php?rest_route=\/wp\/v2\/types\/product"}],"replies":[{"embeddable":true,"href":"https:\/\/berninabrussels.be\/index.php?rest_route=%2Fwp%2Fv2%2Fcomments&post=384"}],"wp:featuredmedia":[{"embeddable":true,"href":"https:\/\/berninabrussels.be\/index.php?rest_route=\/wp\/v2\/media\/385"}],"wp:attachment":[{"href":"https:\/\/berninabrussels.be\/index.php?rest_route=%2Fwp%2Fv2%2Fmedia&parent=384"}],"wp:term":[{"taxonomy":"product_brand","embeddable":true,"href":"https:\/\/berninabrussels.be\/index.php?rest_route=%2Fwp%2Fv2%2Fproduct_brand&post=384"},{"taxonomy":"product_cat","embeddable":true,"href":"https:\/\/berninabrussels.be\/index.php?rest_route=%2Fwp%2Fv2%2Fproduct_cat&post=384"},{"taxonomy":"product_tag","embeddable":true,"href":"https:\/\/berninabrussels.be\/index.php?rest_route=%2Fwp%2Fv2%2Fproduct_tag&post=384"},{"taxonomy":"giftcard-category","embeddable":true,"href":"https:\/\/berninabrussels.be\/index.php?rest_route=%2Fwp%2Fv2%2Fgiftcard-category&post=384"}],"curies":[{"name":"wp","href":"https:\/\/api.w.org\/{rel}","templated":true}]}}