{"id":2891,"date":"2024-01-25T11:20:37","date_gmt":"2024-01-25T10:20:37","guid":{"rendered":"https:\/\/berninabrussels.be\/?post_type=product&#038;p=2891"},"modified":"2025-10-09T11:45:06","modified_gmt":"2025-10-09T09:45:06","slug":"bernina-v9-designerplus-version-creator","status":"publish","type":"product","link":"https:\/\/berninabrussels.be\/?product=bernina-v9-designerplus-version-creator","title":{"rendered":"Bernina V9 DesignerPlus &#8211; Version Creator"},"content":{"rendered":"<h1>Logiciel de broderie DesignerPlus 9 de Bernina &#8211; Version Creator<\/h1>\n<hr \/>\n<p>Profitez des fonctionnalit\u00e9s essentielles de DesignerPlus 9 avec la version Creator pour les brodeuses Bernina ! Ce logiciel est compatible WiFi et est \u00ab\u00a0all\u00e9g\u00e9\u00a0\u00bb par rapport \u00e0 la version compl\u00e8te de DesignerPlus. Attention, le connecteur Wi-Fi n&rsquo;est pas inclus.<\/p>\n<table width=\"985\">\n<tbody>\n<tr>\n<td><img data-recalc-dims=\"1\" fetchpriority=\"high\" decoding=\"async\" src=\"https:\/\/i0.wp.com\/coudreetbroder.com\/img\/cms\/Bernina\/DesignerPlus-v9\/Logiciel%20DesignerPlus%20V9.jpg?resize=550%2C275&#038;ssl=1\" alt=\"\" width=\"550\" height=\"275\" \/><\/td>\n<td><img data-recalc-dims=\"1\" decoding=\"async\" src=\"https:\/\/i0.wp.com\/coudreetbroder.com\/img\/cms\/Bernina\/DesignerPlus-v9\/DesignerPlus%20V9-a.jpg?resize=284%2C284&#038;ssl=1\" alt=\"\" width=\"284\" height=\"284\" \/><\/td>\n<\/tr>\n<\/tbody>\n<\/table>\n<p>&nbsp;<\/p>\n<p>&nbsp;<\/p>\n<p>&nbsp;<\/p>\n<p>Retrouvez les autres produits de la gamme en suivant les liens ci-apr\u00e8s :<\/p>\n<ul>\n<li>Version Designer Plus 9 compl\u00e8te<\/li>\n<li>Vesion Designer Plus 9 : mise \u00e0 jour depuis V6\/V7\/V8<\/li>\n<li>Version Creator compl\u00e8te<\/li>\n<\/ul>\n<p>&nbsp;<\/p>\n<p>&nbsp;<\/p>\n<h3>Configuration minimale de votre ordinateur :<\/h3>\n<ul>\n<li>CPU: processeur Intel\u00ae Core i5\/7 ou AMD Ryzen 5\/7<\/li>\n<li>Syst\u00e8me d&rsquo;exploitation: Microsoft\u00ae Windows\u00ae 10 (64-bit Edition) avec les toutes derni\u00e8res mises \u00e0 jour<\/li>\n<li>M\u00e9moire: 16 GB<\/li>\n<li>Moniteur: r\u00e9solution d&rsquo;\u00e9cran 1920 x 1080<\/li>\n<li>Port USB: Requis pour l&rsquo;installation du logiciel, le transfert de motifs et la configuration du bo\u00eetier WiFi<\/li>\n<li>Carte son: Requis pour l&rsquo;assistance vid\u00e9o en ligne<\/li>\n<li>Connexion Internet : requise pour l&rsquo;activation et l&rsquo;enregistrement du produit<\/li>\n<\/ul>\n<p>&nbsp;<\/p>\n<hr \/>\n<p><strong>Droit de r\u00e9tractation :<\/strong>\u00a0l&rsquo;acheteur ne b\u00e9n\u00e9ficie pas du droit de r\u00e9tractation sur les logiciels informatiques, CD, DVD, dont le packaging a \u00e9t\u00e9 ouvert, ainsi que sur les contenus num\u00e9riques. Cf : Code de la consommation.<\/p>\n","protected":false},"excerpt":{"rendered":"<p>Logiciel de broderie DesignerPlus 9 de Bernina &#8211; Version Creator Profitez des fonctionnalit\u00e9s essentielles de DesignerPlus 9 avec la version Creator pour les brodeuses Bernina ! Ce logiciel est compatible WiFi et est \u00ab\u00a0all\u00e9g\u00e9\u00a0\u00bb par rapport \u00e0 la version compl\u00e8te de DesignerPlus. Attention, le connecteur Wi-Fi n&rsquo;est pas inclus. &nbsp; &nbsp; &nbsp; Retrouvez les autres&hellip;<\/p>\n","protected":false},"featured_media":2892,"comment_status":"open","ping_status":"closed","template":"","meta":{"om_disable_all_campaigns":false,"_monsterinsights_skip_tracking":false,"_monsterinsights_sitenote_active":false,"_monsterinsights_sitenote_note":"","_monsterinsights_sitenote_category":0,"_uf_show_specific_survey":0,"_uf_disable_surveys":false},"product_brand":[],"product_cat":[15],"product_tag":[],"giftcard-category":[],"class_list":{"0":"post-2891","1":"product","2":"type-product","3":"status-publish","4":"has-post-thumbnail","6":"product_cat-non-classe","8":"first","9":"instock","10":"sale","11":"shipping-taxable","12":"purchasable","13":"product-type-simple"},"aioseo_notices":[],"jetpack_sharing_enabled":true,"_links":{"self":[{"href":"https:\/\/berninabrussels.be\/index.php?rest_route=\/wp\/v2\/product\/2891","targetHints":{"allow":["GET"]}}],"collection":[{"href":"https:\/\/berninabrussels.be\/index.php?rest_route=\/wp\/v2\/product"}],"about":[{"href":"https:\/\/berninabrussels.be\/index.php?rest_route=\/wp\/v2\/types\/product"}],"replies":[{"embeddable":true,"href":"https:\/\/berninabrussels.be\/index.php?rest_route=%2Fwp%2Fv2%2Fcomments&post=2891"}],"wp:featuredmedia":[{"embeddable":true,"href":"https:\/\/berninabrussels.be\/index.php?rest_route=\/wp\/v2\/media\/2892"}],"wp:attachment":[{"href":"https:\/\/berninabrussels.be\/index.php?rest_route=%2Fwp%2Fv2%2Fmedia&parent=2891"}],"wp:term":[{"taxonomy":"product_brand","embeddable":true,"href":"https:\/\/berninabrussels.be\/index.php?rest_route=%2Fwp%2Fv2%2Fproduct_brand&post=2891"},{"taxonomy":"product_cat","embeddable":true,"href":"https:\/\/berninabrussels.be\/index.php?rest_route=%2Fwp%2Fv2%2Fproduct_cat&post=2891"},{"taxonomy":"product_tag","embeddable":true,"href":"https:\/\/berninabrussels.be\/index.php?rest_route=%2Fwp%2Fv2%2Fproduct_tag&post=2891"},{"taxonomy":"giftcard-category","embeddable":true,"href":"https:\/\/berninabrussels.be\/index.php?rest_route=%2Fwp%2Fv2%2Fgiftcard-category&post=2891"}],"curies":[{"name":"wp","href":"https:\/\/api.w.org\/{rel}","templated":true}]}}