{"id":2477,"date":"2023-05-15T17:29:52","date_gmt":"2023-05-15T15:29:52","guid":{"rendered":"https:\/\/berninabrussels.be\/?post_type=product&#038;p=2477"},"modified":"2025-05-25T23:10:28","modified_gmt":"2025-05-25T21:10:28","slug":"fer-a-repasser-professionnel-comel-721-pour-chaudiere-comeleco","status":"publish","type":"product","link":"https:\/\/berninabrussels.be\/?product=fer-a-repasser-professionnel-comel-721-pour-chaudiere-comeleco","title":{"rendered":"Fer \u00e0 repasser professionnel COMEL 721 pour chaudi\u00e8re COMELECO"},"content":{"rendered":"<p><strong>Fer \u00e0 repasser\u00a0COMEL 721 de qualit\u00e9 professionnelle pour chaudi\u00e8re COMELECO, SNAIL tables\u00a0COMELUX, FUTURA, COMELFLEX, BR\/A, MP\/A&#8230;<\/strong><\/p>\n<p>Fer d\u00e9j\u00e0 mont\u00e9 avec sa prise m\u00e2le pour les centrales vapeur de marque COMEL.<\/p>\n<p>Livr\u00e9 complet\u00a0avec c\u00e2ble \u00e9lectrique et tuyau vapeur.<\/p>\n<p>Caract\u00e9ristiques : 850w &#8211; 1,65kg<\/p>\n<p>R\u00e9sistance moul\u00e9e pour une mont\u00e9e rapide en temp\u00e9rature. Protection par thermostat et thermofusible.<\/p>\n<p>Compatible avec la semelle t\u00e9flon CIEFFE P.<\/p>\n","protected":false},"excerpt":{"rendered":"<p>Fer \u00e0 repasser\u00a0COMEL 721 de qualit\u00e9 professionnelle pour chaudi\u00e8re COMELECO, SNAIL tables\u00a0COMELUX, FUTURA, COMELFLEX, BR\/A, MP\/A&#8230; Fer d\u00e9j\u00e0 mont\u00e9 avec sa prise m\u00e2le pour les centrales vapeur de marque COMEL. Livr\u00e9 complet\u00a0avec c\u00e2ble \u00e9lectrique et tuyau vapeur. Caract\u00e9ristiques : 850w &#8211; 1,65kg R\u00e9sistance moul\u00e9e pour une mont\u00e9e rapide en temp\u00e9rature. Protection par thermostat et thermofusible.&hellip;<\/p>\n","protected":false},"featured_media":2478,"comment_status":"open","ping_status":"closed","template":"","meta":{"om_disable_all_campaigns":false,"_monsterinsights_skip_tracking":false,"_monsterinsights_sitenote_active":false,"_monsterinsights_sitenote_note":"","_monsterinsights_sitenote_category":0,"_uf_show_specific_survey":0,"_uf_disable_surveys":false},"product_brand":[],"product_cat":[234],"product_tag":[],"giftcard-category":[],"class_list":{"0":"post-2477","1":"product","2":"type-product","3":"status-publish","4":"has-post-thumbnail","6":"product_cat-fers","8":"first","9":"instock","10":"shipping-taxable","11":"purchasable","12":"product-type-simple"},"aioseo_notices":[],"jetpack_sharing_enabled":true,"_links":{"self":[{"href":"https:\/\/berninabrussels.be\/index.php?rest_route=\/wp\/v2\/product\/2477","targetHints":{"allow":["GET"]}}],"collection":[{"href":"https:\/\/berninabrussels.be\/index.php?rest_route=\/wp\/v2\/product"}],"about":[{"href":"https:\/\/berninabrussels.be\/index.php?rest_route=\/wp\/v2\/types\/product"}],"replies":[{"embeddable":true,"href":"https:\/\/berninabrussels.be\/index.php?rest_route=%2Fwp%2Fv2%2Fcomments&post=2477"}],"wp:featuredmedia":[{"embeddable":true,"href":"https:\/\/berninabrussels.be\/index.php?rest_route=\/wp\/v2\/media\/2478"}],"wp:attachment":[{"href":"https:\/\/berninabrussels.be\/index.php?rest_route=%2Fwp%2Fv2%2Fmedia&parent=2477"}],"wp:term":[{"taxonomy":"product_brand","embeddable":true,"href":"https:\/\/berninabrussels.be\/index.php?rest_route=%2Fwp%2Fv2%2Fproduct_brand&post=2477"},{"taxonomy":"product_cat","embeddable":true,"href":"https:\/\/berninabrussels.be\/index.php?rest_route=%2Fwp%2Fv2%2Fproduct_cat&post=2477"},{"taxonomy":"product_tag","embeddable":true,"href":"https:\/\/berninabrussels.be\/index.php?rest_route=%2Fwp%2Fv2%2Fproduct_tag&post=2477"},{"taxonomy":"giftcard-category","embeddable":true,"href":"https:\/\/berninabrussels.be\/index.php?rest_route=%2Fwp%2Fv2%2Fgiftcard-category&post=2477"}],"curies":[{"name":"wp","href":"https:\/\/api.w.org\/{rel}","templated":true}]}}