{"id":2375,"date":"2023-05-15T11:37:53","date_gmt":"2023-05-15T09:37:53","guid":{"rendered":"https:\/\/berninabrussels.be\/?post_type=product&#038;p=2375"},"modified":"2023-05-23T10:19:48","modified_gmt":"2023-05-23T08:19:48","slug":"veritas-marion","status":"publish","type":"product","link":"https:\/\/berninabrussels.be\/?product=veritas-marion","title":{"rendered":"VERITAS Marion"},"content":{"rendered":"<p><strong>Avec ses 310 programmes de points diff\u00e9rents, la VERITAS Marion r\u00e9pond \u00e0 toutes les attentes et ne s&rsquo;arr\u00eate pas aux chiffres et lettres.<\/strong><\/p>\n<p>R\u00e9alisation automatique de 10 types de boutonni\u00e8res diff\u00e9rentes. Les r\u00e9glages favoris des diff\u00e9rents points peuvent \u00eatre enregistr\u00e9s gr\u00e2ce \u00e0 la fonction de m\u00e9moire. Marion est une machine \u00e0 coudre intelligente. Elle adapte p. ex. la largeur du point lorsqu&rsquo;elle utilise des aiguilles doubles. Gr\u00e2ce \u00e0 la table \u00e0 rallonge extra-large fournie, la surface de travail peut \u00eatre agrandie.<\/p>\n","protected":false},"excerpt":{"rendered":"<p>Prix sur devis<\/p>\n","protected":false},"featured_media":2377,"comment_status":"open","ping_status":"closed","template":"","meta":{"om_disable_all_campaigns":false,"_monsterinsights_skip_tracking":false,"_monsterinsights_sitenote_active":false,"_monsterinsights_sitenote_note":"","_monsterinsights_sitenote_category":0,"_uf_show_specific_survey":0,"_uf_disable_surveys":false},"product_brand":[],"product_cat":[40,29,16],"product_tag":[],"giftcard-category":[],"class_list":{"0":"post-2375","1":"product","2":"type-product","3":"status-publish","4":"has-post-thumbnail","6":"product_cat-electronique","7":"product_cat-machines","8":"product_cat-machines-menageres","10":"first","11":"instock","12":"sale","13":"shipping-taxable","14":"purchasable","15":"product-type-simple"},"aioseo_notices":[],"jetpack_sharing_enabled":true,"_links":{"self":[{"href":"https:\/\/berninabrussels.be\/index.php?rest_route=\/wp\/v2\/product\/2375","targetHints":{"allow":["GET"]}}],"collection":[{"href":"https:\/\/berninabrussels.be\/index.php?rest_route=\/wp\/v2\/product"}],"about":[{"href":"https:\/\/berninabrussels.be\/index.php?rest_route=\/wp\/v2\/types\/product"}],"replies":[{"embeddable":true,"href":"https:\/\/berninabrussels.be\/index.php?rest_route=%2Fwp%2Fv2%2Fcomments&post=2375"}],"wp:featuredmedia":[{"embeddable":true,"href":"https:\/\/berninabrussels.be\/index.php?rest_route=\/wp\/v2\/media\/2377"}],"wp:attachment":[{"href":"https:\/\/berninabrussels.be\/index.php?rest_route=%2Fwp%2Fv2%2Fmedia&parent=2375"}],"wp:term":[{"taxonomy":"product_brand","embeddable":true,"href":"https:\/\/berninabrussels.be\/index.php?rest_route=%2Fwp%2Fv2%2Fproduct_brand&post=2375"},{"taxonomy":"product_cat","embeddable":true,"href":"https:\/\/berninabrussels.be\/index.php?rest_route=%2Fwp%2Fv2%2Fproduct_cat&post=2375"},{"taxonomy":"product_tag","embeddable":true,"href":"https:\/\/berninabrussels.be\/index.php?rest_route=%2Fwp%2Fv2%2Fproduct_tag&post=2375"},{"taxonomy":"giftcard-category","embeddable":true,"href":"https:\/\/berninabrussels.be\/index.php?rest_route=%2Fwp%2Fv2%2Fgiftcard-category&post=2375"}],"curies":[{"name":"wp","href":"https:\/\/api.w.org\/{rel}","templated":true}]}}