{"id":212,"date":"2023-05-05T18:24:29","date_gmt":"2023-05-05T16:24:29","guid":{"rendered":"https:\/\/berninabrussels.be\/?post_type=product&#038;p=212"},"modified":"2026-03-22T18:49:30","modified_gmt":"2026-03-22T17:49:30","slug":"machine-a-coudre-elna-explore-220","status":"publish","type":"product","link":"https:\/\/berninabrussels.be\/?product=machine-a-coudre-elna-explore-220","title":{"rendered":"Machine \u00e0 coudre ELNA eXplore 220"},"content":{"rendered":"<h3>Machine \u00e0\u00a0coudre ELNA eXplore 220<\/h3>\n<p>Si autrefois, la couture \u00e9tait une n\u00e9cessit\u00e9 exigeant beaucoup de temps et d&rsquo;efforts, elle est devenue, avec les machines modernes, un moyen d&rsquo;exprimer toute notre cr\u00e9ativit\u00e9. De plus, les \u00e9tudes ont montr\u00e9 que la couture soulage m\u00eame le stress. D\u00e9sormais, avec eXplore 220, un mod\u00e8le abordable et facile \u00e0 utiliser, la couture est une passion, et non plus une corv\u00e9e.<\/p>\n","protected":false},"excerpt":{"rendered":"<p>Machine \u00e0\u00a0coudre ELNA eXplore 220 Si autrefois, la couture \u00e9tait une n\u00e9cessit\u00e9 exigeant beaucoup de temps et d&rsquo;efforts, elle est devenue, avec les machines modernes, un moyen d&rsquo;exprimer toute notre cr\u00e9ativit\u00e9. De plus, les \u00e9tudes ont montr\u00e9 que la couture soulage m\u00eame le stress. D\u00e9sormais, avec eXplore 220, un mod\u00e8le abordable et facile \u00e0 utiliser,&hellip;<\/p>\n","protected":false},"featured_media":214,"comment_status":"open","ping_status":"closed","template":"","meta":{"om_disable_all_campaigns":false,"_monsterinsights_skip_tracking":false,"_monsterinsights_sitenote_active":false,"_monsterinsights_sitenote_note":"","_monsterinsights_sitenote_category":0,"_uf_show_specific_survey":0,"_uf_disable_surveys":false},"product_brand":[],"product_cat":[29,16,41],"product_tag":[],"giftcard-category":[],"class_list":{"0":"post-212","1":"product","2":"type-product","3":"status-publish","4":"has-post-thumbnail","6":"product_cat-machines","7":"product_cat-machines-menageres","8":"product_cat-mecanique","10":"first","11":"instock","12":"sale","13":"shipping-taxable","14":"purchasable","15":"product-type-simple"},"aioseo_notices":[],"jetpack_sharing_enabled":true,"_links":{"self":[{"href":"https:\/\/berninabrussels.be\/index.php?rest_route=\/wp\/v2\/product\/212","targetHints":{"allow":["GET"]}}],"collection":[{"href":"https:\/\/berninabrussels.be\/index.php?rest_route=\/wp\/v2\/product"}],"about":[{"href":"https:\/\/berninabrussels.be\/index.php?rest_route=\/wp\/v2\/types\/product"}],"replies":[{"embeddable":true,"href":"https:\/\/berninabrussels.be\/index.php?rest_route=%2Fwp%2Fv2%2Fcomments&post=212"}],"wp:featuredmedia":[{"embeddable":true,"href":"https:\/\/berninabrussels.be\/index.php?rest_route=\/wp\/v2\/media\/214"}],"wp:attachment":[{"href":"https:\/\/berninabrussels.be\/index.php?rest_route=%2Fwp%2Fv2%2Fmedia&parent=212"}],"wp:term":[{"taxonomy":"product_brand","embeddable":true,"href":"https:\/\/berninabrussels.be\/index.php?rest_route=%2Fwp%2Fv2%2Fproduct_brand&post=212"},{"taxonomy":"product_cat","embeddable":true,"href":"https:\/\/berninabrussels.be\/index.php?rest_route=%2Fwp%2Fv2%2Fproduct_cat&post=212"},{"taxonomy":"product_tag","embeddable":true,"href":"https:\/\/berninabrussels.be\/index.php?rest_route=%2Fwp%2Fv2%2Fproduct_tag&post=212"},{"taxonomy":"giftcard-category","embeddable":true,"href":"https:\/\/berninabrussels.be\/index.php?rest_route=%2Fwp%2Fv2%2Fgiftcard-category&post=212"}],"curies":[{"name":"wp","href":"https:\/\/api.w.org\/{rel}","templated":true}]}}