{"id":2066,"date":"2023-05-11T19:37:58","date_gmt":"2023-05-11T17:37:58","guid":{"rendered":"https:\/\/berninabrussels.be\/?post_type=product&#038;p=2066"},"modified":"2023-05-11T19:37:58","modified_gmt":"2023-05-11T17:37:58","slug":"cartes-perforees-machine-a-tricoter-n57","status":"publish","type":"product","link":"https:\/\/berninabrussels.be\/?product=cartes-perforees-machine-a-tricoter-n57","title":{"rendered":"Cartes perfor\u00e9es machine \u00e0 tricoter N\u00b057"},"content":{"rendered":"<p>Pour tout mod\u00e8le de Machines \u00e0 Tricoter \u00e0 carte perfor\u00e9e, adapter ainso votre machine en suivant les tables d&rsquo;op\u00e9ration.<\/p>\n<p>Chaque mod\u00e8le de carte est rang\u00e9e par collection. Toutes les cartes sont illustr\u00e9es ici par une image.\u00a0Chaque carte vous offre plusieurs possibilit\u00e9s de points.<\/p>\n<p>Ce pack de cartes perfor\u00e9es inclus 10 cartes allant du num\u00e9ro 281 \u00e0 290.<\/p>\n","protected":false},"excerpt":{"rendered":"<p>Pour tout mod\u00e8le de Machines \u00e0 Tricoter \u00e0 carte perfor\u00e9e, adapter ainso votre machine en suivant les tables d&rsquo;op\u00e9ration. Chaque mod\u00e8le de carte est rang\u00e9e par collection. Toutes les cartes sont illustr\u00e9es ici par une image.\u00a0Chaque carte vous offre plusieurs possibilit\u00e9s de points. Ce pack de cartes perfor\u00e9es inclus 10 cartes allant du num\u00e9ro 281&hellip;<\/p>\n","protected":false},"featured_media":2067,"comment_status":"open","ping_status":"closed","template":"","meta":{"om_disable_all_campaigns":false,"_monsterinsights_skip_tracking":false,"_monsterinsights_sitenote_active":false,"_monsterinsights_sitenote_note":"","_monsterinsights_sitenote_category":0,"_uf_show_specific_survey":0,"_uf_disable_surveys":false},"product_brand":[],"product_cat":[15],"product_tag":[],"giftcard-category":[],"class_list":{"0":"post-2066","1":"product","2":"type-product","3":"status-publish","4":"has-post-thumbnail","6":"product_cat-non-classe","8":"first","9":"instock","10":"shipping-taxable","11":"purchasable","12":"product-type-simple"},"aioseo_notices":[],"jetpack_sharing_enabled":true,"_links":{"self":[{"href":"https:\/\/berninabrussels.be\/index.php?rest_route=\/wp\/v2\/product\/2066","targetHints":{"allow":["GET"]}}],"collection":[{"href":"https:\/\/berninabrussels.be\/index.php?rest_route=\/wp\/v2\/product"}],"about":[{"href":"https:\/\/berninabrussels.be\/index.php?rest_route=\/wp\/v2\/types\/product"}],"replies":[{"embeddable":true,"href":"https:\/\/berninabrussels.be\/index.php?rest_route=%2Fwp%2Fv2%2Fcomments&post=2066"}],"wp:featuredmedia":[{"embeddable":true,"href":"https:\/\/berninabrussels.be\/index.php?rest_route=\/wp\/v2\/media\/2067"}],"wp:attachment":[{"href":"https:\/\/berninabrussels.be\/index.php?rest_route=%2Fwp%2Fv2%2Fmedia&parent=2066"}],"wp:term":[{"taxonomy":"product_brand","embeddable":true,"href":"https:\/\/berninabrussels.be\/index.php?rest_route=%2Fwp%2Fv2%2Fproduct_brand&post=2066"},{"taxonomy":"product_cat","embeddable":true,"href":"https:\/\/berninabrussels.be\/index.php?rest_route=%2Fwp%2Fv2%2Fproduct_cat&post=2066"},{"taxonomy":"product_tag","embeddable":true,"href":"https:\/\/berninabrussels.be\/index.php?rest_route=%2Fwp%2Fv2%2Fproduct_tag&post=2066"},{"taxonomy":"giftcard-category","embeddable":true,"href":"https:\/\/berninabrussels.be\/index.php?rest_route=%2Fwp%2Fv2%2Fgiftcard-category&post=2066"}],"curies":[{"name":"wp","href":"https:\/\/api.w.org\/{rel}","templated":true}]}}