{"id":2056,"date":"2023-05-11T19:37:58","date_gmt":"2023-05-11T17:37:58","guid":{"rendered":"https:\/\/berninabrussels.be\/?post_type=product&#038;p=2056"},"modified":"2023-05-11T19:37:58","modified_gmt":"2023-05-11T17:37:58","slug":"cartes-perforees-machine-a-tricoter-n07","status":"publish","type":"product","link":"https:\/\/berninabrussels.be\/?product=cartes-perforees-machine-a-tricoter-n07","title":{"rendered":"Cartes perfor\u00e9es machine \u00e0 tricoter N\u00b007"},"content":{"rendered":"<h3>Cartes perfor\u00e9es n\u00b007 \u00ab\u00a0Fair Isle\u00a0\u00bb pour machine \u00e0 tricoter<\/h3>\n<p>Pour tout mod\u00e8le de Machines \u00e0 Tricoter \u00e0 cartes perfor\u00e9es, adaptez ainsi votre machine en suivant les tables d&rsquo;op\u00e9ration.<\/p>\n<p>Chaque mod\u00e8le de carte est rang\u00e9 par collection. Toutes les cartes sont illustr\u00e9es ici par une image.\u00a0Chaque carte vous offre plusieurs possibilit\u00e9s de points.<\/p>\n<p>Ce pack de cartes perfor\u00e9es inclus 10 cartes allant du num\u00e9ro 211 \u00e0 220.<\/p>\n","protected":false},"excerpt":{"rendered":"<p>Cartes perfor\u00e9es n\u00b007 \u00ab\u00a0Fair Isle\u00a0\u00bb pour machine \u00e0 tricoter Pour tout mod\u00e8le de Machines \u00e0 Tricoter \u00e0 cartes perfor\u00e9es, adaptez ainsi votre machine en suivant les tables d&rsquo;op\u00e9ration. Chaque mod\u00e8le de carte est rang\u00e9 par collection. Toutes les cartes sont illustr\u00e9es ici par une image.\u00a0Chaque carte vous offre plusieurs possibilit\u00e9s de points. Ce pack de&hellip;<\/p>\n","protected":false},"featured_media":2057,"comment_status":"open","ping_status":"closed","template":"","meta":{"om_disable_all_campaigns":false,"_monsterinsights_skip_tracking":false,"_monsterinsights_sitenote_active":false,"_monsterinsights_sitenote_note":"","_monsterinsights_sitenote_category":0,"_uf_show_specific_survey":0,"_uf_disable_surveys":false},"product_brand":[],"product_cat":[15],"product_tag":[],"giftcard-category":[],"class_list":{"0":"post-2056","1":"product","2":"type-product","3":"status-publish","4":"has-post-thumbnail","6":"product_cat-non-classe","8":"first","9":"instock","10":"shipping-taxable","11":"purchasable","12":"product-type-simple"},"aioseo_notices":[],"jetpack_sharing_enabled":true,"_links":{"self":[{"href":"https:\/\/berninabrussels.be\/index.php?rest_route=\/wp\/v2\/product\/2056","targetHints":{"allow":["GET"]}}],"collection":[{"href":"https:\/\/berninabrussels.be\/index.php?rest_route=\/wp\/v2\/product"}],"about":[{"href":"https:\/\/berninabrussels.be\/index.php?rest_route=\/wp\/v2\/types\/product"}],"replies":[{"embeddable":true,"href":"https:\/\/berninabrussels.be\/index.php?rest_route=%2Fwp%2Fv2%2Fcomments&post=2056"}],"wp:featuredmedia":[{"embeddable":true,"href":"https:\/\/berninabrussels.be\/index.php?rest_route=\/wp\/v2\/media\/2057"}],"wp:attachment":[{"href":"https:\/\/berninabrussels.be\/index.php?rest_route=%2Fwp%2Fv2%2Fmedia&parent=2056"}],"wp:term":[{"taxonomy":"product_brand","embeddable":true,"href":"https:\/\/berninabrussels.be\/index.php?rest_route=%2Fwp%2Fv2%2Fproduct_brand&post=2056"},{"taxonomy":"product_cat","embeddable":true,"href":"https:\/\/berninabrussels.be\/index.php?rest_route=%2Fwp%2Fv2%2Fproduct_cat&post=2056"},{"taxonomy":"product_tag","embeddable":true,"href":"https:\/\/berninabrussels.be\/index.php?rest_route=%2Fwp%2Fv2%2Fproduct_tag&post=2056"},{"taxonomy":"giftcard-category","embeddable":true,"href":"https:\/\/berninabrussels.be\/index.php?rest_route=%2Fwp%2Fv2%2Fgiftcard-category&post=2056"}],"curies":[{"name":"wp","href":"https:\/\/api.w.org\/{rel}","templated":true}]}}