{"id":1919,"date":"2023-05-11T10:12:33","date_gmt":"2023-05-11T08:12:33","guid":{"rendered":"https:\/\/berninabrussels.be\/?post_type=product&#038;p=1919"},"modified":"2023-05-11T10:12:34","modified_gmt":"2023-05-11T08:12:34","slug":"jack-t1377-e-pose-bouton","status":"publish","type":"product","link":"https:\/\/berninabrussels.be\/?product=jack-t1377-e-pose-bouton","title":{"rendered":"JACK T1377 E Pose bouton"},"content":{"rendered":"<h3>Machine \u00e0 coudre pose boutons industrielle JACK JK-T1377E<\/h3>\n<h3>Trois mod\u00e8les &#8211; Changement facile<\/h3>\n<p>Une machine avec trois mod\u00e8les de fixation de boutons.<\/p>\n<p>Il suffit de tourner la manette pour en changer facilement.<\/p>\n<h3>Int\u00e9gration et \u00e9conomie d&rsquo;\u00e9nergie<\/h3>\n<p>Bo\u00eetier de contr\u00f4le int\u00e9gr\u00e9, permettant d&rsquo;\u00e9conomiser 71% d&rsquo;\u00e9nergie.<\/p>\n<h3>Configuration intelligente &#8211; Travail moindre &#8211; Plus d&rsquo;efficacit\u00e9<\/h3>\n<div class=\"heading-divider\"><\/div>\n<p>La lev\u00e9e et le r\u00e9glage automatique du pied presseur, contr\u00f4l\u00e9s par un aimant, assurent des performances plus stables, lib\u00e8rent du temps de travail et am\u00e9liorent grandement l&rsquo;efficacit\u00e9 du travail.<\/p>\n<h3>Utilisation facile &#8211; Changement pratique<\/h3>\n<div class=\"heading-divider\"><\/div>\n<p>Le bouton du panneau de commande permet de choisir facilement la quantit\u00e9 de points, la pression de levage et de r\u00e9gler divers param\u00e8tres.<\/p>\n<h3>La lumi\u00e8re LED prot\u00e8ge les yeux de chaque op\u00e9rateur<\/h3>\n<div class=\"heading-divider\"><\/div>\n<p>Assurer un filage pr\u00e9cis, et ne pas solliciter les yeux.<\/p>\n<h3>Optimisation de l&rsquo;engrenage excentrique &#8211; Un fonctionnement plus stable<\/h3>\n<div class=\"heading-divider\"><\/div>\n<p>Faible vibration et am\u00e9liore consid\u00e9rablement la dur\u00e9e de vie et la qualit\u00e9 de la machine.<\/p>\n","protected":false},"excerpt":{"rendered":"<p>Machine \u00e0 coudre pose boutons industrielle JACK JK-T1377E Trois mod\u00e8les &#8211; Changement facile Une machine avec trois mod\u00e8les de fixation de boutons. Il suffit de tourner la manette pour en changer facilement. Int\u00e9gration et \u00e9conomie d&rsquo;\u00e9nergie Bo\u00eetier de contr\u00f4le int\u00e9gr\u00e9, permettant d&rsquo;\u00e9conomiser 71% d&rsquo;\u00e9nergie. Configuration intelligente &#8211; Travail moindre &#8211; Plus d&rsquo;efficacit\u00e9 La lev\u00e9e et&hellip;<\/p>\n","protected":false},"featured_media":1920,"comment_status":"open","ping_status":"closed","template":"","meta":{"om_disable_all_campaigns":false,"_monsterinsights_skip_tracking":false,"_monsterinsights_sitenote_active":false,"_monsterinsights_sitenote_note":"","_monsterinsights_sitenote_category":0,"_uf_show_specific_survey":0,"_uf_disable_surveys":false},"product_brand":[],"product_cat":[29,32,70],"product_tag":[],"giftcard-category":[],"class_list":{"0":"post-1919","1":"product","2":"type-product","3":"status-publish","4":"has-post-thumbnail","6":"product_cat-machines","7":"product_cat-machines-professionnelles","8":"product_cat-machines-speciales","10":"first","11":"instock","12":"shipping-taxable","13":"purchasable","14":"product-type-simple"},"aioseo_notices":[],"jetpack_sharing_enabled":true,"_links":{"self":[{"href":"https:\/\/berninabrussels.be\/index.php?rest_route=\/wp\/v2\/product\/1919","targetHints":{"allow":["GET"]}}],"collection":[{"href":"https:\/\/berninabrussels.be\/index.php?rest_route=\/wp\/v2\/product"}],"about":[{"href":"https:\/\/berninabrussels.be\/index.php?rest_route=\/wp\/v2\/types\/product"}],"replies":[{"embeddable":true,"href":"https:\/\/berninabrussels.be\/index.php?rest_route=%2Fwp%2Fv2%2Fcomments&post=1919"}],"wp:featuredmedia":[{"embeddable":true,"href":"https:\/\/berninabrussels.be\/index.php?rest_route=\/wp\/v2\/media\/1920"}],"wp:attachment":[{"href":"https:\/\/berninabrussels.be\/index.php?rest_route=%2Fwp%2Fv2%2Fmedia&parent=1919"}],"wp:term":[{"taxonomy":"product_brand","embeddable":true,"href":"https:\/\/berninabrussels.be\/index.php?rest_route=%2Fwp%2Fv2%2Fproduct_brand&post=1919"},{"taxonomy":"product_cat","embeddable":true,"href":"https:\/\/berninabrussels.be\/index.php?rest_route=%2Fwp%2Fv2%2Fproduct_cat&post=1919"},{"taxonomy":"product_tag","embeddable":true,"href":"https:\/\/berninabrussels.be\/index.php?rest_route=%2Fwp%2Fv2%2Fproduct_tag&post=1919"},{"taxonomy":"giftcard-category","embeddable":true,"href":"https:\/\/berninabrussels.be\/index.php?rest_route=%2Fwp%2Fv2%2Fgiftcard-category&post=1919"}],"curies":[{"name":"wp","href":"https:\/\/api.w.org\/{rel}","templated":true}]}}