{"id":1709,"date":"2023-05-10T17:17:03","date_gmt":"2023-05-10T15:17:03","guid":{"rendered":"https:\/\/berninabrussels.be\/?post_type=product&#038;p=1709"},"modified":"2023-05-10T17:17:03","modified_gmt":"2023-05-10T15:17:03","slug":"pied-fronceur-metal-p50m-2mm","status":"publish","type":"product","link":"https:\/\/berninabrussels.be\/?product=pied-fronceur-metal-p50m-2mm","title":{"rendered":"Pied fronceur m\u00e9tal P50M 2mm"},"content":{"rendered":"<p><b><span style=\"font-size: medium;\">Pied fronceur m\u00e9tal P50M 2mm\u00a0industrielle<\/span><\/b><\/p>\n<div>Le pied pour fronces est con\u00e7u pour froncer des tissus l\u00e9gers \u00e0 mi-lourds. Le tissu est entra\u00een\u00e9 de fa\u00e7on irr\u00e9guli\u00e8re durant la couture, ce qui lui conf\u00e8re ces fronces caract\u00e9ristiques.<\/div>\n<div><\/div>\n<div>La rainure sp\u00e9ciale du pied pour fronces permet \u00e9galement de froncer un tissu et de le coudre en m\u00eame temps sur un tissu lisse. Le tissu lisse est ins\u00e9r\u00e9 dans la rainure, ce qui garantit qu&rsquo;il ne sera pas fronc\u00e9 en m\u00eame temps.<\/div>\n<div>\n<p>La semelle ne repose pas parfaitement \u00e0 plat sur les griffes d&rsquo;entra\u00eenement.<br \/>\nLe tissus avance donc irr\u00e9guli\u00e8rement et fronce. La rainure du pied permet de froncer simultan\u00e9ment un tissu et de le coudre sur un tissu lisse.\u00a0La fonction de b\u00e2ti permet de froncer des tissus \u00e9pais et une tension \u00e9lev\u00e9e du fil de r\u00e9aliser des fronces plus denses sur tous les tissus.<\/p><\/div>\n","protected":false},"excerpt":{"rendered":"<p>Pied fronceur m\u00e9tal P50M 2mm\u00a0industrielle Le pied pour fronces est con\u00e7u pour froncer des tissus l\u00e9gers \u00e0 mi-lourds. Le tissu est entra\u00een\u00e9 de fa\u00e7on irr\u00e9guli\u00e8re durant la couture, ce qui lui conf\u00e8re ces fronces caract\u00e9ristiques. La rainure sp\u00e9ciale du pied pour fronces permet \u00e9galement de froncer un tissu et de le coudre en m\u00eame temps&hellip;<\/p>\n","protected":false},"featured_media":1716,"comment_status":"open","ping_status":"closed","template":"","meta":{"om_disable_all_campaigns":false,"_monsterinsights_skip_tracking":false,"_monsterinsights_sitenote_active":false,"_monsterinsights_sitenote_note":"","_monsterinsights_sitenote_category":0,"_uf_show_specific_survey":0,"_uf_disable_surveys":false},"product_brand":[],"product_cat":[211],"product_tag":[],"giftcard-category":[],"class_list":{"0":"post-1709","1":"product","2":"type-product","3":"status-publish","4":"has-post-thumbnail","6":"product_cat-pieds","8":"first","9":"instock","10":"shipping-taxable","11":"product-type-simple"},"aioseo_notices":[],"jetpack_sharing_enabled":true,"_links":{"self":[{"href":"https:\/\/berninabrussels.be\/index.php?rest_route=\/wp\/v2\/product\/1709","targetHints":{"allow":["GET"]}}],"collection":[{"href":"https:\/\/berninabrussels.be\/index.php?rest_route=\/wp\/v2\/product"}],"about":[{"href":"https:\/\/berninabrussels.be\/index.php?rest_route=\/wp\/v2\/types\/product"}],"replies":[{"embeddable":true,"href":"https:\/\/berninabrussels.be\/index.php?rest_route=%2Fwp%2Fv2%2Fcomments&post=1709"}],"wp:featuredmedia":[{"embeddable":true,"href":"https:\/\/berninabrussels.be\/index.php?rest_route=\/wp\/v2\/media\/1716"}],"wp:attachment":[{"href":"https:\/\/berninabrussels.be\/index.php?rest_route=%2Fwp%2Fv2%2Fmedia&parent=1709"}],"wp:term":[{"taxonomy":"product_brand","embeddable":true,"href":"https:\/\/berninabrussels.be\/index.php?rest_route=%2Fwp%2Fv2%2Fproduct_brand&post=1709"},{"taxonomy":"product_cat","embeddable":true,"href":"https:\/\/berninabrussels.be\/index.php?rest_route=%2Fwp%2Fv2%2Fproduct_cat&post=1709"},{"taxonomy":"product_tag","embeddable":true,"href":"https:\/\/berninabrussels.be\/index.php?rest_route=%2Fwp%2Fv2%2Fproduct_tag&post=1709"},{"taxonomy":"giftcard-category","embeddable":true,"href":"https:\/\/berninabrussels.be\/index.php?rest_route=%2Fwp%2Fv2%2Fgiftcard-category&post=1709"}],"curies":[{"name":"wp","href":"https:\/\/api.w.org\/{rel}","templated":true}]}}