{"id":1571,"date":"2023-05-09T22:38:01","date_gmt":"2023-05-09T20:38:01","guid":{"rendered":"https:\/\/berninabrussels.be\/?post_type=product&#038;p=1571"},"modified":"2023-05-09T22:39:21","modified_gmt":"2023-05-09T20:39:21","slug":"aiguille-microtex-soie-sb5-2","status":"publish","type":"product","link":"https:\/\/berninabrussels.be\/?product=aiguille-microtex-soie-sb5-2","title":{"rendered":"Aiguille microtex, soie (SB5)"},"content":{"rendered":"<h3>Syst\u00e8me 130\/705H Bo\u00eete de 5 aiguilles 5 MICROTEX, SOIE<\/h3>\n<p>Avec\u00a0pointe particuli\u00e8rement fine et pointue pour faciliter la perforation de tissus tr\u00e8s fins ou de mati\u00e8res tr\u00e8s denses.<\/p>\n<p>Pour des points particuli\u00e8rement droit lors du piquage de bordures, \u00e9galement pour la soie, microfibre, mati\u00e8res enduites, membranes, doublures et simili-cuir.<\/p>\n","protected":false},"excerpt":{"rendered":"<p>Syst\u00e8me 130\/705H Bo\u00eete de 5 aiguilles 5 MICROTEX, SOIE Avec\u00a0pointe particuli\u00e8rement fine et pointue pour faciliter la perforation de tissus tr\u00e8s fins ou de mati\u00e8res tr\u00e8s denses. Pour des points particuli\u00e8rement droit lors du piquage de bordures, \u00e9galement pour la soie, microfibre, mati\u00e8res enduites, membranes, doublures et simili-cuir.<\/p>\n","protected":false},"featured_media":1575,"comment_status":"open","ping_status":"closed","template":"","meta":{"om_disable_all_campaigns":false,"_monsterinsights_skip_tracking":false,"_monsterinsights_sitenote_active":false,"_monsterinsights_sitenote_note":"","_monsterinsights_sitenote_category":0,"_uf_show_specific_survey":0,"_uf_disable_surveys":false},"product_brand":[],"product_cat":[42,112,47],"product_tag":[],"giftcard-category":[],"class_list":{"0":"post-1571","1":"product","2":"type-product","3":"status-publish","4":"has-post-thumbnail","6":"product_cat-accesoires","7":"product_cat-aiguilles-surjeteuse","8":"product_cat-aiguilles","10":"first","11":"instock","12":"shipping-taxable","13":"purchasable","14":"product-type-variable"},"aioseo_notices":[],"jetpack_sharing_enabled":true,"_links":{"self":[{"href":"https:\/\/berninabrussels.be\/index.php?rest_route=\/wp\/v2\/product\/1571","targetHints":{"allow":["GET"]}}],"collection":[{"href":"https:\/\/berninabrussels.be\/index.php?rest_route=\/wp\/v2\/product"}],"about":[{"href":"https:\/\/berninabrussels.be\/index.php?rest_route=\/wp\/v2\/types\/product"}],"replies":[{"embeddable":true,"href":"https:\/\/berninabrussels.be\/index.php?rest_route=%2Fwp%2Fv2%2Fcomments&post=1571"}],"wp:featuredmedia":[{"embeddable":true,"href":"https:\/\/berninabrussels.be\/index.php?rest_route=\/wp\/v2\/media\/1575"}],"wp:attachment":[{"href":"https:\/\/berninabrussels.be\/index.php?rest_route=%2Fwp%2Fv2%2Fmedia&parent=1571"}],"wp:term":[{"taxonomy":"product_brand","embeddable":true,"href":"https:\/\/berninabrussels.be\/index.php?rest_route=%2Fwp%2Fv2%2Fproduct_brand&post=1571"},{"taxonomy":"product_cat","embeddable":true,"href":"https:\/\/berninabrussels.be\/index.php?rest_route=%2Fwp%2Fv2%2Fproduct_cat&post=1571"},{"taxonomy":"product_tag","embeddable":true,"href":"https:\/\/berninabrussels.be\/index.php?rest_route=%2Fwp%2Fv2%2Fproduct_tag&post=1571"},{"taxonomy":"giftcard-category","embeddable":true,"href":"https:\/\/berninabrussels.be\/index.php?rest_route=%2Fwp%2Fv2%2Fgiftcard-category&post=1571"}],"curies":[{"name":"wp","href":"https:\/\/api.w.org\/{rel}","templated":true}]}}