{"id":1562,"date":"2023-05-09T22:34:29","date_gmt":"2023-05-09T20:34:29","guid":{"rendered":"https:\/\/berninabrussels.be\/?post_type=product&#038;p=1562"},"modified":"2023-05-09T22:36:16","modified_gmt":"2023-05-09T20:36:16","slug":"aiguille-jeans-denim-sb5-2","status":"publish","type":"product","link":"https:\/\/berninabrussels.be\/?product=aiguille-jeans-denim-sb5-2","title":{"rendered":"Aiguille Jeans (denim) (SB5)"},"content":{"rendered":"<h3>Syst\u00e8me 130\/705H Bo\u00eete de 5 aiguilles JEANS \/ DENIMS<\/h3>\n<p>Avec pointe \u00e0 bille moyenne p\u00e9n\u00e8tre plus facilement les tissus \u00e9pais et serr\u00e9s sans ab\u00eemer la mati\u00e8re. La tige renforc\u00e9e d\u00e9vie moins et r\u00e9duit le risque de points de manque et de casses d&rsquo;aiguilles.<\/p>\n<p>Pour le Denim (jeans) et mati\u00e8res semblables tr\u00e8s serr\u00e9es.<\/p>\n<p>Marquage couleur : bleu<\/p>\n<p><b>Grosseurs d&rsquo;aiguilles NM\u00a0<\/b><\/p>\n<div>&#8211; 90.<\/div>\n<div>&#8211; 100.<\/div>\n<div>&#8211; 110.<\/div>\n","protected":false},"excerpt":{"rendered":"<p>Syst\u00e8me 130\/705H Bo\u00eete de 5 aiguilles JEANS \/ DENIMS Avec pointe \u00e0 bille moyenne p\u00e9n\u00e8tre plus facilement les tissus \u00e9pais et serr\u00e9s sans ab\u00eemer la mati\u00e8re. La tige renforc\u00e9e d\u00e9vie moins et r\u00e9duit le risque de points de manque et de casses d&rsquo;aiguilles. Pour le Denim (jeans) et mati\u00e8res semblables tr\u00e8s serr\u00e9es. Marquage couleur :&hellip;<\/p>\n","protected":false},"featured_media":1566,"comment_status":"open","ping_status":"closed","template":"","meta":{"om_disable_all_campaigns":false,"_monsterinsights_skip_tracking":false,"_monsterinsights_sitenote_active":false,"_monsterinsights_sitenote_note":"","_monsterinsights_sitenote_category":0,"_uf_show_specific_survey":0,"_uf_disable_surveys":false},"product_brand":[],"product_cat":[42,112,47],"product_tag":[],"giftcard-category":[],"class_list":{"0":"post-1562","1":"product","2":"type-product","3":"status-publish","4":"has-post-thumbnail","6":"product_cat-accesoires","7":"product_cat-aiguilles-surjeteuse","8":"product_cat-aiguilles","10":"first","11":"instock","12":"shipping-taxable","13":"purchasable","14":"product-type-variable"},"aioseo_notices":[],"jetpack_sharing_enabled":true,"_links":{"self":[{"href":"https:\/\/berninabrussels.be\/index.php?rest_route=\/wp\/v2\/product\/1562","targetHints":{"allow":["GET"]}}],"collection":[{"href":"https:\/\/berninabrussels.be\/index.php?rest_route=\/wp\/v2\/product"}],"about":[{"href":"https:\/\/berninabrussels.be\/index.php?rest_route=\/wp\/v2\/types\/product"}],"replies":[{"embeddable":true,"href":"https:\/\/berninabrussels.be\/index.php?rest_route=%2Fwp%2Fv2%2Fcomments&post=1562"}],"wp:featuredmedia":[{"embeddable":true,"href":"https:\/\/berninabrussels.be\/index.php?rest_route=\/wp\/v2\/media\/1566"}],"wp:attachment":[{"href":"https:\/\/berninabrussels.be\/index.php?rest_route=%2Fwp%2Fv2%2Fmedia&parent=1562"}],"wp:term":[{"taxonomy":"product_brand","embeddable":true,"href":"https:\/\/berninabrussels.be\/index.php?rest_route=%2Fwp%2Fv2%2Fproduct_brand&post=1562"},{"taxonomy":"product_cat","embeddable":true,"href":"https:\/\/berninabrussels.be\/index.php?rest_route=%2Fwp%2Fv2%2Fproduct_cat&post=1562"},{"taxonomy":"product_tag","embeddable":true,"href":"https:\/\/berninabrussels.be\/index.php?rest_route=%2Fwp%2Fv2%2Fproduct_tag&post=1562"},{"taxonomy":"giftcard-category","embeddable":true,"href":"https:\/\/berninabrussels.be\/index.php?rest_route=%2Fwp%2Fv2%2Fgiftcard-category&post=1562"}],"curies":[{"name":"wp","href":"https:\/\/api.w.org\/{rel}","templated":true}]}}