{"id":1550,"date":"2023-05-09T22:29:13","date_gmt":"2023-05-09T20:29:13","guid":{"rendered":"https:\/\/berninabrussels.be\/?post_type=product&#038;p=1550"},"modified":"2023-05-09T22:30:04","modified_gmt":"2023-05-09T20:30:04","slug":"tapis-aiguilles-schmetz","status":"publish","type":"product","link":"https:\/\/berninabrussels.be\/?product=tapis-aiguilles-schmetz","title":{"rendered":"Tapis aiguilles SCHMETZ"},"content":{"rendered":"<h3>Tapis d&rsquo;organisation pour aiguilles Schmetz<\/h3>\n<ul>\n<li><i class=\"fa fa-check fa-fw text-success\"><\/i>\u00a0Aiguilles machines non incluses<\/li>\n<li><i class=\"fa fa-check fa-fw text-success\"><\/i>\u00a0Format du tapis: 17 x 17cm &#8211; 6,75 x 6,75 Inchs<\/li>\n<li><i class=\"fa fa-check fa-fw text-success\"><\/i>\u00a0Couleur: Feutre gris fonc\u00e9 et marquage en couleurs<\/li>\n<\/ul>\n<p>Fini la frustration des aiguilles en vrac dans votre trousse de couture !<\/p>\n<p>Organisez vos diff\u00e9rentes aiguilles pour machine \u00e0 coudre par type et taille d&rsquo;aiguille. Les types d&rsquo;aiguilles sont cod\u00e9s par couleur avec le nuancier SCHMETZ. Glissez simplement l&rsquo;aiguille dans la case de type et de taille appropri\u00e9e sur ce tampon en feutre super \u00e9pais. Une \u00e9pingle fleur est jointe au tapis pour marquer l&#8217;emplacement de l&rsquo;aiguille qui est actuellement utilis\u00e9e sur la machine. Presque tous les types et tailles d&rsquo;aiguilles sont repr\u00e9sent\u00e9s.<\/p>\n","protected":false},"excerpt":{"rendered":"<p>Tapis d&rsquo;organisation pour aiguilles Schmetz \u00a0Aiguilles machines non incluses \u00a0Format du tapis: 17 x 17cm &#8211; 6,75 x 6,75 Inchs \u00a0Couleur: Feutre gris fonc\u00e9 et marquage en couleurs Fini la frustration des aiguilles en vrac dans votre trousse de couture ! Organisez vos diff\u00e9rentes aiguilles pour machine \u00e0 coudre par type et taille d&rsquo;aiguille. Les&hellip;<\/p>\n","protected":false},"featured_media":1551,"comment_status":"open","ping_status":"closed","template":"","meta":{"om_disable_all_campaigns":false,"_monsterinsights_skip_tracking":false,"_monsterinsights_sitenote_active":false,"_monsterinsights_sitenote_note":"","_monsterinsights_sitenote_category":0,"_uf_show_specific_survey":0,"_uf_disable_surveys":false},"product_brand":[],"product_cat":[235],"product_tag":[],"giftcard-category":[],"class_list":{"0":"post-1550","1":"product","2":"type-product","3":"status-publish","4":"has-post-thumbnail","6":"product_cat-autre-235","8":"first","9":"instock","10":"shipping-taxable","11":"purchasable","12":"product-type-simple"},"aioseo_notices":[],"jetpack_sharing_enabled":true,"_links":{"self":[{"href":"https:\/\/berninabrussels.be\/index.php?rest_route=\/wp\/v2\/product\/1550","targetHints":{"allow":["GET"]}}],"collection":[{"href":"https:\/\/berninabrussels.be\/index.php?rest_route=\/wp\/v2\/product"}],"about":[{"href":"https:\/\/berninabrussels.be\/index.php?rest_route=\/wp\/v2\/types\/product"}],"replies":[{"embeddable":true,"href":"https:\/\/berninabrussels.be\/index.php?rest_route=%2Fwp%2Fv2%2Fcomments&post=1550"}],"wp:featuredmedia":[{"embeddable":true,"href":"https:\/\/berninabrussels.be\/index.php?rest_route=\/wp\/v2\/media\/1551"}],"wp:attachment":[{"href":"https:\/\/berninabrussels.be\/index.php?rest_route=%2Fwp%2Fv2%2Fmedia&parent=1550"}],"wp:term":[{"taxonomy":"product_brand","embeddable":true,"href":"https:\/\/berninabrussels.be\/index.php?rest_route=%2Fwp%2Fv2%2Fproduct_brand&post=1550"},{"taxonomy":"product_cat","embeddable":true,"href":"https:\/\/berninabrussels.be\/index.php?rest_route=%2Fwp%2Fv2%2Fproduct_cat&post=1550"},{"taxonomy":"product_tag","embeddable":true,"href":"https:\/\/berninabrussels.be\/index.php?rest_route=%2Fwp%2Fv2%2Fproduct_tag&post=1550"},{"taxonomy":"giftcard-category","embeddable":true,"href":"https:\/\/berninabrussels.be\/index.php?rest_route=%2Fwp%2Fv2%2Fgiftcard-category&post=1550"}],"curies":[{"name":"wp","href":"https:\/\/api.w.org\/{rel}","templated":true}]}}