{"id":1314,"date":"2023-05-09T21:23:06","date_gmt":"2023-05-09T19:23:06","guid":{"rendered":"https:\/\/berninabrussels.be\/?post_type=product&#038;p=1314"},"modified":"2023-05-09T21:24:55","modified_gmt":"2023-05-09T19:24:55","slug":"aiguille-double-chas-705de-sb5","status":"publish","type":"product","link":"https:\/\/berninabrussels.be\/?product=aiguille-double-chas-705de-sb5","title":{"rendered":"Aiguille double chas 705DE (SB5)"},"content":{"rendered":"<h3>Syst\u00e8me 705 DE &#8211; Bo\u00eete de 5 aiguilles double chas &#8211; Schmetz<\/h3>\n<p>Avec deux chas pour couture d\u00e9coratives avec fils \u00e0 effet.<br \/>\nElle peut aussi permettre de faire du faufilage.<br \/>\nMarquage couleur : aucun<\/p>\n","protected":false},"excerpt":{"rendered":"<p>Syst\u00e8me 705 DE &#8211; Bo\u00eete de 5 aiguilles double chas &#8211; Schmetz Avec deux chas pour couture d\u00e9coratives avec fils \u00e0 effet. Elle peut aussi permettre de faire du faufilage. Marquage couleur : aucun<\/p>\n","protected":false},"featured_media":1327,"comment_status":"open","ping_status":"closed","template":"","meta":{"om_disable_all_campaigns":false,"_monsterinsights_skip_tracking":false,"_monsterinsights_sitenote_active":false,"_monsterinsights_sitenote_note":"","_monsterinsights_sitenote_category":0,"_uf_show_specific_survey":0,"_uf_disable_surveys":false},"product_brand":[],"product_cat":[42,105,47],"product_tag":[],"giftcard-category":[],"class_list":{"0":"post-1314","1":"product","2":"type-product","3":"status-publish","4":"has-post-thumbnail","6":"product_cat-accesoires","7":"product_cat-aiguille-machine-a-coudre","8":"product_cat-aiguilles","10":"first","11":"instock","12":"shipping-taxable","13":"purchasable","14":"product-type-variable"},"aioseo_notices":[],"jetpack_sharing_enabled":true,"_links":{"self":[{"href":"https:\/\/berninabrussels.be\/index.php?rest_route=\/wp\/v2\/product\/1314","targetHints":{"allow":["GET"]}}],"collection":[{"href":"https:\/\/berninabrussels.be\/index.php?rest_route=\/wp\/v2\/product"}],"about":[{"href":"https:\/\/berninabrussels.be\/index.php?rest_route=\/wp\/v2\/types\/product"}],"replies":[{"embeddable":true,"href":"https:\/\/berninabrussels.be\/index.php?rest_route=%2Fwp%2Fv2%2Fcomments&post=1314"}],"wp:featuredmedia":[{"embeddable":true,"href":"https:\/\/berninabrussels.be\/index.php?rest_route=\/wp\/v2\/media\/1327"}],"wp:attachment":[{"href":"https:\/\/berninabrussels.be\/index.php?rest_route=%2Fwp%2Fv2%2Fmedia&parent=1314"}],"wp:term":[{"taxonomy":"product_brand","embeddable":true,"href":"https:\/\/berninabrussels.be\/index.php?rest_route=%2Fwp%2Fv2%2Fproduct_brand&post=1314"},{"taxonomy":"product_cat","embeddable":true,"href":"https:\/\/berninabrussels.be\/index.php?rest_route=%2Fwp%2Fv2%2Fproduct_cat&post=1314"},{"taxonomy":"product_tag","embeddable":true,"href":"https:\/\/berninabrussels.be\/index.php?rest_route=%2Fwp%2Fv2%2Fproduct_tag&post=1314"},{"taxonomy":"giftcard-category","embeddable":true,"href":"https:\/\/berninabrussels.be\/index.php?rest_route=%2Fwp%2Fv2%2Fgiftcard-category&post=1314"}],"curies":[{"name":"wp","href":"https:\/\/api.w.org\/{rel}","templated":true}]}}