{"id":1267,"date":"2023-05-09T20:45:32","date_gmt":"2023-05-09T18:45:32","guid":{"rendered":"https:\/\/berninabrussels.be\/?post_type=product&#038;p=1267"},"modified":"2025-05-25T19:58:07","modified_gmt":"2025-05-25T17:58:07","slug":"bernina-collection-de-broderie-the-halls-21018-dw-cd","status":"publish","type":"product","link":"https:\/\/berninabrussels.be\/?product=bernina-collection-de-broderie-the-halls-21018-dw-cd","title":{"rendered":"BERNINA COLLECTION DE BRODERIE THE HALLS # 21018 DW CD"},"content":{"rendered":"<p>Deck the Halls propose un \u00e9ventail de 15 motifs de f\u00eate DesignWorks, des flocons de neige, des ornements\u00a0qui peuvent \u00eatre utilis\u00e9s de diverses fa\u00e7ons pour\u00a0votre d\u00e9coration durant les f\u00eates. Combinez les motifs de PaintWork, de CrystalWork et de CutWork et d\u00e9corer vos cadeaux de No\u00ebl pour\u00a0votre famille et\u00a0vos amis.<\/p>\n<div>Ce CD en multi-formats contient les fichiers dans les formats suivants \u00ab\u00a0.EXP\u00a0\u00bb, \u00ab\u00a0.ART\u00a0\u00bb, \u00ab\u00a0.PES\u00a0\u00bb, \u00ab\u00a0.PCS\u00a0\u00bb, \u00ab\u00a0.DST\u00a0\u00bb, \u00ab\u00a0.HUS\u00a0\u00bb, \u00ab\u00a0.JEF\u00a0\u00bb, \u00ab\u00a0.XXX\u00a0\u00bb, \u00ab\u00a0.VIP\u00a0\u00bb, \u00ab\u00a0.VP3\u00a0\u00bb und \u00ab\u00a0.SEW\u00a0\u00bb.<\/div>\n","protected":false},"excerpt":{"rendered":"<p>Deck the Halls propose un \u00e9ventail de 15 motifs de f\u00eate DesignWorks, des flocons de neige, des ornements\u00a0qui peuvent \u00eatre utilis\u00e9s de diverses fa\u00e7ons pour\u00a0votre d\u00e9coration durant les f\u00eates. Combinez les motifs de PaintWork, de CrystalWork et de CutWork et d\u00e9corer vos cadeaux de No\u00ebl pour\u00a0votre famille et\u00a0vos amis. Ce CD en multi-formats contient les&hellip;<\/p>\n","protected":false},"featured_media":1268,"comment_status":"open","ping_status":"closed","template":"","meta":{"om_disable_all_campaigns":false,"_monsterinsights_skip_tracking":false,"_monsterinsights_sitenote_active":false,"_monsterinsights_sitenote_note":"","_monsterinsights_sitenote_category":0,"_uf_show_specific_survey":0,"_uf_disable_surveys":false},"product_brand":[],"product_cat":[127],"product_tag":[],"giftcard-category":[],"class_list":{"0":"post-1267","1":"product","2":"type-product","3":"status-publish","4":"has-post-thumbnail","6":"product_cat-logiciel-et-pack-de-broderies","8":"first","9":"instock","10":"shipping-taxable","11":"purchasable","12":"product-type-simple"},"aioseo_notices":[],"jetpack_sharing_enabled":true,"_links":{"self":[{"href":"https:\/\/berninabrussels.be\/index.php?rest_route=\/wp\/v2\/product\/1267","targetHints":{"allow":["GET"]}}],"collection":[{"href":"https:\/\/berninabrussels.be\/index.php?rest_route=\/wp\/v2\/product"}],"about":[{"href":"https:\/\/berninabrussels.be\/index.php?rest_route=\/wp\/v2\/types\/product"}],"replies":[{"embeddable":true,"href":"https:\/\/berninabrussels.be\/index.php?rest_route=%2Fwp%2Fv2%2Fcomments&post=1267"}],"wp:featuredmedia":[{"embeddable":true,"href":"https:\/\/berninabrussels.be\/index.php?rest_route=\/wp\/v2\/media\/1268"}],"wp:attachment":[{"href":"https:\/\/berninabrussels.be\/index.php?rest_route=%2Fwp%2Fv2%2Fmedia&parent=1267"}],"wp:term":[{"taxonomy":"product_brand","embeddable":true,"href":"https:\/\/berninabrussels.be\/index.php?rest_route=%2Fwp%2Fv2%2Fproduct_brand&post=1267"},{"taxonomy":"product_cat","embeddable":true,"href":"https:\/\/berninabrussels.be\/index.php?rest_route=%2Fwp%2Fv2%2Fproduct_cat&post=1267"},{"taxonomy":"product_tag","embeddable":true,"href":"https:\/\/berninabrussels.be\/index.php?rest_route=%2Fwp%2Fv2%2Fproduct_tag&post=1267"},{"taxonomy":"giftcard-category","embeddable":true,"href":"https:\/\/berninabrussels.be\/index.php?rest_route=%2Fwp%2Fv2%2Fgiftcard-category&post=1267"}],"curies":[{"name":"wp","href":"https:\/\/api.w.org\/{rel}","templated":true}]}}