{"id":1235,"date":"2023-05-09T20:20:51","date_gmt":"2023-05-09T18:20:51","guid":{"rendered":"https:\/\/berninabrussels.be\/?post_type=product&#038;p=1235"},"modified":"2023-05-09T20:22:06","modified_gmt":"2023-05-09T18:22:06","slug":"bernina-designworks-sepia-petals-companion-crystal-et-paintwork","status":"publish","type":"product","link":"https:\/\/berninabrussels.be\/?product=bernina-designworks-sepia-petals-companion-crystal-et-paintwork","title":{"rendered":"BERNINA DESIGNWORKS SEPIA PETALS COMPANION (CRYSTAL ET PAINTWORK)"},"content":{"rendered":"<h2>BERNINA DesignWorks Sepia Petals Companion \u2013 d\u00e9cuplez votre cr\u00e9ativit\u00e9<\/h2>\n<p>La Collection DesignWorks Sepia s&rsquo;utilise avec les outils PaintWork et CrystalWork d\u00e9j\u00e0 en votre possession. Il suffit d&rsquo;importer les motifs directement sur votre machine, sans les modifier auparavant dans votre logiciel DesignWorks. Tous les motifs sont disponibles \u00e9galement au format .draw. Ils peuvent \u00eatre personnalis\u00e9s \u00e0 l&rsquo;aide du logiciel DesignWorks Suite. Le CD contient 12 motifs magnifiques \u00e0 utiliser avec CrystalWork et PaintWork. Un cours virtuel vous montrera comment d\u00e9cupler votre potentiel cr\u00e9atif avec CrystalWork et PaintWork. Le CD inclut \u00e9galement la notice acc\u00e9l\u00e9r\u00e9e pour les outils ainsi que le guide d&rsquo;utilisation du logiciel DesignWorks.\u00a0 Ces tutoriels r\u00e9sument l&rsquo;essentiel des informations importantes \u00e0 conna\u00eetre sur votre kit de logiciels DesignWorks et ses diff\u00e9rentes fonctions.<\/p>\n","protected":false},"excerpt":{"rendered":"<p>BERNINA DesignWorks Sepia Petals Companion \u2013 d\u00e9cuplez votre cr\u00e9ativit\u00e9 La Collection DesignWorks Sepia s&rsquo;utilise avec les outils PaintWork et CrystalWork d\u00e9j\u00e0 en votre possession. Il suffit d&rsquo;importer les motifs directement sur votre machine, sans les modifier auparavant dans votre logiciel DesignWorks. Tous les motifs sont disponibles \u00e9galement au format .draw. Ils peuvent \u00eatre personnalis\u00e9s \u00e0&hellip;<\/p>\n","protected":false},"featured_media":1236,"comment_status":"open","ping_status":"closed","template":"","meta":{"om_disable_all_campaigns":false,"_monsterinsights_skip_tracking":false,"_monsterinsights_sitenote_active":false,"_monsterinsights_sitenote_note":"","_monsterinsights_sitenote_category":0,"_uf_show_specific_survey":0,"_uf_disable_surveys":false},"product_brand":[],"product_cat":[42,110,46],"product_tag":[],"giftcard-category":[],"class_list":{"0":"post-1235","1":"product","2":"type-product","3":"status-publish","4":"has-post-thumbnail","6":"product_cat-accesoires","7":"product_cat-logiciel-de-broderie","8":"product_cat-brodeuse","10":"first","11":"instock","12":"shipping-taxable","13":"purchasable","14":"product-type-simple"},"aioseo_notices":[],"jetpack_sharing_enabled":true,"_links":{"self":[{"href":"https:\/\/berninabrussels.be\/index.php?rest_route=\/wp\/v2\/product\/1235","targetHints":{"allow":["GET"]}}],"collection":[{"href":"https:\/\/berninabrussels.be\/index.php?rest_route=\/wp\/v2\/product"}],"about":[{"href":"https:\/\/berninabrussels.be\/index.php?rest_route=\/wp\/v2\/types\/product"}],"replies":[{"embeddable":true,"href":"https:\/\/berninabrussels.be\/index.php?rest_route=%2Fwp%2Fv2%2Fcomments&post=1235"}],"wp:featuredmedia":[{"embeddable":true,"href":"https:\/\/berninabrussels.be\/index.php?rest_route=\/wp\/v2\/media\/1236"}],"wp:attachment":[{"href":"https:\/\/berninabrussels.be\/index.php?rest_route=%2Fwp%2Fv2%2Fmedia&parent=1235"}],"wp:term":[{"taxonomy":"product_brand","embeddable":true,"href":"https:\/\/berninabrussels.be\/index.php?rest_route=%2Fwp%2Fv2%2Fproduct_brand&post=1235"},{"taxonomy":"product_cat","embeddable":true,"href":"https:\/\/berninabrussels.be\/index.php?rest_route=%2Fwp%2Fv2%2Fproduct_cat&post=1235"},{"taxonomy":"product_tag","embeddable":true,"href":"https:\/\/berninabrussels.be\/index.php?rest_route=%2Fwp%2Fv2%2Fproduct_tag&post=1235"},{"taxonomy":"giftcard-category","embeddable":true,"href":"https:\/\/berninabrussels.be\/index.php?rest_route=%2Fwp%2Fv2%2Fgiftcard-category&post=1235"}],"curies":[{"name":"wp","href":"https:\/\/api.w.org\/{rel}","templated":true}]}}