{"id":1215,"date":"2023-05-09T19:58:24","date_gmt":"2023-05-09T17:58:24","guid":{"rendered":"https:\/\/berninabrussels.be\/?post_type=product&#038;p=1215"},"modified":"2023-05-09T19:59:37","modified_gmt":"2023-05-09T17:59:37","slug":"cadre-de-broderie-midi","status":"publish","type":"product","link":"https:\/\/berninabrussels.be\/?product=cadre-de-broderie-midi","title":{"rendered":"Cadre de broderie midi"},"content":{"rendered":"<div class=\"EncartDescriptionProduit\">\n<p>Le Cadre de broderie Midi offre un niveau de\u00a0<strong>confort<\/strong>\u00a0et de\u00a0<strong>pr\u00e9cision\u00a0<\/strong>\u00e9quivalent aux mod\u00e8les de cadre broderie\u00a0Maxi\u00a0et\u00a0Jumbo Hoop.\u00a0Il convient pour les motifs de broderie\u00a0de taille moyenne.<\/p>\n<p>Avec le Cadre de broderie Midi, il n&rsquo;aura jamais \u00e9t\u00e9 aussi facile de tendre son tissu dans un cadre. Gr\u00e2ce au<strong>\u00a0m\u00e9canisme de fermeture ergonomique \u00e0 ba\u00efonnette,<\/strong>\u00a0le\u00a0cadre peut \u00eatre ouvert et ferm\u00e9 avec un seul doigt.<br \/>\n<strong>Les quatre atouts du Cadre de broderie Midi:<\/strong><\/p>\n<ul>\n<li>Mise en place et retrait\u00a0<strong>facile\u00a0<\/strong>du tissu<\/li>\n<li><strong>Une tension maximale, un effort minimal<\/strong><\/li>\n<li><strong>Moins de pertes d&rsquo;entoilage<\/strong><\/li>\n<li>Une zone de broderie maximale:\u00a0<strong>10.5 x 6.5 pouces\u00a0\/\u00a0265 x 165 mm<\/strong><\/li>\n<\/ul>\n<\/div>\n","protected":false},"excerpt":{"rendered":"<p>Le Cadre de broderie Midi offre un niveau de\u00a0confort\u00a0et de\u00a0pr\u00e9cision\u00a0\u00e9quivalent aux mod\u00e8les de cadre broderie\u00a0Maxi\u00a0et\u00a0Jumbo Hoop.\u00a0Il convient pour les motifs de broderie\u00a0de taille moyenne. Avec le Cadre de broderie Midi, il n&rsquo;aura jamais \u00e9t\u00e9 aussi facile de tendre son tissu dans un cadre. Gr\u00e2ce au\u00a0m\u00e9canisme de fermeture ergonomique \u00e0 ba\u00efonnette,\u00a0le\u00a0cadre peut \u00eatre ouvert et ferm\u00e9&hellip;<\/p>\n","protected":false},"featured_media":1216,"comment_status":"open","ping_status":"closed","template":"","meta":{"om_disable_all_campaigns":false,"_monsterinsights_skip_tracking":false,"_monsterinsights_sitenote_active":false,"_monsterinsights_sitenote_note":"","_monsterinsights_sitenote_category":0,"_uf_show_specific_survey":0,"_uf_disable_surveys":false},"product_brand":[],"product_cat":[42,108,46],"product_tag":[],"giftcard-category":[],"class_list":{"0":"post-1215","1":"product","2":"type-product","3":"status-publish","4":"has-post-thumbnail","6":"product_cat-accesoires","7":"product_cat-cadre-broderie","8":"product_cat-brodeuse","10":"first","11":"instock","12":"shipping-taxable","13":"purchasable","14":"product-type-simple"},"aioseo_notices":[],"jetpack_sharing_enabled":true,"_links":{"self":[{"href":"https:\/\/berninabrussels.be\/index.php?rest_route=\/wp\/v2\/product\/1215","targetHints":{"allow":["GET"]}}],"collection":[{"href":"https:\/\/berninabrussels.be\/index.php?rest_route=\/wp\/v2\/product"}],"about":[{"href":"https:\/\/berninabrussels.be\/index.php?rest_route=\/wp\/v2\/types\/product"}],"replies":[{"embeddable":true,"href":"https:\/\/berninabrussels.be\/index.php?rest_route=%2Fwp%2Fv2%2Fcomments&post=1215"}],"wp:featuredmedia":[{"embeddable":true,"href":"https:\/\/berninabrussels.be\/index.php?rest_route=\/wp\/v2\/media\/1216"}],"wp:attachment":[{"href":"https:\/\/berninabrussels.be\/index.php?rest_route=%2Fwp%2Fv2%2Fmedia&parent=1215"}],"wp:term":[{"taxonomy":"product_brand","embeddable":true,"href":"https:\/\/berninabrussels.be\/index.php?rest_route=%2Fwp%2Fv2%2Fproduct_brand&post=1215"},{"taxonomy":"product_cat","embeddable":true,"href":"https:\/\/berninabrussels.be\/index.php?rest_route=%2Fwp%2Fv2%2Fproduct_cat&post=1215"},{"taxonomy":"product_tag","embeddable":true,"href":"https:\/\/berninabrussels.be\/index.php?rest_route=%2Fwp%2Fv2%2Fproduct_tag&post=1215"},{"taxonomy":"giftcard-category","embeddable":true,"href":"https:\/\/berninabrussels.be\/index.php?rest_route=%2Fwp%2Fv2%2Fgiftcard-category&post=1215"}],"curies":[{"name":"wp","href":"https:\/\/api.w.org\/{rel}","templated":true}]}}