{"id":1203,"date":"2023-05-09T19:08:53","date_gmt":"2023-05-09T17:08:53","guid":{"rendered":"https:\/\/berninabrussels.be\/?post_type=product&#038;p=1203"},"modified":"2023-05-09T19:50:39","modified_gmt":"2023-05-09T17:50:39","slug":"cadre-de-broderie-moyen-100x130-mm","status":"publish","type":"product","link":"https:\/\/berninabrussels.be\/?product=cadre-de-broderie-moyen-100x130-mm","title":{"rendered":"Cadre de broderie, moyen 100X130 mm"},"content":{"rendered":"<h2>Cadre de broderie, moyen 100X130 mm<\/h2>\n<ul>\n<li class=\"attribute-values\">Une taille moyenne id\u00e9ale pour la broderie \u00e0 bras libre<\/li>\n<li class=\"attribute-values\">Gabarit pour un placement exact<\/li>\n<li class=\"attribute-values\">Zone de broderie max. 100\u00a0x\u00a0130\u00a0mm<\/li>\n<\/ul>\n","protected":false},"excerpt":{"rendered":"<h2>Cadre de broderie, moyen<\/h2>\n<p>Le cadre de broderie de taille moyenne (zone de broderie max. 100 x 130 mm) est id\u00e9al pour les ouvrages de broderie de moyenne taille. Il fournit beaucoup d&rsquo;espace pour les motifs de broderie attrayants. Gr\u00e2ce au gabarit inclus, il est possible d&rsquo;aligner le tissu avec pr\u00e9cision. Que la t\u00e2che de broderie soit simple ou plus complexe, elle est ex\u00e9cut\u00e9e en tr\u00e8s peu de temps.<\/p>\n","protected":false},"featured_media":1204,"comment_status":"open","ping_status":"closed","template":"","meta":{"om_disable_all_campaigns":false,"_monsterinsights_skip_tracking":false,"_monsterinsights_sitenote_active":false,"_monsterinsights_sitenote_note":"","_monsterinsights_sitenote_category":0,"_uf_show_specific_survey":0,"_uf_disable_surveys":false},"product_brand":[],"product_cat":[42,108,46],"product_tag":[],"giftcard-category":[],"class_list":{"0":"post-1203","1":"product","2":"type-product","3":"status-publish","4":"has-post-thumbnail","6":"product_cat-accesoires","7":"product_cat-cadre-broderie","8":"product_cat-brodeuse","10":"first","11":"instock","12":"shipping-taxable","13":"purchasable","14":"product-type-simple"},"aioseo_notices":[],"jetpack_sharing_enabled":true,"_links":{"self":[{"href":"https:\/\/berninabrussels.be\/index.php?rest_route=\/wp\/v2\/product\/1203","targetHints":{"allow":["GET"]}}],"collection":[{"href":"https:\/\/berninabrussels.be\/index.php?rest_route=\/wp\/v2\/product"}],"about":[{"href":"https:\/\/berninabrussels.be\/index.php?rest_route=\/wp\/v2\/types\/product"}],"replies":[{"embeddable":true,"href":"https:\/\/berninabrussels.be\/index.php?rest_route=%2Fwp%2Fv2%2Fcomments&post=1203"}],"wp:featuredmedia":[{"embeddable":true,"href":"https:\/\/berninabrussels.be\/index.php?rest_route=\/wp\/v2\/media\/1204"}],"wp:attachment":[{"href":"https:\/\/berninabrussels.be\/index.php?rest_route=%2Fwp%2Fv2%2Fmedia&parent=1203"}],"wp:term":[{"taxonomy":"product_brand","embeddable":true,"href":"https:\/\/berninabrussels.be\/index.php?rest_route=%2Fwp%2Fv2%2Fproduct_brand&post=1203"},{"taxonomy":"product_cat","embeddable":true,"href":"https:\/\/berninabrussels.be\/index.php?rest_route=%2Fwp%2Fv2%2Fproduct_cat&post=1203"},{"taxonomy":"product_tag","embeddable":true,"href":"https:\/\/berninabrussels.be\/index.php?rest_route=%2Fwp%2Fv2%2Fproduct_tag&post=1203"},{"taxonomy":"giftcard-category","embeddable":true,"href":"https:\/\/berninabrussels.be\/index.php?rest_route=%2Fwp%2Fv2%2Fgiftcard-category&post=1203"}],"curies":[{"name":"wp","href":"https:\/\/api.w.org\/{rel}","templated":true}]}}