{"id":1090,"date":"2023-05-09T17:25:28","date_gmt":"2023-05-09T15:25:28","guid":{"rendered":"https:\/\/berninabrussels.be\/?post_type=product&#038;p=1090"},"modified":"2023-05-09T20:42:10","modified_gmt":"2023-05-09T18:42:10","slug":"pied-fermeture-glissiere-b33-b35","status":"publish","type":"product","link":"https:\/\/berninabrussels.be\/?product=pied-fermeture-glissiere-b33-b35","title":{"rendered":"Pied fermeture glissi\u00e8re b33\/b35"},"content":{"rendered":"<h3>Pied fermeture glissi\u00e8re<\/h3>\n<div>Le pied pour fermeture \u00e0 glissi\u00e8re est d\u2019une n\u00e9cessit\u00e9 indiscutable puisqu\u2019il vous aide dans la pose de fermeture \u00e0 glissi\u00e8re. Lorsque vous fixez une fermeture \u00e0 glissi\u00e8re, il est imp\u00e9ratif de piquer juste \u00e0 droite des dents. Cette contrainte est facile \u00e0 respecter avec le pied pour fermeture \u00e0 glissi\u00e8re. Selon le c\u00f4t\u00e9 de la glissi\u00e8re que vous \u00eates en train de coudre, vous pouvez fixer ce pied soit \u00e0 droite, soit \u00e0 gauche.<\/p>\n<p>Avec le pied pour fermeture \u00e0 glissi\u00e8re, la fermeture \u00e0 glissi\u00e8re est pos\u00e9e de fa\u00e7on nette et pr\u00e9cise. Gr\u00e2ce \u00e0 sa patte centrale tr\u00e8s \u00e9troite, le pied pour fermeture \u00e0 glissi\u00e8re s&rsquo;approche tr\u00e8s pr\u00e8s des dents de la fermeture \u00e0 glissi\u00e8re, ce qui permet d&rsquo;obtenir une piq\u00fbre nette. Le r\u00e9sultat : une fermeture \u00e0 glissi\u00e8re pos\u00e9e de fa\u00e7on parfaite et des points r\u00e9guliers.<\/p><\/div>\n<div><\/div>\n<div>Gr\u00e2ce \u00e0 sa forme \u00e9troite, le pied pour fermeture \u00e0 glissi\u00e8re peut aussi \u00eatre utilis\u00e9 pour coudre des passepoils ou de bandes de boutons pression ainsi que pour surpiquer de rebords.<\/div>\n","protected":false},"excerpt":{"rendered":"<p>Pied fermeture glissi\u00e8re Le pied pour fermeture \u00e0 glissi\u00e8re est d\u2019une n\u00e9cessit\u00e9 indiscutable puisqu\u2019il vous aide dans la pose de fermeture \u00e0 glissi\u00e8re. Lorsque vous fixez une fermeture \u00e0 glissi\u00e8re, il est imp\u00e9ratif de piquer juste \u00e0 droite des dents. Cette contrainte est facile \u00e0 respecter avec le pied pour fermeture \u00e0 glissi\u00e8re. Selon le&hellip;<\/p>\n","protected":false},"featured_media":1091,"comment_status":"open","ping_status":"closed","template":"","meta":{"om_disable_all_campaigns":false,"_monsterinsights_skip_tracking":false,"_monsterinsights_sitenote_active":false,"_monsterinsights_sitenote_note":"","_monsterinsights_sitenote_category":0,"_uf_show_specific_survey":0,"_uf_disable_surveys":false},"product_brand":[],"product_cat":[42,44,240,191],"product_tag":[],"giftcard-category":[],"class_list":{"0":"post-1090","1":"product","2":"type-product","3":"status-publish","4":"has-post-thumbnail","6":"product_cat-accesoires","7":"product_cat-machine-a-coudre","8":"product_cat-pieds-presseurs","9":"product_cat-pied-fermeture-a-glissiere","10":"pa_marque-bernette","12":"first","13":"instock","14":"sale","15":"shipping-taxable","16":"purchasable","17":"product-type-simple"},"aioseo_notices":[],"jetpack_sharing_enabled":true,"_links":{"self":[{"href":"https:\/\/berninabrussels.be\/index.php?rest_route=\/wp\/v2\/product\/1090","targetHints":{"allow":["GET"]}}],"collection":[{"href":"https:\/\/berninabrussels.be\/index.php?rest_route=\/wp\/v2\/product"}],"about":[{"href":"https:\/\/berninabrussels.be\/index.php?rest_route=\/wp\/v2\/types\/product"}],"replies":[{"embeddable":true,"href":"https:\/\/berninabrussels.be\/index.php?rest_route=%2Fwp%2Fv2%2Fcomments&post=1090"}],"wp:featuredmedia":[{"embeddable":true,"href":"https:\/\/berninabrussels.be\/index.php?rest_route=\/wp\/v2\/media\/1091"}],"wp:attachment":[{"href":"https:\/\/berninabrussels.be\/index.php?rest_route=%2Fwp%2Fv2%2Fmedia&parent=1090"}],"wp:term":[{"taxonomy":"product_brand","embeddable":true,"href":"https:\/\/berninabrussels.be\/index.php?rest_route=%2Fwp%2Fv2%2Fproduct_brand&post=1090"},{"taxonomy":"product_cat","embeddable":true,"href":"https:\/\/berninabrussels.be\/index.php?rest_route=%2Fwp%2Fv2%2Fproduct_cat&post=1090"},{"taxonomy":"product_tag","embeddable":true,"href":"https:\/\/berninabrussels.be\/index.php?rest_route=%2Fwp%2Fv2%2Fproduct_tag&post=1090"},{"taxonomy":"giftcard-category","embeddable":true,"href":"https:\/\/berninabrussels.be\/index.php?rest_route=%2Fwp%2Fv2%2Fgiftcard-category&post=1090"}],"curies":[{"name":"wp","href":"https:\/\/api.w.org\/{rel}","templated":true}]}}