{"id":1084,"date":"2023-05-09T17:22:37","date_gmt":"2023-05-09T15:22:37","guid":{"rendered":"https:\/\/berninabrussels.be\/?post_type=product&#038;p=1084"},"modified":"2023-05-09T20:42:26","modified_gmt":"2023-05-09T18:42:26","slug":"pied-ourleur-simple-biais-non-preplie","status":"publish","type":"product","link":"https:\/\/berninabrussels.be\/?product=pied-ourleur-simple-biais-non-preplie","title":{"rendered":"Pied ourleur simple biais non pr\u00e9pli\u00e9"},"content":{"rendered":"<h3>Pied pose dentelle, ruban assembler et plier BERNETTE<\/h3>\n<p>Cet ourleur applique un biais non pr\u00e9pli\u00e9 sur le bord du tissu et recouvre ainsi une largeur de 25 \u00e0 28 mm. Il est aussi possible de confectionner son biais soi-m\u00eame pour obtenir des finitions professionnelles.<\/p>\n","protected":false},"excerpt":{"rendered":"<p>Pied pose dentelle, ruban assembler et plier BERNETTE Cet ourleur applique un biais non pr\u00e9pli\u00e9 sur le bord du tissu et recouvre ainsi une largeur de 25 \u00e0 28 mm. Il est aussi possible de confectionner son biais soi-m\u00eame pour obtenir des finitions professionnelles.<\/p>\n","protected":false},"featured_media":1085,"comment_status":"open","ping_status":"closed","template":"","meta":{"om_disable_all_campaigns":false,"_monsterinsights_skip_tracking":false,"_monsterinsights_sitenote_active":false,"_monsterinsights_sitenote_note":"","_monsterinsights_sitenote_category":0,"_uf_show_specific_survey":0,"_uf_disable_surveys":false},"product_brand":[],"product_cat":[42,44,240,194],"product_tag":[],"giftcard-category":[],"class_list":{"0":"post-1084","1":"product","2":"type-product","3":"status-publish","4":"has-post-thumbnail","6":"product_cat-accesoires","7":"product_cat-machine-a-coudre","8":"product_cat-pieds-presseurs","9":"product_cat-pied-ourleur","10":"pa_marque-bernette","12":"first","13":"instock","14":"shipping-taxable","15":"purchasable","16":"product-type-simple"},"aioseo_notices":[],"jetpack_sharing_enabled":true,"_links":{"self":[{"href":"https:\/\/berninabrussels.be\/index.php?rest_route=\/wp\/v2\/product\/1084","targetHints":{"allow":["GET"]}}],"collection":[{"href":"https:\/\/berninabrussels.be\/index.php?rest_route=\/wp\/v2\/product"}],"about":[{"href":"https:\/\/berninabrussels.be\/index.php?rest_route=\/wp\/v2\/types\/product"}],"replies":[{"embeddable":true,"href":"https:\/\/berninabrussels.be\/index.php?rest_route=%2Fwp%2Fv2%2Fcomments&post=1084"}],"wp:featuredmedia":[{"embeddable":true,"href":"https:\/\/berninabrussels.be\/index.php?rest_route=\/wp\/v2\/media\/1085"}],"wp:attachment":[{"href":"https:\/\/berninabrussels.be\/index.php?rest_route=%2Fwp%2Fv2%2Fmedia&parent=1084"}],"wp:term":[{"taxonomy":"product_brand","embeddable":true,"href":"https:\/\/berninabrussels.be\/index.php?rest_route=%2Fwp%2Fv2%2Fproduct_brand&post=1084"},{"taxonomy":"product_cat","embeddable":true,"href":"https:\/\/berninabrussels.be\/index.php?rest_route=%2Fwp%2Fv2%2Fproduct_cat&post=1084"},{"taxonomy":"product_tag","embeddable":true,"href":"https:\/\/berninabrussels.be\/index.php?rest_route=%2Fwp%2Fv2%2Fproduct_tag&post=1084"},{"taxonomy":"giftcard-category","embeddable":true,"href":"https:\/\/berninabrussels.be\/index.php?rest_route=%2Fwp%2Fv2%2Fgiftcard-category&post=1084"}],"curies":[{"name":"wp","href":"https:\/\/api.w.org\/{rel}","templated":true}]}}