{"id":10671,"date":"2026-03-31T13:03:54","date_gmt":"2026-03-31T11:03:54","guid":{"rendered":"https:\/\/berninabrussels.be\/?post_type=product&#038;p=10671"},"modified":"2026-03-31T13:08:34","modified_gmt":"2026-03-31T11:08:34","slug":"boutonniere-jack-781-g","status":"publish","type":"product","link":"https:\/\/berninabrussels.be\/?product=boutonniere-jack-781-g","title":{"rendered":"Boutonni\u00e8re Jack 781 G"},"content":{"rendered":"<h3 data-section-id=\"179bjr4\" data-start=\"74\" data-end=\"95\"><span role=\"text\"><strong data-start=\"78\" data-end=\"93\">DESCRIPTION<\/strong><\/span><\/h3>\n<p data-start=\"96\" data-end=\"318\">Machine \u00e0 boutonni\u00e8res <strong data-start=\"119\" data-end=\"132\">m\u00e9canique<\/strong>, entra\u00een\u00e9e par un <strong data-start=\"151\" data-end=\"184\">moteur int\u00e9gr\u00e9 \u00e0 arbre unique<\/strong>, offrant de <strong data-start=\"197\" data-end=\"219\">faibles vibrations<\/strong>, un <strong data-start=\"224\" data-end=\"248\">faible niveau sonore<\/strong>, une <strong data-start=\"254\" data-end=\"274\">haute efficacit\u00e9<\/strong> et une <strong data-start=\"282\" data-end=\"315\">excellente qualit\u00e9 de couture<\/strong>.<\/p>\n<p data-start=\"320\" data-end=\"501\">Le <strong data-start=\"323\" data-end=\"336\">coupe-fil<\/strong> et le <strong data-start=\"343\" data-end=\"385\">relevage du pied presseur automatiques<\/strong> sont contr\u00f4l\u00e9s par un <strong data-start=\"408\" data-end=\"428\">moteur pas \u00e0 pas<\/strong>, ce qui permet d\u2019am\u00e9liorer l\u2019efficacit\u00e9 et de r\u00e9duire la main-d\u2019\u0153uvre.<\/p>\n<p data-start=\"503\" data-end=\"586\">Nouveau <strong data-start=\"511\" data-end=\"534\">panneau de commande<\/strong> avec fonction <strong data-start=\"549\" data-end=\"583\">compteur de pi\u00e8ces automatique<\/strong>.<\/p>\n<p data-start=\"588\" data-end=\"705\">Convient pour la r\u00e9alisation de boutonni\u00e8res sur diff\u00e9rents types de tissus : <strong data-start=\"666\" data-end=\"702\">chemises, combinaisons, t-shirts<\/strong>.<\/p>\n<p data-start=\"707\" data-end=\"836\">R\u00e9ponse plus rapide et pr\u00e9cise du coupe-fil et du relevage du pied presseur, am\u00e9liorant ainsi l\u2019efficacit\u00e9 globale de la machine.<\/p>\n<hr data-start=\"838\" data-end=\"841\" \/>\n<h3 data-section-id=\"6r00su\" data-start=\"843\" data-end=\"867\"><span role=\"text\"><strong data-start=\"847\" data-end=\"867\">CARACT\u00c9RISTIQUES<\/strong><\/span><\/h3>\n<ul data-start=\"868\" data-end=\"1130\">\n<li data-section-id=\"1et65o5\" data-start=\"868\" data-end=\"893\">Coupe-fil automatique<\/li>\n<li data-section-id=\"11qevtc\" data-start=\"894\" data-end=\"935\">Relevage du pied presseur automatique<\/li>\n<li data-section-id=\"1nsupga\" data-start=\"936\" data-end=\"953\">\u00c9clairage LED<\/li>\n<li data-section-id=\"9eawrl\" data-start=\"954\" data-end=\"973\">Nouveau display<\/li>\n<li data-section-id=\"11wylk9\" data-start=\"974\" data-end=\"992\">Nouveau design<\/li>\n<li data-section-id=\"wu2xax\" data-start=\"993\" data-end=\"1022\">R\u00e9ponse rapide et pr\u00e9cise<\/li>\n<li data-section-id=\"1ej1hxl\" data-start=\"1023\" data-end=\"1048\">Optimisation du bruit<\/li>\n<li data-section-id=\"cid8my\" data-start=\"1049\" data-end=\"1067\">Moteur int\u00e9gr\u00e9<\/li>\n<li data-section-id=\"1vtk3d4\" data-start=\"1068\" data-end=\"1095\">Capteur de casse de fil<\/li>\n<li data-section-id=\"1fo8ql1\" data-start=\"1096\" data-end=\"1130\">Compteur de pi\u00e8ces automatique<\/li>\n<\/ul>\n<hr data-start=\"1132\" data-end=\"1135\" \/>\n<h3 data-section-id=\"1yic6a3\" data-start=\"1137\" data-end=\"1170\"><span role=\"text\"><strong data-start=\"1141\" data-end=\"1170\">SP\u00c9CIFICATIONS TECHNIQUES<\/strong><\/span><\/h3>\n<h4 data-start=\"1172\" data-end=\"1202\"><span role=\"text\"><strong data-start=\"1177\" data-end=\"1202\">Mod\u00e8les disponibles :<\/strong><\/span><\/h4>\n<p data-start=\"1204\" data-end=\"1214\"><strong data-start=\"1204\" data-end=\"1212\">781G<\/strong><\/p>\n<ul data-start=\"1215\" data-end=\"1413\">\n<li data-section-id=\"mhxwsq\" data-start=\"1215\" data-end=\"1239\">Utilisation : Tissus<\/li>\n<li data-section-id=\"swglsk\" data-start=\"1240\" data-end=\"1277\">Dimension boutonni\u00e8re : 22 \u00d7 4 mm<\/li>\n<li data-section-id=\"ol2xhn\" data-start=\"1278\" data-end=\"1316\">Largeur boutonni\u00e8re : 0,2 \u2013 2,5 mm<\/li>\n<li data-section-id=\"pxp97s\" data-start=\"1317\" data-end=\"1349\">Coupe lat\u00e9rale : 1\/4&Prime; ~ 3\/4&Prime;<\/li>\n<li data-section-id=\"4f8tpl\" data-start=\"1350\" data-end=\"1385\">Vitesse maximale : 3.600 tr\/min<\/li>\n<li data-section-id=\"1vebsgi\" data-start=\"1386\" data-end=\"1413\">Hauteur du pied : 12 mm<\/li>\n<\/ul>\n<p data-start=\"1415\" data-end=\"1425\"><strong data-start=\"1415\" data-end=\"1423\">782G<\/strong><\/p>\n<ul data-start=\"1426\" data-end=\"1622\">\n<li data-section-id=\"mhxwsq\" data-start=\"1426\" data-end=\"1450\">Utilisation : Tissus<\/li>\n<li data-section-id=\"1ydi6c5\" data-start=\"1451\" data-end=\"1488\">Dimension boutonni\u00e8re : 33 \u00d7 5 mm<\/li>\n<li data-section-id=\"ol2xhn\" data-start=\"1489\" data-end=\"1527\">Largeur boutonni\u00e8re : 0,2 \u2013 2,5 mm<\/li>\n<li data-section-id=\"10vl29d\" data-start=\"1528\" data-end=\"1558\">Coupe lat\u00e9rale : 1\/4&Prime; ~ 1&Prime;<\/li>\n<li data-section-id=\"4f8tpl\" data-start=\"1559\" data-end=\"1594\">Vitesse maximale : 3.600 tr\/min<\/li>\n<li data-section-id=\"1vebsgi\" data-start=\"1595\" data-end=\"1622\">Hauteur du pied : 12 mm<\/li>\n<\/ul>\n<p data-start=\"1624\" data-end=\"1634\"><strong data-start=\"1624\" data-end=\"1632\">783G<\/strong><\/p>\n<ul data-start=\"1635\" data-end=\"1831\">\n<li data-section-id=\"mhxwsq\" data-start=\"1635\" data-end=\"1659\">Utilisation : Tissus<\/li>\n<li data-section-id=\"1ibe1f5\" data-start=\"1660\" data-end=\"1697\">Dimension boutonni\u00e8re : 40 \u00d7 5 mm<\/li>\n<li data-section-id=\"ol2xhn\" data-start=\"1698\" data-end=\"1736\">Largeur boutonni\u00e8re : 0,2 \u2013 2,5 mm<\/li>\n<li data-section-id=\"10vl29d\" data-start=\"1737\" data-end=\"1767\">Coupe lat\u00e9rale : 1\/4&Prime; ~ 1&Prime;<\/li>\n<li data-section-id=\"4f8tpl\" data-start=\"1768\" data-end=\"1803\">Vitesse maximale : 3.600 tr\/min<\/li>\n<li data-section-id=\"1vebsgi\" data-start=\"1804\" data-end=\"1831\">Hauteur du pied : 12 mm<\/li>\n<\/ul>\n<p>&nbsp;<\/p>\n<p>Prix sur demande info@berninabrussels.be<\/p>\n","protected":false},"excerpt":{"rendered":"<h3 data-section-id=\"179bjr4\" data-start=\"74\" data-end=\"95\"><span role=\"text\"><strong data-start=\"78\" data-end=\"93\">DESCRIPTION<\/strong><\/span><\/h3>\n<p data-start=\"96\" data-end=\"318\">Machine \u00e0 boutonni\u00e8res <strong data-start=\"119\" data-end=\"132\">m\u00e9canique<\/strong>, entra\u00een\u00e9e par un <strong data-start=\"151\" data-end=\"184\">moteur int\u00e9gr\u00e9 \u00e0 arbre unique<\/strong>, offrant de <strong data-start=\"197\" data-end=\"219\">faibles vibrations<\/strong>, un <strong data-start=\"224\" data-end=\"248\">faible niveau sonore<\/strong>, une <strong data-start=\"254\" data-end=\"274\">haute efficacit\u00e9<\/strong> et une <strong data-start=\"282\" data-end=\"315\">excellente qualit\u00e9 de couture<\/strong>.<\/p>\n<p data-start=\"320\" data-end=\"501\">Le <strong data-start=\"323\" data-end=\"336\">coupe-fil<\/strong> et le <strong data-start=\"343\" data-end=\"385\">relevage du pied presseur automatiques<\/strong> sont contr\u00f4l\u00e9s par un <strong data-start=\"408\" data-end=\"428\">moteur pas \u00e0 pas<\/strong>, ce qui permet d\u2019am\u00e9liorer l\u2019efficacit\u00e9 et de r\u00e9duire la main-d\u2019\u0153uvre.<\/p>\n<p data-start=\"503\" data-end=\"586\">Nouveau <strong data-start=\"511\" data-end=\"534\">panneau de commande<\/strong> avec fonction <strong data-start=\"549\" data-end=\"583\">compteur de pi\u00e8ces automatique<\/strong>.<\/p>\n<p data-start=\"588\" data-end=\"705\">Convient pour la r\u00e9alisation de boutonni\u00e8res sur diff\u00e9rents types de tissus : <strong data-start=\"666\" data-end=\"702\">chemises, combinaisons, t-shirts<\/strong>.<\/p>\n<p data-start=\"707\" data-end=\"836\">R\u00e9ponse plus rapide et pr\u00e9cise du coupe-fil et du relevage du pied presseur, am\u00e9liorant ainsi l\u2019efficacit\u00e9 globale de la machine.<\/p>\n","protected":false},"featured_media":10673,"comment_status":"open","ping_status":"closed","template":"","meta":{"om_disable_all_campaigns":false,"_monsterinsights_skip_tracking":false,"_monsterinsights_sitenote_active":false,"_monsterinsights_sitenote_note":"","_monsterinsights_sitenote_category":0,"_uf_show_specific_survey":0,"_uf_disable_surveys":false},"product_brand":[],"product_cat":[268],"product_tag":[],"giftcard-category":[],"class_list":{"0":"post-10671","1":"product","2":"type-product","3":"status-publish","4":"has-post-thumbnail","6":"product_cat-boutonniere","8":"first","9":"onbackorder","10":"shipping-taxable","11":"product-type-simple"},"aioseo_notices":[],"jetpack_sharing_enabled":true,"_links":{"self":[{"href":"https:\/\/berninabrussels.be\/index.php?rest_route=\/wp\/v2\/product\/10671","targetHints":{"allow":["GET"]}}],"collection":[{"href":"https:\/\/berninabrussels.be\/index.php?rest_route=\/wp\/v2\/product"}],"about":[{"href":"https:\/\/berninabrussels.be\/index.php?rest_route=\/wp\/v2\/types\/product"}],"replies":[{"embeddable":true,"href":"https:\/\/berninabrussels.be\/index.php?rest_route=%2Fwp%2Fv2%2Fcomments&post=10671"}],"wp:featuredmedia":[{"embeddable":true,"href":"https:\/\/berninabrussels.be\/index.php?rest_route=\/wp\/v2\/media\/10673"}],"wp:attachment":[{"href":"https:\/\/berninabrussels.be\/index.php?rest_route=%2Fwp%2Fv2%2Fmedia&parent=10671"}],"wp:term":[{"taxonomy":"product_brand","embeddable":true,"href":"https:\/\/berninabrussels.be\/index.php?rest_route=%2Fwp%2Fv2%2Fproduct_brand&post=10671"},{"taxonomy":"product_cat","embeddable":true,"href":"https:\/\/berninabrussels.be\/index.php?rest_route=%2Fwp%2Fv2%2Fproduct_cat&post=10671"},{"taxonomy":"product_tag","embeddable":true,"href":"https:\/\/berninabrussels.be\/index.php?rest_route=%2Fwp%2Fv2%2Fproduct_tag&post=10671"},{"taxonomy":"giftcard-category","embeddable":true,"href":"https:\/\/berninabrussels.be\/index.php?rest_route=%2Fwp%2Fv2%2Fgiftcard-category&post=10671"}],"curies":[{"name":"wp","href":"https:\/\/api.w.org\/{rel}","templated":true}]}}