{"id":10609,"date":"2026-01-16T21:17:39","date_gmt":"2026-01-16T20:17:39","guid":{"rendered":"https:\/\/berninabrussels.be\/?post_type=product&#038;p=10609"},"modified":"2026-04-13T18:37:29","modified_gmt":"2026-04-13T16:37:29","slug":"bernina-700-pro-nouvelle","status":"publish","type":"product","link":"https:\/\/berninabrussels.be\/?product=bernina-700-pro-nouvelle","title":{"rendered":"Bernina 700 PRO (nouvelle)"},"content":{"rendered":"<div id=\"features\" class=\"anchor\">\n<section class=\"row\">\n<div class=\"grey\">\n<div class=\"content-width\">\n<div class=\"product-tabs\">\n<p>&nbsp;<\/p>\n<div id=\"tab-Overview\" class=\"tab-content active\">\n<div class=\"product-features\">\n<div class=\"left img\"><img data-recalc-dims=\"1\" fetchpriority=\"high\" decoding=\"async\" class=\"\" src=\"https:\/\/i0.wp.com\/www.bernina.com\/assetgen\/21\/Bernina\/media\/products\/Sewing%2C%20Quilting%20and%20Embroidery\/BERNINA%207%20Series\/Headerbilder\/Vordergrund\/B7%20PRO\/NEW\/Header_B700Pro_FR.png?resize=509%2C261&#038;ssl=1\" alt=\"BERNINA 700 PRO\" width=\"509\" height=\"261\" data-brn-src=\"\/Bernina\/media\/products\/Sewing,%20Quilting%20and%20Embroidery\/BERNINA%207%20Series\/Headerbilder\/Vordergrund\/B7%20PRO\/NEW\/Header_B700Pro_FR.png\" \/><\/div>\n<\/div>\n<\/div>\n<\/div>\n<\/div>\n<\/div>\n<\/section>\n<\/div>\n<div id=\"accessories\" class=\"anchor\">\n<section class=\"row\">\n<div class=\"content-width\">\n<div class=\"product-tabs\">\n<h2>BERNINA 700\u00a0Pro, exclusivement pour la broderie<\/h2>\n<h2>\n&#8211; Enfileur automatis\u00e9 de l&rsquo;aiguille<br \/>\n&#8211; Pointeur laser pr\u00e9cis<br \/>\n&#8211; Stitch pr\u00e9cision (silence, pr\u00e9cision Bernina)<br \/>\n&#8211; Motifs de quilts personnalisables fichiers BQM<br \/>\n&#8211; Ecriture sur plusieurs lignes<br \/>\n&#8211; Clavier qwerty<br \/>\n&#8211; Placement \u00e0 4 points avec morphing<\/h2>\n<div class=\"r-text-block\">\n<ul>\n<li>Le tr\u00e8s grand espace de broderie offre flexibilit\u00e9 et confort<\/li>\n<li>Motifs de broderie jusqu&rsquo;\u00e0 400 x 210 mm<\/li>\n<li>Trois cadres de broderie inclus<\/li>\n<li>Profitez d&rsquo;un large choix d&rsquo;accessoires et de logiciels de broderie en option<\/li>\n<\/ul>\n<h3>Fonction Positionnement Exact pour placer la broderie avec une pr\u00e9cision optimale<\/h3>\n<div class=\"r-text-block\">\n<ul>\n<li>Positionnement et alignement faciles des motifs<\/li>\n<li>Facile \u00e0 utiliser : S\u00e9lectionnez deux points sur l&rsquo;\u00e9cran et faites-les co\u00efncider avec les rep\u00e8res marqu\u00e9s sur le tissu plac\u00e9 dans le cadre.<\/li>\n<li>Alignez, faites pivoter ou redimensionnez le motif selon vos d\u00e9sirs<\/li>\n<li>Pas d&rsquo;outils ou d&rsquo;aides suppl\u00e9mentaires requis<\/li>\n<li>Compl\u00e8te visibilit\u00e9 du tissu ins\u00e9r\u00e9 dans le cadre \u00e0 tout moment<\/li>\n<\/ul>\n<h3>Canette jumbo \u00e0 chargement frontal pour enfiler facilement un nouveau fil<\/h3>\n<div class=\"r-text-block\">\n<ul>\n<li>Pas besoin d&rsquo;enlever le cadre pour enfiler un nouveau fil<\/li>\n<li>Acc\u00e8s facile \u00e0 la canette Jumbo \u00e0 chargement frontal<\/li>\n<li>Le nombre d&rsquo;interruptions est r\u00e9duit gr\u00e2ce \u00e0 la canette Jumbo qui contient jusqu&rsquo;\u00e0 70 % de fil en plus que les canettes traditionnelles<\/li>\n<\/ul>\n<h3>Contr\u00f4le total du point pour une broderie au r\u00e9sultat exceptionnel<\/h3>\n<div class=\"r-text-block\">\n<ul>\n<li>Obtenez sans effort des r\u00e9sultats rapides et impeccables<\/li>\n<li>Enregistrez et retrouvez vos r\u00e9glages personnels sur la machine<\/li>\n<li>R\u00e9alisez des broderies nettes avec la fonction Extraction du fil, consistant en un mouvement rapide du crochet qui tire le fil sup\u00e9rieur vers le haut en l&rsquo;extrayant du tissu apr\u00e8s l&rsquo;avoir coup\u00e9<\/li>\n<\/ul>\n<h3>Des r\u00e9sultats exceptionnels<\/h3>\n<div class=\"r-text-block\">\n<ul>\n<li>Vous obtiendrez des r\u00e9sultats exceptionnels gr\u00e2ce \u00e0 la fonction Points d&rsquo;arr\u00eat invisibles<\/li>\n<li>La fonction D\u00e9tection intelligente des points d&rsquo;arr\u00eat permet d&rsquo;ajouter des points d&rsquo;arr\u00eat au motif dans le cas o\u00f9 le programme n&rsquo;en pr\u00e9voyait aucun<\/li>\n<li>Plus besoin de couper \u00e0 la main gr\u00e2ce \u00e0 la coupe des fils des points de raccord \u00e0 la longueur d\u00e9sir\u00e9e<\/li>\n<\/ul>\n<h3>La machine \u00e0 broder B 700 Pro propose encore plus de fonctionnalit\u00e9s et d&rsquo;options aux amoureux de la broderie.<\/h3>\n<ul>\n<li>500 motifs de broderie int\u00e9gr\u00e9s et 25 alphabets int\u00e9gr\u00e9s \u00e0 broder<\/li>\n<li>Mode d&rsquo;ajustement des motifs avec possibilit\u00e9 de placer, retourner verticalement, faire pivoter, convertir, combiner et redimensionner les motifs<\/li>\n<li>Cr\u00e9ez des lettres incurv\u00e9es<\/li>\n<li>Modifiez la densit\u00e9 des points<\/li>\n<li>Combinez alphabets et broderies<\/li>\n<li>Cr\u00e9ez une infinit\u00e9 de beaux motifs de broderie en bordure<\/li>\n<li>Res\u00e9quencez les motifs combin\u00e9s complexes selon la couleur<\/li>\n<li>Choisissez des coloris alternatifs avant de broder<\/li>\n<li>Enregistrez les motifs cr\u00e9\u00e9s sur la machine ou sur une cl\u00e9 USB<\/li>\n<li>Importez des motifs suppl\u00e9mentaires sur la machine<\/li>\n<li>Positionnement pr\u00e9cis des motifs gr\u00e2ce \u00e0 la fonction de v\u00e9rification<\/li>\n<li>Aide \u00e0 la demande\u00a0: L&rsquo;assistant broderie et les tutoriels int\u00e9gr\u00e9s offrent une assistance directe sur l&rsquo;\u00e9cran et r\u00e9pondent \u00e0 vos questions quand vous le souhaitez<\/li>\n<li>Utilisez la commande permettant de baisser ou remonter l&rsquo;aiguille pour amener le fil de la canette sur la face sup\u00e9rieure du tissu au d\u00e9but de la broderie. Vous pr\u00e9serverez ainsi la nettet\u00e9 de la face inf\u00e9rieure de l&rsquo;ouvrage<\/li>\n<li>D\u00e9placez le cadre vers l&rsquo;arri\u00e8re pour remplir facilement la canette<\/li>\n<li>D\u00e9placez le cadre vers le centre pour introduire le fil sup\u00e9rieur<\/li>\n<li>D\u00e9placez l&rsquo;aiguille vers le centre du motif de broderie<\/li>\n<li>Multisupport pouvant accueillir jusqu&rsquo;\u00e0 15 fils<\/li>\n<\/ul>\n<\/div>\n<\/div>\n<\/div>\n<\/div>\n<\/div>\n<p><strong>Livr\u00e9e avec :<br \/>\n<\/strong>&#8211; 1 cadre 145 x 255 mm<br \/>\n&#8211; 1 cadre 100 x 130 cm<br \/>\n&#8211; 1 cadre 50 x 72 cm<br \/>\n&#8211; le pied \u00e0 broder n\u00b0 26<\/p>\n<p>Cadre Maxi\u00a0en option (210 x 400 mm)<\/p>\n<p><strong>Garantie 2 ans \u00e9lectronique, 5 ans m\u00e9canique<\/strong><\/p>\n<\/div>\n<\/div>\n<\/section>\n<\/div>\n<div id=\"tutorials\" class=\"anchor\">\n<section class=\"row scrollmagic\">\n<div class=\"content-width\">\n<div class=\"product-tabs\">\n<div id=\"tutorial-tab-101042\" class=\"tab-content active\">\n<div class=\"product-tutorials\">\n<div class=\"desc\">\n<div class=\"left img\"><strong>Brochure produit<\/strong>\u00a0\u2013 Toutes les informations en un coup d&rsquo;\u0153il<\/div>\n<div class=\"right\">\n<div class=\"brochure-wrap\"><a class=\"r-btn berninaicon-document\" href=\"https:\/\/www.bernina.com\/Bernina\/media\/products\/Sewing,%20Quilting%20and%20Embroidery\/BERNINA%207%20Series\/PRO%20Brosch%c3%bcren\/B7Series_PRO_brochure_A4_FR_low-res.pdf\" target=\"_blank\" rel=\"noopener\">\u00a0T\u00c9L\u00c9CHARGEZ MAINTENANT<\/a><\/div>\n<\/div>\n<\/div>\n<div class=\"video-thumbnails\"><\/div>\n<\/div>\n<\/div>\n<\/div>\n<\/div>\n<\/section>\n<\/div>\n","protected":false},"excerpt":{"rendered":"<h3>Broder comme un PRO<\/h3>\n<div class=\"product-desc\">\n<ul>\n<li class=\"berninaicon-arrow-rt\">Tr\u00e8s grand espace de broderie pour les grands motifs<\/li>\n<li class=\"berninaicon-arrow-rt\">Enfile-aiguille automatique<\/li>\n<li class=\"berninaicon-arrow-rt\">Laser pointeur BERNINA<\/li>\n<li class=\"berninaicon-arrow-rt\">Placement en 4 points avec la fonction Morphing<\/li>\n<li class=\"berninaicon-arrow-rt\">BERNINA Stitchout App<\/li>\n<\/ul>\n<\/div>\n<div class=\"product-btns ng-scope no-prices\">\n<div class=\"ng-scope\"><\/div>\n<\/div>\n","protected":false},"featured_media":10610,"comment_status":"open","ping_status":"closed","template":"","meta":{"om_disable_all_campaigns":false,"_monsterinsights_skip_tracking":false,"_monsterinsights_sitenote_active":false,"_monsterinsights_sitenote_note":"","_monsterinsights_sitenote_category":0,"_uf_show_specific_survey":0,"_uf_disable_surveys":false},"product_brand":[],"product_cat":[72],"product_tag":[],"giftcard-category":[],"class_list":{"0":"post-10609","1":"product","2":"type-product","3":"status-publish","4":"has-post-thumbnail","6":"product_cat-machine-a-broder","8":"first","9":"instock","10":"shipping-taxable","11":"purchasable","12":"product-type-simple"},"aioseo_notices":[],"jetpack_sharing_enabled":true,"_links":{"self":[{"href":"https:\/\/berninabrussels.be\/index.php?rest_route=\/wp\/v2\/product\/10609","targetHints":{"allow":["GET"]}}],"collection":[{"href":"https:\/\/berninabrussels.be\/index.php?rest_route=\/wp\/v2\/product"}],"about":[{"href":"https:\/\/berninabrussels.be\/index.php?rest_route=\/wp\/v2\/types\/product"}],"replies":[{"embeddable":true,"href":"https:\/\/berninabrussels.be\/index.php?rest_route=%2Fwp%2Fv2%2Fcomments&post=10609"}],"wp:featuredmedia":[{"embeddable":true,"href":"https:\/\/berninabrussels.be\/index.php?rest_route=\/wp\/v2\/media\/10610"}],"wp:attachment":[{"href":"https:\/\/berninabrussels.be\/index.php?rest_route=%2Fwp%2Fv2%2Fmedia&parent=10609"}],"wp:term":[{"taxonomy":"product_brand","embeddable":true,"href":"https:\/\/berninabrussels.be\/index.php?rest_route=%2Fwp%2Fv2%2Fproduct_brand&post=10609"},{"taxonomy":"product_cat","embeddable":true,"href":"https:\/\/berninabrussels.be\/index.php?rest_route=%2Fwp%2Fv2%2Fproduct_cat&post=10609"},{"taxonomy":"product_tag","embeddable":true,"href":"https:\/\/berninabrussels.be\/index.php?rest_route=%2Fwp%2Fv2%2Fproduct_tag&post=10609"},{"taxonomy":"giftcard-category","embeddable":true,"href":"https:\/\/berninabrussels.be\/index.php?rest_route=%2Fwp%2Fv2%2Fgiftcard-category&post=10609"}],"curies":[{"name":"wp","href":"https:\/\/api.w.org\/{rel}","templated":true}]}}