{"id":10605,"date":"2026-01-16T21:01:38","date_gmt":"2026-01-16T20:01:38","guid":{"rendered":"https:\/\/berninabrussels.be\/?post_type=product&#038;p=10605"},"modified":"2026-01-16T21:01:38","modified_gmt":"2026-01-16T20:01:38","slug":"pedale-rheostat-avec-cordon-sans-stop-matic-bernina","status":"publish","type":"product","link":"https:\/\/berninabrussels.be\/?product=pedale-rheostat-avec-cordon-sans-stop-matic-bernina","title":{"rendered":"P\u00e9dale, rh\u00e9ostat avec cordon sans stop matic Bernina"},"content":{"rendered":"","protected":false},"excerpt":{"rendered":"<h3>P\u00e9dale, rh\u00e9ostat compl\u00e8te sans stop matic Bernina<\/h3>\n<p>&nbsp;<\/p>\n<p><b><span style=\"color: #ba213d;\">Cet accessoire est compatible avec le(s) produit(s) suivant(s) :<\/span><\/b><\/p>\n<p><b>Pour BERNINA B1<\/b>\u00a0: 125 &#8211; 125 S &#8211; 135 &#8211; 135 S &#8211; 145 &#8211; 145S &#8211; 210 &#8211; B 215 &#8211; 220 &#8211; 230 &#8211; 230 PE &#8211; 240 &#8211; B 325 &#8211; B 330 &#8211; B 335 &#8211; B 350 PE &#8211; B 380<\/p>\n<p><b>Pour BERNINA Ec<sup>1<\/sup><\/b>\u00a0: B 435<\/p>\n<p><b>Pour BERNINA Ec<sup>2<\/sup><\/b>\u00a0: B 475 QE &#8211; B 485<\/p>\n","protected":false},"featured_media":10606,"comment_status":"open","ping_status":"closed","template":"","meta":{"om_disable_all_campaigns":false,"_monsterinsights_skip_tracking":false,"_monsterinsights_sitenote_active":false,"_monsterinsights_sitenote_note":"","_monsterinsights_sitenote_category":0,"_uf_show_specific_survey":0,"_uf_disable_surveys":false},"product_brand":[],"product_cat":[267],"product_tag":[],"giftcard-category":[],"class_list":{"0":"post-10605","1":"product","2":"type-product","3":"status-publish","4":"has-post-thumbnail","6":"product_cat-pedale-rehostat","8":"first","9":"instock","10":"shipping-taxable","11":"purchasable","12":"product-type-simple"},"aioseo_notices":[],"jetpack_sharing_enabled":true,"_links":{"self":[{"href":"https:\/\/berninabrussels.be\/index.php?rest_route=\/wp\/v2\/product\/10605","targetHints":{"allow":["GET"]}}],"collection":[{"href":"https:\/\/berninabrussels.be\/index.php?rest_route=\/wp\/v2\/product"}],"about":[{"href":"https:\/\/berninabrussels.be\/index.php?rest_route=\/wp\/v2\/types\/product"}],"replies":[{"embeddable":true,"href":"https:\/\/berninabrussels.be\/index.php?rest_route=%2Fwp%2Fv2%2Fcomments&post=10605"}],"wp:featuredmedia":[{"embeddable":true,"href":"https:\/\/berninabrussels.be\/index.php?rest_route=\/wp\/v2\/media\/10606"}],"wp:attachment":[{"href":"https:\/\/berninabrussels.be\/index.php?rest_route=%2Fwp%2Fv2%2Fmedia&parent=10605"}],"wp:term":[{"taxonomy":"product_brand","embeddable":true,"href":"https:\/\/berninabrussels.be\/index.php?rest_route=%2Fwp%2Fv2%2Fproduct_brand&post=10605"},{"taxonomy":"product_cat","embeddable":true,"href":"https:\/\/berninabrussels.be\/index.php?rest_route=%2Fwp%2Fv2%2Fproduct_cat&post=10605"},{"taxonomy":"product_tag","embeddable":true,"href":"https:\/\/berninabrussels.be\/index.php?rest_route=%2Fwp%2Fv2%2Fproduct_tag&post=10605"},{"taxonomy":"giftcard-category","embeddable":true,"href":"https:\/\/berninabrussels.be\/index.php?rest_route=%2Fwp%2Fv2%2Fgiftcard-category&post=10605"}],"curies":[{"name":"wp","href":"https:\/\/api.w.org\/{rel}","templated":true}]}}