{"id":10595,"date":"2025-12-26T18:03:46","date_gmt":"2025-12-26T17:03:46","guid":{"rendered":"https:\/\/berninabrussels.be\/?post_type=product&#038;p=10595"},"modified":"2025-12-26T18:03:47","modified_gmt":"2025-12-26T17:03:47","slug":"new-jack-a4c-c-coupe-fil-kit-en-cadeau","status":"publish","type":"product","link":"https:\/\/berninabrussels.be\/?product=new-jack-a4c-c-coupe-fil-kit-en-cadeau","title":{"rendered":"New Jack A4C-C (coupe fil) + kit en cadeau"},"content":{"rendered":"<h2>Kit accessoires offerts<\/h2>\n<p><img data-recalc-dims=\"1\" fetchpriority=\"high\" decoding=\"async\" class=\"\" src=\"https:\/\/i0.wp.com\/www.fuse.it\/800\/59395500\/1766156900433\/4ACC-NTB-LINEARE-DIGITALE-CON-AI-KIT-PROMO-SOLO-TESTA.png?resize=351%2C197&#038;ssl=1\" width=\"351\" height=\"197\" \/><\/p>\n<h2><\/h2>\n<h2><span dir=\"auto\">DESCRIPTION<\/span><\/h2>\n<p><span dir=\"auto\">Jack A4C. Machine \u00e0 coudre industrielle \u00e0 plat, point nou\u00e9 num\u00e9rique, \u00e0 une aiguille. Coupe-fil automatique, barre d&rsquo;arr\u00eat et relevage du pied-de-biche command\u00e9s par le panneau de commande. Relevage du pied-de-biche \u00e0 13 niveaux. R\u00e9glage num\u00e9rique de la longueur de point et points d\u00e9coratifs. Coupe-fil court. Syst\u00e8me d&rsquo;ajustement automatique du mat\u00e9riau AMH1 utilisant une puce IA et un moteur APE. Carter d&rsquo;huile ouvert. Nouveau syst\u00e8me NTB (anti-rupture de fil) bas\u00e9 sur un chemin de fil sans friction, r\u00e9duisant la tension de la machine de 30 % et le taux de rupture de fil de 80 %.<\/span><\/p>\n<h2><span dir=\"auto\">CARACT\u00c9RISTIQUES<\/span><\/h2>\n<ul>\n<li><span dir=\"auto\">\u00a0\u00a0\u00a0\u00a0\u00a0 Coupe-fils automatique<\/span><\/li>\n<li><span dir=\"auto\">\u00a0\u00a0\u00a0\u00a0\u00a0 Bartack num\u00e9rique automatique<\/span><\/li>\n<li><span dir=\"auto\">\u00a0\u00a0\u00a0\u00a0\u00a0 Levage automatique du pied-de-biche \u00e0 13 niveaux<\/span><\/li>\n<li><span dir=\"auto\">\u00a0\u00a0\u00a0\u00a0\u00a0 longueur de point num\u00e9rique<\/span><\/li>\n<li><span dir=\"auto\">\u00a0\u00a0\u00a0\u00a0\u00a0 points d\u00e9coratifs<\/span><\/li>\n<li><span dir=\"auto\">\u00a0\u00a0\u00a0\u00a0\u00a0 Syst\u00e8me adaptatif de tissu AMH1<\/span><\/li>\n<li><span dir=\"auto\">\u00a0\u00a0\u00a0\u00a0\u00a0 puce d&rsquo;intelligence artificielle IA<\/span><\/li>\n<li><span dir=\"auto\">\u00a0\u00a0\u00a0\u00a0\u00a0 Moteur APE<\/span><\/li>\n<li><span dir=\"auto\">\u00a0\u00a0\u00a0\u00a0\u00a0 Syst\u00e8me NTB<\/span><\/li>\n<li><span dir=\"auto\">\u00a0\u00a0\u00a0\u00a0\u00a0 frottement nul<\/span><\/li>\n<li><span dir=\"auto\">\u00a0\u00a0\u00a0\u00a0\u00a0 Bouton \u00e0 couture<\/span><\/li>\n<li><span dir=\"auto\">\u00a0\u00a0\u00a0\u00a0\u00a0 Bouton demi-couture<\/span><\/li>\n<li><span dir=\"auto\">\u00a0\u00a0\u00a0\u00a0\u00a0 Bouton Inverser<\/span><\/li>\n<li><span dir=\"auto\">\u00a0\u00a0\u00a0\u00a0\u00a0 Carter d&rsquo;huile ouvert<\/span><\/li>\n<li><span dir=\"auto\">\u00a0\u00a0\u00a0\u00a0\u00a0 ouvre-disques \u00e9lectriques \u00e0 tension<\/span><\/li>\n<li><span dir=\"auto\">\u00a0\u00a0\u00a0\u00a0\u00a0 Remplace A4-A4S-A4M-A4E-A4F-A4A-A4B<\/span><\/li>\n<\/ul>\n<h2><span dir=\"auto\">SP\u00c9CIFICATIONS<\/span><\/h2>\n<table width=\"712\">\n<tbody>\n<tr>\n<td width=\"84\"><strong><span dir=\"auto\">Mod\u00e8le<\/span><\/strong><\/td>\n<td width=\"101\"><strong><span dir=\"auto\">Destination<\/span><\/strong><\/td>\n<td width=\"139\"><strong><span dir=\"auto\">longueur de point<\/span><\/strong><\/td>\n<td width=\"126\"><strong><span dir=\"auto\">Poids<\/span><\/strong><\/td>\n<td width=\"99\"><strong><span dir=\"auto\">Vitesse maximale<\/span><\/strong><\/td>\n<td width=\"163\"><strong><span dir=\"auto\">Hauteur du l\u00e8ve-pied<\/span><\/strong><\/td>\n<\/tr>\n<tr>\n<td width=\"84\"><span dir=\"auto\">A4C-C<\/span><\/td>\n<td width=\"101\"><span dir=\"auto\">L\u00e9ger\/Moyen<\/span><\/td>\n<td width=\"139\"><span dir=\"auto\">5 mm<\/span><\/td>\n<td width=\"126\"><span dir=\"auto\">36-42 kg<\/span><\/td>\n<td width=\"99\"><span dir=\"auto\">5\u00a0000 tr\/min<\/span><\/td>\n<td width=\"163\"><span dir=\"auto\">5-13 mm<\/span><\/td>\n<\/tr>\n<tr>\n<td width=\"84\"><span dir=\"auto\">A4C-C-7<\/span><\/td>\n<td width=\"101\"><span dir=\"auto\">L\u00e9ger\/Moyen<\/span><\/td>\n<td width=\"139\"><span dir=\"auto\">7 mm<\/span><\/td>\n<td width=\"126\"><span dir=\"auto\">36-42 kg<\/span><\/td>\n<td width=\"99\"><span dir=\"auto\">3\u00a0500 tr\/min<\/span><\/td>\n<td width=\"163\"><span dir=\"auto\">5-13 mm<\/span><\/td>\n<\/tr>\n<tr>\n<td width=\"84\"><span dir=\"auto\">A4C-CH-7<\/span><\/td>\n<td width=\"101\"><span dir=\"auto\">Lourd<\/span><\/td>\n<td width=\"139\"><span dir=\"auto\">7 mm<\/span><\/td>\n<td width=\"126\"><span dir=\"auto\">36-42 kg<\/span><\/td>\n<td width=\"99\"><span dir=\"auto\">3\u00a0500 tr\/min<\/span><\/td>\n<td width=\"163\"><span dir=\"auto\">5-13 mm<\/span><\/td>\n<\/tr>\n<tr>\n<td width=\"84\"><span dir=\"auto\">A4C-CHL-7<\/span><\/td>\n<td width=\"101\"><span dir=\"auto\">Gros Crochet<\/span><\/td>\n<td width=\"139\"><span dir=\"auto\">7 mm<\/span><\/td>\n<td width=\"126\"><span dir=\"auto\">36-42 kg<\/span><\/td>\n<td width=\"99\"><span dir=\"auto\">3\u00a0500 tr\/min<\/span><\/td>\n<td width=\"163\"><span dir=\"auto\">5-13 mm<\/span><\/td>\n<\/tr>\n<\/tbody>\n<\/table>\n<p>&nbsp;<\/p>\n","protected":false},"excerpt":{"rendered":"<p>Jack A4-C<\/p>\n<p>Bati renforc\u00e9 et tablette europ\u00e9ene<\/p>\n<p>livraison offerte sur Bruxelles et p\u00e9riph\u00e9rie<\/p>\n<p>&nbsp;<\/p>\n","protected":false},"featured_media":10596,"comment_status":"open","ping_status":"closed","template":"","meta":{"om_disable_all_campaigns":false,"_monsterinsights_skip_tracking":false,"_monsterinsights_sitenote_active":false,"_monsterinsights_sitenote_note":"","_monsterinsights_sitenote_category":0,"_uf_show_specific_survey":0,"_uf_disable_surveys":false},"product_brand":[],"product_cat":[67],"product_tag":[],"giftcard-category":[],"class_list":{"0":"post-10595","1":"product","2":"type-product","3":"status-publish","4":"has-post-thumbnail","6":"product_cat-piqueuse-industrielle","8":"first","9":"instock","10":"shipping-taxable","11":"purchasable","12":"product-type-simple"},"aioseo_notices":[],"jetpack_sharing_enabled":true,"_links":{"self":[{"href":"https:\/\/berninabrussels.be\/index.php?rest_route=\/wp\/v2\/product\/10595","targetHints":{"allow":["GET"]}}],"collection":[{"href":"https:\/\/berninabrussels.be\/index.php?rest_route=\/wp\/v2\/product"}],"about":[{"href":"https:\/\/berninabrussels.be\/index.php?rest_route=\/wp\/v2\/types\/product"}],"replies":[{"embeddable":true,"href":"https:\/\/berninabrussels.be\/index.php?rest_route=%2Fwp%2Fv2%2Fcomments&post=10595"}],"wp:featuredmedia":[{"embeddable":true,"href":"https:\/\/berninabrussels.be\/index.php?rest_route=\/wp\/v2\/media\/10596"}],"wp:attachment":[{"href":"https:\/\/berninabrussels.be\/index.php?rest_route=%2Fwp%2Fv2%2Fmedia&parent=10595"}],"wp:term":[{"taxonomy":"product_brand","embeddable":true,"href":"https:\/\/berninabrussels.be\/index.php?rest_route=%2Fwp%2Fv2%2Fproduct_brand&post=10595"},{"taxonomy":"product_cat","embeddable":true,"href":"https:\/\/berninabrussels.be\/index.php?rest_route=%2Fwp%2Fv2%2Fproduct_cat&post=10595"},{"taxonomy":"product_tag","embeddable":true,"href":"https:\/\/berninabrussels.be\/index.php?rest_route=%2Fwp%2Fv2%2Fproduct_tag&post=10595"},{"taxonomy":"giftcard-category","embeddable":true,"href":"https:\/\/berninabrussels.be\/index.php?rest_route=%2Fwp%2Fv2%2Fgiftcard-category&post=10595"}],"curies":[{"name":"wp","href":"https:\/\/api.w.org\/{rel}","templated":true}]}}