{"id":10566,"date":"2025-12-18T17:06:40","date_gmt":"2025-12-18T16:06:40","guid":{"rendered":"https:\/\/berninabrussels.be\/?post_type=product&#038;p=10566"},"modified":"2025-12-18T17:06:40","modified_gmt":"2025-12-18T16:06:40","slug":"centrale-vapeur-comel-compacta-2l","status":"publish","type":"product","link":"https:\/\/berninabrussels.be\/?product=centrale-vapeur-comel-compacta-2l","title":{"rendered":"CENTRALE VAPEUR COMEL COMPACTA 2L"},"content":{"rendered":"<p>Capacit\u00e9 utile 1,4L<\/p>\n<p>Capacit\u00e9 chaudi\u00e8re 2L<\/p>\n<p>puissance:<\/p>\n<p>fer 850w<\/p>\n<p>resistance chaudi\u00e8re : 1000w<\/p>\n<p>Poid 10.5 kg<\/p>\n<p>Equipement :<\/p>\n<p>fer professionnel 850w<\/p>\n<p>chaudi\u00e8re de 1000w<\/p>\n<p>t\u00e9moin rouge\u00a0 manque d&rsquo;eau<\/p>\n<p>t\u00e9moin vert\u00a0 vapeur \u00e0 bonne temp\u00e9rature<\/p>\n<p>bouchon de remplissage ( \u00e9quip\u00e9 de la soupape de s\u00e9curit\u00e9)<\/p>\n","protected":false},"excerpt":{"rendered":"<p>R\u00e9sistance :850 W<br \/>\nPression d&rsquo;exercice :2,5 bar<br \/>\nR\u00e9glage du d\u00e9bit de vapeur<br \/>\nCuve INOX capacit\u00e9 totale :2 litres<br \/>\nTension :220 V<br \/>\nThermostat et bouchon de s\u00e9curit\u00e9<br \/>\nVoyant d&rsquo;alerte de manque d&rsquo;eau<br \/>\nFer PICCOLO :850 W<br \/>\nCapacit\u00e9 utile :1,5 litre<br \/>\nAutonomie:environ 2h30<\/p>\n","protected":false},"featured_media":10567,"comment_status":"open","ping_status":"closed","template":"","meta":{"om_disable_all_campaigns":false,"_monsterinsights_skip_tracking":false,"_monsterinsights_sitenote_active":false,"_monsterinsights_sitenote_note":"","_monsterinsights_sitenote_category":0,"_uf_show_specific_survey":0,"_uf_disable_surveys":false},"product_brand":[],"product_cat":[239],"product_tag":[],"giftcard-category":[],"class_list":{"0":"post-10566","1":"product","2":"type-product","3":"status-publish","4":"has-post-thumbnail","6":"product_cat-chaudieres","8":"first","9":"instock","10":"sale","11":"shipping-taxable","12":"purchasable","13":"product-type-simple"},"aioseo_notices":[],"jetpack_sharing_enabled":true,"_links":{"self":[{"href":"https:\/\/berninabrussels.be\/index.php?rest_route=\/wp\/v2\/product\/10566","targetHints":{"allow":["GET"]}}],"collection":[{"href":"https:\/\/berninabrussels.be\/index.php?rest_route=\/wp\/v2\/product"}],"about":[{"href":"https:\/\/berninabrussels.be\/index.php?rest_route=\/wp\/v2\/types\/product"}],"replies":[{"embeddable":true,"href":"https:\/\/berninabrussels.be\/index.php?rest_route=%2Fwp%2Fv2%2Fcomments&post=10566"}],"wp:featuredmedia":[{"embeddable":true,"href":"https:\/\/berninabrussels.be\/index.php?rest_route=\/wp\/v2\/media\/10567"}],"wp:attachment":[{"href":"https:\/\/berninabrussels.be\/index.php?rest_route=%2Fwp%2Fv2%2Fmedia&parent=10566"}],"wp:term":[{"taxonomy":"product_brand","embeddable":true,"href":"https:\/\/berninabrussels.be\/index.php?rest_route=%2Fwp%2Fv2%2Fproduct_brand&post=10566"},{"taxonomy":"product_cat","embeddable":true,"href":"https:\/\/berninabrussels.be\/index.php?rest_route=%2Fwp%2Fv2%2Fproduct_cat&post=10566"},{"taxonomy":"product_tag","embeddable":true,"href":"https:\/\/berninabrussels.be\/index.php?rest_route=%2Fwp%2Fv2%2Fproduct_tag&post=10566"},{"taxonomy":"giftcard-category","embeddable":true,"href":"https:\/\/berninabrussels.be\/index.php?rest_route=%2Fwp%2Fv2%2Fgiftcard-category&post=10566"}],"curies":[{"name":"wp","href":"https:\/\/api.w.org\/{rel}","templated":true}]}}