{"id":10563,"date":"2025-12-17T18:30:53","date_gmt":"2025-12-17T17:30:53","guid":{"rendered":"https:\/\/berninabrussels.be\/?post_type=product&#038;p=10563"},"modified":"2025-12-17T18:30:54","modified_gmt":"2025-12-17T17:30:54","slug":"presse-thermique-comel-pl-t-900","status":"publish","type":"product","link":"https:\/\/berninabrussels.be\/?product=presse-thermique-comel-pl-t-900","title":{"rendered":"Presse thermique Comel PL\/T 900"},"content":{"rendered":"<h2 data-start=\"44\" data-end=\"60\">DESCRIPTION<\/h2>\n<p data-start=\"61\" data-end=\"432\">La presse <strong data-start=\"71\" data-end=\"79\">PL\/T<\/strong>, dot\u00e9e d\u2019une structure en acier, est robuste, s\u00fbre, fiable et facile \u00e0 utiliser. Le contr\u00f4le manuel permet de r\u00e9gler la pression du plateau sup\u00e9rieur ainsi que le temps de pressage, tandis que la temp\u00e9rature du plateau chauffant est r\u00e9gl\u00e9e via le panneau de commande sup\u00e9rieur. La surface de travail est disponible en <strong data-start=\"398\" data-end=\"431\">quatre dimensions diff\u00e9rentes<\/strong>.<\/p>\n<hr data-start=\"434\" data-end=\"437\" \/>\n<h2 data-start=\"439\" data-end=\"460\">CARACT\u00c9RISTIQUES<\/h2>\n<ul data-start=\"461\" data-end=\"559\">\n<li data-start=\"461\" data-end=\"482\">\n<p data-start=\"463\" data-end=\"482\">Commande manuelle<\/p>\n<\/li>\n<li data-start=\"483\" data-end=\"512\">\n<p data-start=\"485\" data-end=\"512\">Fabrication <strong data-start=\"497\" data-end=\"510\">italienne<\/strong><\/p>\n<\/li>\n<li data-start=\"513\" data-end=\"559\">\n<p data-start=\"515\" data-end=\"559\">Disponible en <strong data-start=\"529\" data-end=\"545\">4 dimensions<\/strong> diff\u00e9rentes<\/p>\n<\/li>\n<\/ul>\n<hr data-start=\"561\" data-end=\"564\" \/>\n<h2 data-start=\"566\" data-end=\"596\">SP\u00c9CIFICATIONS TECHNIQUES<\/h2>\n<div class=\"TyagGW_tableContainer\">\n<div class=\"group TyagGW_tableWrapper flex w-fit flex-col-reverse\" tabindex=\"-1\">\n<table class=\"w-fit min-w-(--thread-content-width)\" data-start=\"598\" data-end=\"1335\">\n<thead data-start=\"598\" data-end=\"718\">\n<tr data-start=\"598\" data-end=\"718\">\n<th data-start=\"598\" data-end=\"612\" data-col-size=\"sm\">Mod\u00e8le<\/th>\n<th data-start=\"612\" data-end=\"627\" data-col-size=\"sm\">Alimentation<\/th>\n<th data-start=\"627\" data-end=\"648\" data-col-size=\"sm\">Surface de travail<\/th>\n<th data-start=\"648\" data-end=\"660\" data-col-size=\"sm\">Puissance<\/th>\n<th data-start=\"660\" data-end=\"682\" data-col-size=\"sm\">Temp\u00e9rature \/ Temps<\/th>\n<th data-start=\"682\" data-end=\"718\" data-col-size=\"sm\">Poids net \/ Dimensions emballage<\/th>\n<\/tr>\n<\/thead>\n<tbody data-start=\"840\" data-end=\"1335\">\n<tr data-start=\"840\" data-end=\"963\">\n<td data-start=\"840\" data-end=\"858\" data-col-size=\"sm\"><strong data-start=\"842\" data-end=\"857\">PL\/T 1250 D<\/strong><\/td>\n<td data-start=\"858\" data-end=\"872\" data-col-size=\"sm\">220 \/ 380 V<\/td>\n<td data-start=\"872\" data-end=\"893\" data-col-size=\"sm\">125 \u00d7 50 cm<\/td>\n<td data-start=\"893\" data-end=\"905\" data-col-size=\"sm\">4 250 W<\/td>\n<td data-start=\"905\" data-end=\"927\" data-col-size=\"sm\">0\u2013230 \u00b0C \/ 0\u201390 sec<\/td>\n<td data-start=\"927\" data-end=\"963\" data-col-size=\"sm\">106 kg \/ 135 \u00d7 100 \u00d7 62 cm<\/td>\n<\/tr>\n<tr data-start=\"964\" data-end=\"1087\">\n<td data-start=\"964\" data-end=\"982\" data-col-size=\"sm\"><strong data-start=\"966\" data-end=\"981\">PL\/T 1000 D<\/strong><\/td>\n<td data-start=\"982\" data-end=\"996\" data-col-size=\"sm\">220 \/ 380 V<\/td>\n<td data-start=\"996\" data-end=\"1017\" data-col-size=\"sm\">110 \u00d7 40 cm<\/td>\n<td data-start=\"1017\" data-end=\"1029\" data-col-size=\"sm\">2 600 W<\/td>\n<td data-start=\"1029\" data-end=\"1051\" data-col-size=\"sm\">0\u2013230 \u00b0C \/ 0\u201390 sec<\/td>\n<td data-start=\"1051\" data-end=\"1087\" data-col-size=\"sm\">96 kg \/ 120 \u00d7 100 \u00d7 62 cm<\/td>\n<\/tr>\n<tr data-start=\"1088\" data-end=\"1211\">\n<td data-start=\"1088\" data-end=\"1106\" data-col-size=\"sm\"><strong data-start=\"1090\" data-end=\"1104\">PL\/T 900 D<\/strong><\/td>\n<td data-start=\"1106\" data-end=\"1120\" data-col-size=\"sm\">220 \/ 380 V<\/td>\n<td data-start=\"1120\" data-end=\"1141\" data-col-size=\"sm\">90 \u00d7 40 cm<\/td>\n<td data-start=\"1141\" data-end=\"1153\" data-col-size=\"sm\">2 250 W<\/td>\n<td data-start=\"1153\" data-end=\"1175\" data-col-size=\"sm\">0\u2013230 \u00b0C \/ 0\u201390 sec<\/td>\n<td data-start=\"1175\" data-end=\"1211\" data-col-size=\"sm\">79 kg \/ 100 \u00d7 100 \u00d7 64 cm<\/td>\n<\/tr>\n<tr data-start=\"1212\" data-end=\"1335\">\n<td data-start=\"1212\" data-end=\"1230\" data-col-size=\"sm\"><strong data-start=\"1214\" data-end=\"1228\">PL\/T 500 D<\/strong><\/td>\n<td data-start=\"1230\" data-end=\"1244\" data-col-size=\"sm\">220 \/ 380 V<\/td>\n<td data-start=\"1244\" data-end=\"1265\" data-col-size=\"sm\">50 \u00d7 40 cm<\/td>\n<td data-start=\"1265\" data-end=\"1277\" data-col-size=\"sm\">1 750 W<\/td>\n<td data-start=\"1277\" data-end=\"1299\" data-col-size=\"sm\">0\u2013230 \u00b0C \/ 0\u201390 sec<\/td>\n<td data-start=\"1299\" data-end=\"1335\" data-col-size=\"sm\">69 kg \/ 100 \u00d7 60 \u00d7 67 cm<\/td>\n<\/tr>\n<\/tbody>\n<\/table>\n<\/div>\n<\/div>\n","protected":false},"excerpt":{"rendered":"<p><strong data-start=\"99\" data-end=\"124\">Presse thermique PL\/T<\/strong><br data-start=\"124\" data-end=\"127\" \/>Presse \u00e0 transfert thermique professionnelle \u00e0 structure en acier, robuste et fiable, fabriqu\u00e9e en Italie. R\u00e9glage manuel pr\u00e9cis de la pression, du temps et de la temp\u00e9rature jusqu\u2019\u00e0 <strong data-start=\"310\" data-end=\"320\" data-is-only-node=\"\">230 \u00b0C<\/strong>. Disponible en <strong data-start=\"336\" data-end=\"352\">4 dimensions<\/strong>, elle est id\u00e9ale pour le flocage, la sublimation et les travaux textiles intensifs en atelier ou en production.<\/p>\n","protected":false},"featured_media":10564,"comment_status":"open","ping_status":"closed","template":"","meta":{"om_disable_all_campaigns":false,"_monsterinsights_skip_tracking":false,"_monsterinsights_sitenote_active":false,"_monsterinsights_sitenote_note":"","_monsterinsights_sitenote_category":0,"_uf_show_specific_survey":0,"_uf_disable_surveys":false},"product_brand":[],"product_cat":[266],"product_tag":[],"giftcard-category":[],"class_list":{"0":"post-10563","1":"product","2":"type-product","3":"status-publish","4":"has-post-thumbnail","6":"product_cat-presse","8":"first","9":"instock","10":"shipping-taxable","11":"product-type-simple"},"aioseo_notices":[],"jetpack_sharing_enabled":true,"_links":{"self":[{"href":"https:\/\/berninabrussels.be\/index.php?rest_route=\/wp\/v2\/product\/10563","targetHints":{"allow":["GET"]}}],"collection":[{"href":"https:\/\/berninabrussels.be\/index.php?rest_route=\/wp\/v2\/product"}],"about":[{"href":"https:\/\/berninabrussels.be\/index.php?rest_route=\/wp\/v2\/types\/product"}],"replies":[{"embeddable":true,"href":"https:\/\/berninabrussels.be\/index.php?rest_route=%2Fwp%2Fv2%2Fcomments&post=10563"}],"wp:featuredmedia":[{"embeddable":true,"href":"https:\/\/berninabrussels.be\/index.php?rest_route=\/wp\/v2\/media\/10564"}],"wp:attachment":[{"href":"https:\/\/berninabrussels.be\/index.php?rest_route=%2Fwp%2Fv2%2Fmedia&parent=10563"}],"wp:term":[{"taxonomy":"product_brand","embeddable":true,"href":"https:\/\/berninabrussels.be\/index.php?rest_route=%2Fwp%2Fv2%2Fproduct_brand&post=10563"},{"taxonomy":"product_cat","embeddable":true,"href":"https:\/\/berninabrussels.be\/index.php?rest_route=%2Fwp%2Fv2%2Fproduct_cat&post=10563"},{"taxonomy":"product_tag","embeddable":true,"href":"https:\/\/berninabrussels.be\/index.php?rest_route=%2Fwp%2Fv2%2Fproduct_tag&post=10563"},{"taxonomy":"giftcard-category","embeddable":true,"href":"https:\/\/berninabrussels.be\/index.php?rest_route=%2Fwp%2Fv2%2Fgiftcard-category&post=10563"}],"curies":[{"name":"wp","href":"https:\/\/api.w.org\/{rel}","templated":true}]}}