{"id":1001,"date":"2023-05-09T10:53:55","date_gmt":"2023-05-09T08:53:55","guid":{"rendered":"https:\/\/berninabrussels.be\/?post_type=product&#038;p=1001"},"modified":"2023-05-09T10:56:28","modified_gmt":"2023-05-09T08:56:28","slug":"pied-pour-regle-ruler-reglable-bernette-b05","status":"publish","type":"product","link":"https:\/\/berninabrussels.be\/?product=pied-pour-regle-ruler-reglable-bernette-b05","title":{"rendered":"Pied pour r\u00e8gle, ruler r\u00e9glable Bernette b05"},"content":{"rendered":"<h3>Kit pied ruler r\u00e9glable et porte-aiguille BERNETTE<\/h3>\n<p>On coud avec ce pied Ruler r\u00e9glable en hauteur le long d&rsquo;un gabarit en plexiglas pour obtenir des motifs quilts d\u00e9coratifs comme des lignes, des plumes ou des cercles. La bague de r\u00e9glage permet d&rsquo;ajuster individuellement la hauteur du pied \u00e0 l&rsquo;\u00e9paisseur du tissu afin de favoriser un avancement fluide.<\/p>\n<p>&nbsp;<\/p>\n","protected":false},"excerpt":{"rendered":"<p>Kit pied ruler r\u00e9glable et porte-aiguille BERNETTE On coud avec ce pied Ruler r\u00e9glable en hauteur le long d&rsquo;un gabarit en plexiglas pour obtenir des motifs quilts d\u00e9coratifs comme des lignes, des plumes ou des cercles. La bague de r\u00e9glage permet d&rsquo;ajuster individuellement la hauteur du pied \u00e0 l&rsquo;\u00e9paisseur du tissu afin de favoriser un&hellip;<\/p>\n","protected":false},"featured_media":1002,"comment_status":"open","ping_status":"closed","template":"","meta":{"om_disable_all_campaigns":false,"_monsterinsights_skip_tracking":false,"_monsterinsights_sitenote_active":false,"_monsterinsights_sitenote_note":"","_monsterinsights_sitenote_category":0,"_uf_show_specific_survey":0,"_uf_disable_surveys":false},"product_brand":[],"product_cat":[42,44,240,192],"product_tag":[124],"giftcard-category":[],"class_list":{"0":"post-1001","1":"product","2":"type-product","3":"status-publish","4":"has-post-thumbnail","6":"product_cat-accesoires","7":"product_cat-machine-a-coudre","8":"product_cat-pieds-presseurs","9":"product_cat-autres","10":"product_tag-bernette","12":"first","13":"instock","14":"shipping-taxable","15":"purchasable","16":"product-type-simple"},"aioseo_notices":[],"jetpack_sharing_enabled":true,"_links":{"self":[{"href":"https:\/\/berninabrussels.be\/index.php?rest_route=\/wp\/v2\/product\/1001","targetHints":{"allow":["GET"]}}],"collection":[{"href":"https:\/\/berninabrussels.be\/index.php?rest_route=\/wp\/v2\/product"}],"about":[{"href":"https:\/\/berninabrussels.be\/index.php?rest_route=\/wp\/v2\/types\/product"}],"replies":[{"embeddable":true,"href":"https:\/\/berninabrussels.be\/index.php?rest_route=%2Fwp%2Fv2%2Fcomments&post=1001"}],"wp:featuredmedia":[{"embeddable":true,"href":"https:\/\/berninabrussels.be\/index.php?rest_route=\/wp\/v2\/media\/1002"}],"wp:attachment":[{"href":"https:\/\/berninabrussels.be\/index.php?rest_route=%2Fwp%2Fv2%2Fmedia&parent=1001"}],"wp:term":[{"taxonomy":"product_brand","embeddable":true,"href":"https:\/\/berninabrussels.be\/index.php?rest_route=%2Fwp%2Fv2%2Fproduct_brand&post=1001"},{"taxonomy":"product_cat","embeddable":true,"href":"https:\/\/berninabrussels.be\/index.php?rest_route=%2Fwp%2Fv2%2Fproduct_cat&post=1001"},{"taxonomy":"product_tag","embeddable":true,"href":"https:\/\/berninabrussels.be\/index.php?rest_route=%2Fwp%2Fv2%2Fproduct_tag&post=1001"},{"taxonomy":"giftcard-category","embeddable":true,"href":"https:\/\/berninabrussels.be\/index.php?rest_route=%2Fwp%2Fv2%2Fgiftcard-category&post=1001"}],"curies":[{"name":"wp","href":"https:\/\/api.w.org\/{rel}","templated":true}]}}