{"id":196,"date":"2023-05-05T18:16:56","date_gmt":"2023-05-05T16:16:56","guid":{"rendered":"https:\/\/berninabrussels.be\/?page_id=196"},"modified":"2024-01-24T23:30:03","modified_gmt":"2024-01-24T22:30:03","slug":"conseil-achat","status":"publish","type":"page","link":"https:\/\/berninabrussels.be\/?page_id=196","title":{"rendered":"Conseil achat"},"content":{"rendered":"\t\t<div data-elementor-type=\"wp-page\" data-elementor-id=\"196\" class=\"elementor elementor-196\">\n\t\t\t\t\t\t<section class=\"elementor-section elementor-top-section elementor-element elementor-element-3b97ef6 elementor-section-boxed elementor-section-height-default elementor-section-height-default\" data-id=\"3b97ef6\" data-element_type=\"section\" data-e-type=\"section\">\n\t\t\t\t\t\t<div class=\"elementor-container elementor-column-gap-default\">\n\t\t\t\t\t<div class=\"elementor-column elementor-col-100 elementor-top-column elementor-element elementor-element-6d1682c\" data-id=\"6d1682c\" data-element_type=\"column\" data-e-type=\"column\">\n\t\t\t<div class=\"elementor-widget-wrap elementor-element-populated\">\n\t\t\t\t\t\t<div class=\"elementor-element elementor-element-5c33fec elementor-widget elementor-widget-text-editor\" data-id=\"5c33fec\" data-element_type=\"widget\" data-e-type=\"widget\" data-widget_type=\"text-editor.default\">\n\t\t\t\t<div class=\"elementor-widget-container\">\n\t\t\t\t\t\t\t\t\t<p><strong>Conseil achat machine \u00e0 coudre<\/strong><\/p>\n<div class=\"td-post-content\">\n<p><strong>Quelle machine choisir afin de parfaire votre d\u00e9coration, personnaliser vos accessoires de mode ou encore raccommoder certains linges de maison? La machine \u00e0 coudre sera votre l\u2019alli\u00e9 id\u00e9al.<\/strong><\/p>\n<p><strong>Plusieurs crit\u00e8res peuvent intervenir dans le choix de votre mat\u00e9riel de couture en plus du budget et de vos connaissances en la mati\u00e8re.&nbsp;<\/strong><\/p>\n<h2 id=\"une-machine-a-coudre-electronique-tendance-ou-classique-mecanique\"><strong>Une machine \u00e0 coudre \u00e9lectronique tendance ou classique m\u00e9canique ?<\/strong><\/h2>\n<p><strong>Le premier point \u00e0 voir est bien \u00e9videmment le type de machine \u00e0 coudre id\u00e9ale selon vos besoins et votre budget. On peut trouver sur le march\u00e9 :<\/strong><\/p>\n<ul>\n<li><strong>Des accessoires \u00e9lectroniques plus tendance et qui proposent des r\u00e9glages plus pouss\u00e9s<\/strong><\/li>\n<li><strong>Et les classiques m\u00e9caniques qui sont assez minutieuses, mais peuvent provoquer \u00e9norm\u00e9ment de bruits.<\/strong><\/li>\n<\/ul>\n<p><strong>La&nbsp;<em>meilleure machine \u00e0 coudre<\/em>&nbsp;est celle qui vous mettra le plus \u00e0 l\u2019aise. Raison pour laquelle d\u2019ailleurs, il est conseill\u00e9 de vous d\u00e9placer, si possible, dans notre boutique \u00e0 Bruxelles afin de tester les diff\u00e9rentes machines directement avant de choisir. Si les \u00e9lectriques sont plus faciles \u00e0 utiliser, notamment pour les d\u00e9butants, elles peuvent toutefois consommer \u00e9norm\u00e9ment d\u2019\u00e9nergies et peuvent avoir des capacit\u00e9s limit\u00e9es. Sans compter que tr\u00e8s tendance, elles peuvent vous co\u00fbter assez cher.<\/strong><\/p>\n<h2 id=\"choisir-en-fonction-de-votre-profil-dutilisateur\"><strong>Choisir en fonction de votre profil d\u2019utilisateur<\/strong><\/h2>\n<p><strong>Pour savoir&nbsp;<em>quelle machine \u00e0 coudre acheter<\/em>, vous devez aussi prendre en compte votre profil utilisateur :<\/strong><\/p>\n<ul>\n<li><strong>Pour ceux qui travaillent avec des tissus l\u00e9gers, la&nbsp;<em>meilleure machine \u00e0 coudre pour d\u00e9butant<\/em>&nbsp;est le mod\u00e8le d\u2019entr\u00e9e de gamme qui coutera une centaine d\u2019euros en moyenne, Veritas Rachel, Laura,..<\/strong><\/li>\n<li><strong>Pour ceux qui apprennent les bases de la couture et qui utilisent leur appareil plus fr\u00e9quemment, le mod\u00e8le \u00e0 500 ou 800 euros est de mise avec des fonctionnalit\u00e9s plus pouss\u00e9es.<\/strong><\/li>\n<li><strong>Pour ceux qui utilisent quotidiennement leur machine et qui proposent \u00e0 la fois des articles de broderies comme les coutures classiques, les appareils professionnels \u00e0 1 000 euros peuvent \u00eatre de mise.<\/strong><\/li>\n<li><strong>Et pour les entreprises, il existe \u00e9galement les machines \u00e0 coudre industrielles beaucoup plus imposantes.<\/strong><\/li>\n<\/ul>\n<h2 id=\"les-caracteristiques-techniques-dune-machine-a-coudre\"><strong>Les caract\u00e9ristiques techniques d\u2019une machine \u00e0 coudre<\/strong><\/h2>\n<h3 id=\"points-de-couture\"><strong>Points de couture<\/strong><\/h3>\n<p><strong>Pour&nbsp;<em>choisir une machine \u00e0 coudre<\/em>, les points de couture sont les bases. Selon le&nbsp;<em>comparatif machine \u00e0 coudre<\/em>, tous les accessoires propos\u00e9s par les grandes marques embarquent au minimum 3 points de couture : droit, zigzag, boutonni\u00e8re. Mais les meilleurs proposent bien davantage de fonctionnalit\u00e9s : points de couture automatique entre 1 et 4 temps, le stretch, le jersey, les ourlets, le surjet, etc. Sans \u00eatre un expert en couture, vous pourriez ainsi soigner le rendu de votre projet.<\/strong><\/p>\n<h3 id=\"pieds-presseurs\"><strong>Pieds presseurs<\/strong><\/h3>\n<p><strong>Les pieds presseurs sont notamment utiles pour la mise en place des fermetures, des boutons ou bien d\u2019autres accessoires de finition. La&nbsp;<em>meilleure machine \u00e0 coudre<\/em>&nbsp;est notamment celle qui propose 4 pieds de presseur diff\u00e9rents pour divers projets : classique, boutonni\u00e8res, fermetures \u00e9clair et pose bouton.<\/strong><\/p>\n<p><strong>Les marques les plus r\u00e9pandues sont notamment plus pratiques. Car, s\u2019il faut un jour changer vos pieds de presseurs, vous n\u2019aurez pas de mal \u00e0 trouver des accessoires compatibles.<\/strong><\/p>\n<p><strong>Nous sommes repr\u00e9sentant officiel des marques, Bernina, Bernette, Elna, Veritas, Gritzner, Juki, Global, Jack<\/strong><\/p>\n<h3 id=\"variateur-de-vitesse\"><strong>Variateur de vitesse<\/strong><\/h3>\n<p><strong>Pour des r\u00e9sultats optimaux, on peut \u00e9galement vous proposer un variateur de vitesse sur les machines \u00e0 coudre, et notamment les meilleurs. Ceci permet d\u2019insister sur certains points et \u00e9l\u00e9ments de votre tissu.<\/strong><\/p>\n<p><strong>Pratique et facile \u00e0 utiliser, dans les produits de grandes marques, le variateur de vitesse est notamment int\u00e9gr\u00e9 dans les p\u00e9dales. Ce qui permet une meilleure prise en main de votre machine.<\/strong><\/p>\n<h3 id=\"les-griffes-dentrainement\"><strong>Les griffes d\u2019entra\u00eenement<\/strong><\/h3>\n<p><strong>Les griffes d\u2019entra\u00eenement s\u2019av\u00e8reront pratiques pour tous vos projets de coutures. Ce sont les accessoires qui aideront vos tissus \u00e0 avancer et qui faciliteront la couture. Le nombre de griffes d\u2019entra\u00eenement varie d\u2019une machine \u00e0 une autre. Plus y en a, mieux ce sera !<\/strong><\/p>\n<h3 id=\"la-puissance-du-moteur\"><strong>La puissance du moteur<\/strong><\/h3>\n<p><strong>Bien \u00e9videmment, passer par un&nbsp;<em>test machine \u00e0 coudre<\/em>&nbsp;est n\u00e9cessaire pour \u00eatre s\u00fbr de faire le bon choix. Les marques proposent plusieurs alternatives en fonction notamment de l\u2019\u00e9paisseur du tissu que vous comptez utiliser. Pour les tissus fins, une machine de moyenne gamme fera amplement l\u2019affaire. Mais pour du jean entre autres ou du cuir, vous devez investir dans une machine \u00e0 coudre ultra puissante.<\/strong><\/p>\n<p><strong>Mais attention, si vous optez pour un appareil \u00e9lectrique, la puissance du moteur peut impacter aussi sur la consommation d\u2019\u00e9nergie de l\u2019appareil. Il faudra prendre ce point en consid\u00e9ration.<\/strong><\/p>\n<h3 id=\"design\"><strong>Design<\/strong><\/h3>\n<p><strong>Enfin, il y a le design. Les grandes marques rivalisent aujourd\u2019hui en ing\u00e9niosit\u00e9 pour proposer des appareils aussi compacts que l\u00e9gers, avec des coupes beaucoup moins strictes que les machines \u00e0 coudre classiques et vintage. Mais le choix du design de votre accessoire est surtout une question de gout.<\/strong><\/p>\n<h2 id=\"conclusion\"><strong>Conclusion<\/strong><\/h2>\n<p><strong>Vous n\u2019avez plus obligatoirement besoin d\u2019\u00eatre un expert en couture pour personnaliser vous-m\u00eame ou raccommoder certains de vos objets et tissus. Les machines \u00e0 coudre modernes, propos\u00e9es par nos soins, peuvent vous aider en ce sens. Peu importe le projet, les coutures \u00e0 faire et les d\u00e9lais impartis, vous pouvez param\u00e9trer vos appareils afin qu\u2019ils puissent r\u00e9pondre \u00e0 toutes vos attentes.&nbsp;<\/strong><\/p>\n<p><strong>Nous vous aiderons avec plaisir dans le bon choix de votre machine.<\/strong><\/p>\n<p><strong>Une machine \u00e0 coudre ne s&rsquo;ach\u00e8te pas tous les jours, il est important de prendre le temps n\u00e9cessaire afinde r\u00e9aliser le meilleur choix. N&rsquo;h\u00e9sitez pas \u00e0 patienter, \u00e9conomisez si besoin, afin d&rsquo;avoir la machine la mieux adapt\u00e9e \u00e0 vos envies et futures r\u00e9alaisation.<\/strong><\/p>\n<p><strong>&nbsp;<\/strong><\/p>\n<p><strong>Et comme disait souvent mon grand p\u00e8re,<\/strong><\/p>\n<\/div>\n<footer>\n<div class=\"td-post-source-tags\">Il n&rsquo;\u00e9tait pas assez riche que pour acheter bon march\u00e9 \ud83d\ude09&nbsp;<\/div>\n<div class=\"td-post-source-tags\">&nbsp;<\/div>\n<div class=\"td-post-source-tags\">A bient\u00f4t en boutique ou par mail olivier.bruynincx@gmail.com n&rsquo;h\u00e9sitez pas,<\/div>\n<div class=\"td-post-source-tags\">&nbsp;<\/div>\n<div class=\"td-post-source-tags\">Olivier Bruynincx&nbsp;<\/div>\n<div class=\"td-post-source-tags\">&nbsp;<\/div>\n<div class=\"td-post-source-tags\">G\u00e9rant Bernina Bruxelles<\/div>\n<\/footer>\t\t\t\t\t\t\t\t<\/div>\n\t\t\t\t<\/div>\n\t\t\t\t\t<\/div>\n\t\t<\/div>\n\t\t\t\t\t<\/div>\n\t\t<\/section>\n\t\t\t\t<\/div>\n\t\t","protected":false},"excerpt":{"rendered":"<p>Conseil achat machine \u00e0 coudre Quelle machine choisir afin de parfaire votre d\u00e9coration, personnaliser vos accessoires de mode ou encore raccommoder certains linges de maison? La machine \u00e0 coudre sera votre l\u2019alli\u00e9 id\u00e9al. Plusieurs crit\u00e8res peuvent intervenir dans le choix de votre mat\u00e9riel de couture en plus du budget et de vos connaissances en la&hellip;<\/p>\n","protected":false},"author":1,"featured_media":0,"parent":0,"menu_order":0,"comment_status":"closed","ping_status":"closed","template":"","meta":{"om_disable_all_campaigns":false,"_monsterinsights_skip_tracking":false,"_monsterinsights_sitenote_active":false,"_monsterinsights_sitenote_note":"","_monsterinsights_sitenote_category":0,"_uf_show_specific_survey":0,"_uf_disable_surveys":false,"footnotes":""},"class_list":["post-196","page","type-page","status-publish","hentry"],"aioseo_notices":[],"jetpack_sharing_enabled":true,"_links":{"self":[{"href":"https:\/\/berninabrussels.be\/index.php?rest_route=\/wp\/v2\/pages\/196","targetHints":{"allow":["GET"]}}],"collection":[{"href":"https:\/\/berninabrussels.be\/index.php?rest_route=\/wp\/v2\/pages"}],"about":[{"href":"https:\/\/berninabrussels.be\/index.php?rest_route=\/wp\/v2\/types\/page"}],"author":[{"embeddable":true,"href":"https:\/\/berninabrussels.be\/index.php?rest_route=\/wp\/v2\/users\/1"}],"replies":[{"embeddable":true,"href":"https:\/\/berninabrussels.be\/index.php?rest_route=%2Fwp%2Fv2%2Fcomments&post=196"}],"version-history":[{"count":7,"href":"https:\/\/berninabrussels.be\/index.php?rest_route=\/wp\/v2\/pages\/196\/revisions"}],"predecessor-version":[{"id":2870,"href":"https:\/\/berninabrussels.be\/index.php?rest_route=\/wp\/v2\/pages\/196\/revisions\/2870"}],"wp:attachment":[{"href":"https:\/\/berninabrussels.be\/index.php?rest_route=%2Fwp%2Fv2%2Fmedia&parent=196"}],"curies":[{"name":"wp","href":"https:\/\/api.w.org\/{rel}","templated":true}]}}