{"id":175,"date":"2023-05-05T18:05:47","date_gmt":"2023-05-05T16:05:47","guid":{"rendered":"https:\/\/berninabrussels.be\/?page_id=175"},"modified":"2025-12-22T17:28:37","modified_gmt":"2025-12-22T16:28:37","slug":"deposer-ma-machine","status":"publish","type":"page","link":"https:\/\/berninabrussels.be\/?page_id=175","title":{"rendered":"R\u00e9paration Machine"},"content":{"rendered":"<section id=\"depots-services\">\n<h2 style=\"margin: 0 0 12px;\">D\u00e9p\u00f4ts &amp; services \u2014 entretien et r\u00e9paration<\/h2>\n<p style=\"color: #475569; margin: 6px 0;\">Afin d\u2019\u00e9viter de longs trajets, nous mettons \u00e0 votre disposition plusieurs <b>points de d\u00e9p\u00f4t<\/b> (toutes marques),<br \/>\nainsi que des solutions d\u2019<b>enl\u00e8vement<\/b> \u00e0 domicile.<\/p>\n<p><!-- Bruxelles Ixelles --><\/p>\n<h3 style=\"margin: 8px 0;\">Bruxelles \u2014 Atelier principal (Ixelles)<\/h3>\n<p style=\"margin: 6px 0;\">Ouvert<\/p>\n<p style=\"margin: 6px 0;\"><b>Entretien &amp; r\u00e9paration<\/b> de machines \u00e0 coudre et fers \u00e0 repasser <i>toutes marques<\/i> : Bernina, Brother, Elna, Pfaff, Singer, Lewenstein, Husqvarna, Domena, Sirocco, \u2026<\/p>\n<p style=\"margin: 6px 0;\"><b>SAV exclusif Belgique<\/b> : presses \u00e0 repasser. <b>Aiguisage<\/b> : ciseaux, couteaux de surjeteuse et de cuisine.<\/p>\n<p style=\"margin: 6px 0; color: #475569;\">Adresse : <b>Chauss\u00e9e d\u2019Ixelles 143, 1050 Bruxelles<\/b><\/p>\n<p style=\"margin: 6px 0;\"><a href=\"https:\/\/maps.google.com\/?q=Chauss%C3%A9e%20d%27Ixelles%20143%2C%201050%20Bruxelles\" target=\"_blank\" rel=\"noopener\">\ud83d\udccd Ouvrir dans Google Maps<\/a> \u00a0|<br \/>\n<a href=\"tel:+3225119259\">\u260e\ufe0f 02 511 92 59<\/a><\/p>\n<p><!-- Sterrebeek --><\/p>\n<h3 style=\"margin: 8px 0;\">Sterrebeek \u2014 sur rendez-vous<\/h3>\n<p style=\"margin: 6px 0;\">Sur RDV<br \/>\nLun\u2192Sam, 14:00\u201318:00<\/p>\n<p style=\"margin: 6px 0; color: #475569;\">Adresse : <b>Tramlaan 133, 1933 Sterrebeek<\/b><\/p>\n<p style=\"margin: 6px 0;\"><b>Parking :<\/b> 3 places juste en face \u2014 id\u00e9al pour les machines lourdes.<\/p>\n<p style=\"margin: 6px 0;\"><a href=\"https:\/\/maps.google.com\/?q=Tramlaan%20133%2C%201933%20Sterrebeek\" target=\"_blank\" rel=\"noopener\">\ud83d\udccd Ouvrir dans Google Maps<\/a> \u00a0|<br \/>\n<a href=\"mailto:olivier.bruynincx@gmail.com\">\ud83d\udce7 Contact<\/a><\/p>\n<p><!-- Woluwe --><\/p>\n<h3 style=\"margin: 8px 0;\">Woluwe-Saint-Lambert (Bruxelles Est)<\/h3>\n<p style=\"margin: 6px 0;\">D\u00e9p\u00f4t sur RDV<\/p>\n<p style=\"margin: 6px 0;\">Pour un <b>parking plus ais\u00e9<\/b> c\u00f4t\u00e9 Bruxelles Est, organise un d\u00e9p\u00f4t\/reprise <b>sur rendez-vous<\/b> (SMS uniquement).<\/p>\n<p style=\"margin: 6px 0;\">Contact : <b>Olivier Bruynincx<\/b> \u2014 <a href=\"tel:+32471426007\">0471 42 60 07<\/a> (SMS)<\/p>\n<p style=\"margin: 6px 0; color: #475569;\">Adresse communiqu\u00e9e lors de la prise de rendez-vous.<\/p>\n<p><!-- Anderlecht suspendu --><\/p>\n<h3 style=\"margin: 8px 0;\">Anderlecht \u2014 Textilia \/ Assabban<\/h3>\n<p style=\"margin: 6px 0;\">Actuellement suspendu<\/p>\n<p style=\"margin: 6px 0; color: #475569;\">Le d\u00e9p\u00f4t est momentan\u00e9ment indisponible \u00e0 Anderlecht.<\/p>\n<p><!-- Charleroi Farciennes --><\/p>\n<h3 style=\"margin: 8px 0;\">Charleroi \u2014 Farciennes (Textilia \/ Assabban)<\/h3>\n<p style=\"margin: 6px 0;\">Sur rendez-vous<br \/>\nToutes marques<\/p>\n<p style=\"margin: 6px 0;\">D\u00e9p\u00f4t <i>entretien \/ r\u00e9paration<\/i> chez notre partenaire <b>Textilia \/ Assabban<\/b>.<\/p>\n<p style=\"margin: 6px 0; color: #475569;\">Adresse et horaire confirm\u00e9s lors de la prise de rendez-vous.<\/p>\n<p><!-- Gembloux Au Fil du Temps --><\/p>\n<h3 style=\"margin: 8px 0;\">Gembloux \u2014 Mercerie <i>Au Fil du Temps<\/i><\/h3>\n<p style=\"margin: 6px 0;\">Nouveau point de d\u00e9p\u00f4t<br \/>\nToutes marques<\/p>\n<p style=\"margin: 6px 0; color: #475569;\">Adresse : <b>Chauss\u00e9e de Charleroi 76, 5030 Gembloux<\/b><\/p>\n<p style=\"margin: 6px 0;\">T\u00e9l. : <a href=\"tel:+32496722170\">0496 72 21 70<\/a> \u2014 E-mail : <a href=\"mailto:martinedecambry@icloud.com\">martinedecambry@icloud.com<\/a><\/p>\n<p style=\"margin: 6px 0;\"><a href=\"https:\/\/maps.google.com\/?q=Chauss%C3%A9e%20de%20Charleroi%2076%2C%205030%20Gembloux\" target=\"_blank\" rel=\"noopener\">\ud83d\udccd Ouvrir dans Google Maps<\/a><\/p>\n<p><!-- Knokke-Heist --><\/p>\n<h3 style=\"margin: 8px 0;\">Knokke-Heist<\/h3>\n<p style=\"margin: 6px 0;\">Sur rendez-vous<\/p>\n<p style=\"margin: 6px 0;\">D\u00e9p\u00f4t sur rendez-vous via <b>G. Bruynincx<\/b> \u2014 <a href=\"tel:+32475237580\">0475 23 75 80<\/a>.<\/p>\n<p style=\"margin: 6px 0; color: #475569;\">Adresse communiqu\u00e9e lors de la prise de rendez-vous.<\/p>\n<p><!-- Enl\u00e8vement \/ r\u00e9paration \u00e0 domicile --><\/p>\n<h3 style=\"margin: 8px 0;\">Enl\u00e8vement \/ r\u00e9paration \u00e0 domicile<\/h3>\n<p style=\"margin: 6px 0;\"><b>Reprise \u00e0 domicile<\/b> : enl\u00e8vement\/retour par <b>Taxi Vert<\/b>. Bruxelles : <b>20 \u20ac A\/R<\/b>. Hors Bruxelles : <b>sur devis<\/b>.<\/p>\n<p style=\"margin: 6px 0;\"><b>R\u00e9paration \u00e0 domicile<\/b> : technicien Bernina Center Brussels <b>sur rendez-vous<\/b>. Estimation possible par t\u00e9l\u00e9phone.<\/p>\n<p style=\"margin: 6px 0;\"><strong data-start=\"3101\" data-end=\"3153\">Conditions r\u00e9parations \u2013 Bernina Center Brussels<\/strong><br data-start=\"3153\" data-end=\"3156\" \/>\u2013 Acompte obligatoire de 20 \u20ac \u00e0 la prise en charge<br data-start=\"3208\" data-end=\"3211\" \/>\u2013 Devis gratuit sur demande<br data-start=\"3228\" data-end=\"3231\" \/>\u2013 D\u00e9lai de reprise maximum : 3 mois<br data-start=\"3268\" data-end=\"3271\" \/>\u2013 Pass\u00e9 ce d\u00e9lai, le mat\u00e9riel est consid\u00e9r\u00e9 comme abandonn\u00e9<br data-start=\"3332\" data-end=\"3335\" \/>\u2013 Garantie de 3 mois sur les travaux effectu\u00e9s<\/p>\n<p>-Tarif horaire 75 \u20ac tvac + pi\u00e8ces \u00e9ventuelles \u00e0 changer<\/p>\n<\/section>\n","protected":false},"excerpt":{"rendered":"<p>D\u00e9p\u00f4ts &amp; services \u2014 entretien et r\u00e9paration Afin d\u2019\u00e9viter de longs trajets, nous mettons \u00e0 votre disposition plusieurs points de d\u00e9p\u00f4t (toutes marques), ainsi que des solutions d\u2019enl\u00e8vement \u00e0 domicile. Bruxelles \u2014 Atelier principal (Ixelles) Ouvert Entretien &amp; r\u00e9paration de machines \u00e0 coudre et fers \u00e0 repasser toutes marques : Bernina, Brother, Elna, Pfaff, Singer,&hellip;<\/p>\n","protected":false},"author":1,"featured_media":0,"parent":0,"menu_order":0,"comment_status":"closed","ping_status":"closed","template":"","meta":{"om_disable_all_campaigns":false,"_monsterinsights_skip_tracking":false,"_monsterinsights_sitenote_active":false,"_monsterinsights_sitenote_note":"","_monsterinsights_sitenote_category":0,"_uf_show_specific_survey":0,"_uf_disable_surveys":false,"footnotes":""},"class_list":["post-175","page","type-page","status-publish","hentry"],"aioseo_notices":[],"jetpack_sharing_enabled":true,"_links":{"self":[{"href":"https:\/\/berninabrussels.be\/index.php?rest_route=\/wp\/v2\/pages\/175","targetHints":{"allow":["GET"]}}],"collection":[{"href":"https:\/\/berninabrussels.be\/index.php?rest_route=\/wp\/v2\/pages"}],"about":[{"href":"https:\/\/berninabrussels.be\/index.php?rest_route=\/wp\/v2\/types\/page"}],"author":[{"embeddable":true,"href":"https:\/\/berninabrussels.be\/index.php?rest_route=\/wp\/v2\/users\/1"}],"replies":[{"embeddable":true,"href":"https:\/\/berninabrussels.be\/index.php?rest_route=%2Fwp%2Fv2%2Fcomments&post=175"}],"version-history":[{"count":12,"href":"https:\/\/berninabrussels.be\/index.php?rest_route=\/wp\/v2\/pages\/175\/revisions"}],"predecessor-version":[{"id":10577,"href":"https:\/\/berninabrussels.be\/index.php?rest_route=\/wp\/v2\/pages\/175\/revisions\/10577"}],"wp:attachment":[{"href":"https:\/\/berninabrussels.be\/index.php?rest_route=%2Fwp%2Fv2%2Fmedia&parent=175"}],"curies":[{"name":"wp","href":"https:\/\/api.w.org\/{rel}","templated":true}]}}